947
CXUS53 KEAX 011618
CLMIRK

CLIMATE REPORT
NATIONAL WEATHER SERVICE KANSAS CITY/PLEASANT HILL MO
1048 AM CDT FRI MAY 1 2015

...................................

...THE KIRKSVILLE CLIMATE SUMMARY FOR THE MONTH OF APRIL 2015...

CLIMATE NORMAL PERIOD 1981 TO 2010
CLIMATE RECORD PERIOD 9999 TO 9999

WEATHER         OBSERVED          NORMAL  DEPART  LAST YEAR`S
                 VALUE   DATE(S)  VALUE   FROM    VALUE  DATE(S)
                                          NORMAL
................................................................
TEMPERATURE (F)
HIGHEST            80   04/17        82      -2       85  04/12
LOWEST             23   04/04        24      -1       21  04/15
AVG. MAXIMUM     67.4              62.8     4.6     64.1
AVG. MINIMUM     43.3              40.8     2.5     39.0
MEAN             55.3              51.8     3.5     51.5
DAYS MAX >= 90      0               0.0     0.0        0
DAYS MAX <= 32      0               0.1    -0.1        0
DAYS MIN <= 32      3               5.7    -2.7        7
DAYS MIN <= 0       0               0.0     0.0        0

PRECIPITATION (INCHES)
TOTALS           3.71              3.84   -0.13     2.98
DAILY AVG.       0.12              0.13   -0.01     0.10
DAYS >= .01        11              10.8     0.2        9
DAYS >= .10         7               7.1    -0.1        5
DAYS >= .50         4               2.6     1.4        3
DAYS >= 1.00        0               1.0    -1.0        0
GREATEST
 24 HR. TOTAL    1.08   04/18 TO 04/19

DEGREE_DAYS
HEATING TOTAL     282               403    -121      401
 SINCE 7/1       5647              5690     -43     6273
COOLING TOTAL       2                 7      -5        5
 SINCE 1/1          3                 7      -4        5
.................................................................

WIND (MPH)
AVERAGE WIND SPEED              9.6
HIGHEST WIND SPEED/DIRECTION    31/280    DATE  04/13
HIGHEST GUST SPEED/DIRECTION    43/260    DATE  04/09

SKY COVER
POSSIBLE SUNSHINE (PERCENT)   MM
AVERAGE SKY COVER           0.40
NUMBER OF DAYS FAIR           15
NUMBER OF DAYS PC             10
NUMBER OF DAYS CLOUDY          5

AVERAGE RH (PERCENT)     66

WEATHER CONDITIONS. NUMBER OF DAYS WITH
THUNDERSTORM              0     MIXED PRECIP               0
HEAVY RAIN                5     RAIN                       5
LIGHT RAIN               14     FREEZING RAIN              0
LT FREEZING RAIN          0     HAIL                       0
HEAVY SNOW                0     SNOW                       0
LIGHT SNOW                0     SLEET                      0
FOG                       5     FOG W/VIS <= 1/4 MILE      0
HAZE                      1

-  INDICATES NEGATIVE NUMBERS.
R  INDICATES RECORD WAS SET OR TIED.
MM INDICATES DATA IS MISSING.
T  INDICATES TRACE AMOUNT.

$$
