000
CXUS53 KGLD 030804
CLMITR

CLIMATE REPORT
NATIONAL WEATHER SERVICE GOODLAND
155 AM MDT THU NOV 3 2016

...................................

...THE BURLINGTON CLIMATE SUMMARY FOR THE MONTH OF OCTOBER 2016...

CLIMATE NORMAL PERIOD 1981 TO 2010
CLIMATE RECORD PERIOD 1896 TO 2016

WEATHER         OBSERVED          NORMAL  DEPART  LAST YEAR`S
                 VALUE   DATE(S)  VALUE   FROM    VALUE  DATE(S)
                                          NORMAL
................................................................
TEMPERATURE (F)
RECORD
 HIGH              93   10/05/2007
                        10/07/1934
 LOW                8   10/26/1997
                        10/30/1993
HIGHEST            89   10/16        86       3       92  10/11
LOWEST             29   10/07        22       7       26  10/29
AVG. MAXIMUM     76.2              65.5    10.7     70.1
AVG. MINIMUM     41.6              36.3     5.3     42.0
MEAN             58.9              50.9     8.0     56.0
DAYS MAX >= 90      0               0.4    -0.4        1
DAYS MAX <= 32      0               0.6    -0.6        0
DAYS MIN <= 32      3               8.9    -5.9        3
DAYS MIN <= 0       0               0.0     0.0        0

PRECIPITATION (INCHES)
RECORD
 MAXIMUM         4.59   1942
 MINIMUM         0.00   1988
TOTALS           0.03              1.15   -1.12     1.32
DAILY AVG.       0.00              0.04   -0.04     0.04
DAYS >= .01         1                MM      MM        3
DAYS >= .10         0                MM      MM        2
DAYS >= .50         0                MM      MM        2
DAYS >= 1.00        0                MM      MM        0
GREATEST
 24 HR. TOTAL    0.03   10/10 TO 10/11              0.70


.................................................................


-  INDICATES NEGATIVE NUMBERS.
R  INDICATES RECORD WAS SET OR TIED.
MM INDICATES DATA IS MISSING.
T  INDICATES TRACE AMOUNT.

$$
