000
CXUS52 KJAX 062011
CLMJAX

CLIMATE REPORT
NATIONAL WEATHER SERVICE JACKSONVILLE FL
1217 PM EST SUN FEB 1 2015

...................................

...THE JACKSONVILLE CLIMATE SUMMARY FOR THE MONTH OF JANUARY 2015...

CLIMATE NORMAL PERIOD 1981 TO 2010
CLIMATE RECORD PERIOD 1871 TO 2015

WEATHER         OBSERVED          NORMAL  DEPART  LAST YEAR`S
                 VALUE   DATE(S)  VALUE   FROM    VALUE  DATE(S)
                                          NORMAL
................................................................
TEMPERATURE (F)
RECORD
 HIGH              85   01/30/2013
 LOW                7   01/21/1985
HIGHEST            81   01/03        64      17       81  01/11
LOWEST             27   01/08        42     -15       22  01/07
AVG. MAXIMUM     64.2              64.8    -0.6     60.1
AVG. MINIMUM     42.7              41.4     1.3     38.4
MEAN             53.4              53.1     0.3     49.2
DAYS MAX >= 90      0               0.0     0.0        0
DAYS MAX <= 32      0               0.0     0.0        0
DAYS MIN <= 32      2               6.3    -4.3        8
DAYS MIN <= 0       0               0.0     0.0        0

PRECIPITATION (INCHES)
RECORD
 MAXIMUM        10.20   1991
 MINIMUM         0.01   1950
TOTALS           3.08              3.30   -0.22     6.97
DAILY AVG.       0.10              0.11   -0.01     0.22
DAYS >= .01         7               8.3    -1.3       11
DAYS >= .10         5               5.4    -0.4        8
DAYS >= .50         2               2.3    -0.3        5
DAYS >= 1.00        2               1.1     0.9        3
GREATEST
 24 HR. TOTAL    1.46

SNOWFALL (INCHES)
RECORDS
 TOTAL            0.5   1852
TOTALS              T               0.0     0.0      0.0
SINCE 7/1           T                 T     0.0      0.0
SNOWDEPTH AVG.      0                MM      MM        0
DAYS >= 1.0         0               0.0     0.0        0
GREATEST
 SNOW DEPTH         0   MM                             0  MM
 24 HR TOTAL        T

DEGREE_DAYS
HEATING TOTAL     362               380     -18      491
 SINCE 7/1        874               876      -2      849
COOLING TOTAL      13                11       2        9
 SINCE 1/1         13                 0      13        9
.................................................................

WIND (MPH)
AVERAGE WIND SPEED              7.0
HIGHEST WIND SPEED/DIRECTION    31/300    DATE  01/04
HIGHEST GUST SPEED/DIRECTION    42/290    DATE  01/04

SKY COVER
POSSIBLE SUNSHINE (PERCENT)   MM
AVERAGE SKY COVER           0.60
NUMBER OF DAYS FAIR            6
NUMBER OF DAYS PC             13
NUMBER OF DAYS CLOUDY         12

AVERAGE RH (PERCENT)     75

WEATHER CONDITIONS. NUMBER OF DAYS WITH
THUNDERSTORM              0     MIXED PRECIP               0
HEAVY RAIN                2     RAIN                       4
LIGHT RAIN               10     FREEZING RAIN              0
LT FREEZING RAIN          0     HAIL                       0
HEAVY SNOW                0     SNOW                       0
LIGHT SNOW                1     SLEET                      0
FOG                      14     FOG W/VIS <= 1/4 MILE      3
HAZE                      2

-  INDICATES NEGATIVE NUMBERS.
R  INDICATES RECORD WAS SET OR TIED.
MM INDICATES DATA IS MISSING.
T  INDICATES TRACE AMOUNT.

$$
