000
CXUS53 KIND 011610
CLMLAF


CLIMATE REPORT
NATIONAL WEATHER SERVICE INDIANAPOLIS IN
1110 AM EST THU FEB 1 2018

...................................

...THE LAFAYETTE IN CLIMATE SUMMARY FOR THE MONTH OF JANUARY 2018...

CLIMATE NORMAL PERIOD 1981 TO 2010
CLIMATE RECORD PERIOD 9999 TO 9999

WEATHER         OBSERVED          NORMAL  DEPART  LAST YEAR`S
                 VALUE   DATE(S)  VALUE   FROM    VALUE  DATE(S)
                                          NORMAL
................................................................
TEMPERATURE (F)
HIGHEST            59   01/11                         63  01/21
LOWEST            -19   01/02                         -4  01/07
AVG. MAXIMUM     30.9              34.0    -3.1     39.4
AVG. MINIMUM     13.4              19.0    -5.6     24.9
MEAN             22.2              26.5    -4.3     32.1
DAYS MAX >= 90      0               0.0     0.0        0
DAYS MAX <= 32     17              12.9     4.1       10
DAYS MIN <= 32     28              25.8     2.2       21
DAYS MIN <= 0      10               3.1     6.9        3

PRECIPITATION (INCHES)
TOTALS           1.21              1.86   -0.65     4.00
DAILY AVG.       0.04              0.06   -0.02     0.13
DAYS >= .01        11               8.7     2.3       12
DAYS >= .10         4               4.0     0.0       10
DAYS >= .50         0               0.8    -0.8        3
DAYS >= 1.00        0               0.3    -0.3        0
GREATEST
 24 HR. TOTAL    0.45   01/22 TO 01/22

DEGREE_DAYS
HEATING TOTAL    1316              1193     123     1013
 SINCE 7/1       3525              3368     157     2997
COOLING TOTAL       0                 0       0        0
 SINCE 1/1          0                 0       0        0
.................................................................

WIND (MPH)
AVERAGE WIND SPEED              8.2
HIGHEST WIND SPEED/DIRECTION    30/280    DATE  01/22
HIGHEST GUST SPEED/DIRECTION    41/250    DATE  01/22

SKY COVER
POSSIBLE SUNSHINE (PERCENT)   MM
AVERAGE SKY COVER           0.50
NUMBER OF DAYS FAIR           15
NUMBER OF DAYS PC              5
NUMBER OF DAYS CLOUDY         11

AVERAGE RH (PERCENT)     79

WEATHER CONDITIONS. NUMBER OF DAYS WITH
THUNDERSTORM              1     MIXED PRECIP               0
HEAVY RAIN                2     RAIN                       2
LIGHT RAIN                8     FREEZING RAIN              1
LT FREEZING RAIN          2     HAIL                       0
HEAVY SNOW                0     SNOW                       0
LIGHT SNOW                9     SLEET                      0
FOG                      22     FOG W/VIS <= 1/4 MILE      2
HAZE                      4

-  INDICATES NEGATIVE NUMBERS.
R  INDICATES RECORD WAS SET OR TIED.
MM INDICATES DATA IS MISSING.
T  INDICATES TRACE AMOUNT.

$$
