000
CXUS55 KCYS 161633
CLMLAR


CLIMATE REPORT
NATIONAL WEATHER SERVICE CHEYENNE WY
1033 AM MDT TUE JUN 16 2015

...................................

...THE LARAMIE WY AIRPORT CLIMATE SUMMARY FOR THE MONTH OF MAY 2015...

CLIMATE NORMAL PERIOD 1981 TO 2010
CLIMATE RECORD PERIOD 1948 TO 2015

WEATHER         OBSERVED          NORMAL  DEPART  LAST YEAR`S
                 VALUE   DATE(S)  VALUE   FROM    VALUE
                                          NORMAL
.............................................................
TEMPERATURE (F)
RECORD
 HIGH              87   05/29/2003
 LOW                5   05/02/2013
HIGHEST            75   05/31        MM      MM       78
LOWEST             21   05/11        MM      MM       10
AVG. MAXIMUM     55.9              61.5    -5.6     60.2
AVG. MINIMUM     35.0              33.7     1.3     33.5
MEAN             45.4              47.6    -2.2     46.9
DAYS MAX >= 90      0               0.0                0
DAYS MAX <= 32      1               0.0                2
DAYS MIN <= 32      8              12.0               14
DAYS MIN <= 0       0               0.0                0

PRECIPITATION (INCHES)
RECORD
 MAXIMUM         3.85   2000
 MINIMUM         0.00   2011
TOTALS           2.71              1.69    1.02     2.55
DAYS >= .01        18              10.5     7.5       13
DAYS >= .10         7               4.6     2.4        7
DAYS >= .50         2               0.7     1.3        1
DAYS >= 1.00        0               0.1    -0.1        0
GREATEST
 24 HR. TOTAL    0.98   05/06 TO 05/07

DEGREE_DAYS
HEATING TOTAL     598               540      58      555
 SINCE 7/1       7937              8589    -652     8390
COOLING TOTAL       0                 0       0        0
 SINCE 1/1          0                 0       0        0
..............................................................

WIND (MPH)
AVERAGE WIND SPEED              12.0
HIGHEST WIND SPEED/DIRECTION    43/270    DATE  05/02
HIGHEST GUST SPEED/DIRECTION    53/270    DATE  05/02

SKY COVER
POSSIBLE SUNSHINE (PERCENT)   MM
AVERAGE SKY COVER           0.60
NUMBER OF DAYS FAIR            6
NUMBER OF DAYS PC             20
NUMBER OF DAYS CLOUDY          5

AVERAGE RH (PERCENT)     72

WEATHER CONDITIONS. NUMBER OF DAYS WITH
THUNDERSTORM              0     MIXED PRECIP               0
HEAVY RAIN                2     RAIN                       8
LIGHT RAIN               24     FREEZING RAIN              0
LT FREEZING RAIN          0     HAIL                       0
HEAVY SNOW                0     SNOW                       1
LIGHT SNOW                3     SLEET                      0
FOG                      13     FOG W/VIS <= 1/4 MILE      0
HAZE                      0

-  INDICATES NEGATIVE NUMBERS.
R  INDICATES RECORD WAS SET OR TIED.
MM INDICATES DATA IS MISSING.
T  INDICATES TRACE AMOUNT.

$$
