000
CXUS54 KLUB 020554
CLMLBB


CLIMATE REPORT
NATIONAL WEATHER SERVICE LUBBOCK, TX
1143 PM CST SUN FEB 1 2015

...................................

...THE LUBBOCK CLIMATE SUMMARY FOR THE MONTH OF JANUARY 2015...

CLIMATE NORMAL PERIOD 1981 TO 2010
CLIMATE RECORD PERIOD 1911 TO 2015

WEATHER         OBSERVED          NORMAL  DEPART  LAST YEAR`S
                 VALUE   DATE(S)  VALUE   FROM    VALUE  DATE(S)
                                          NORMAL
................................................................
TEMPERATURE (F)
RECORD
 HIGH              87   01/17/1914
 LOW              -16   01/13/1963
HIGHEST            77   01/28                         78  01/30
LOWEST             16   01/23                          6  01/28
AVG. MAXIMUM     50.7              54.1    -3.4     57.5
AVG. MINIMUM     27.5              26.4     1.1     22.3
MEAN             39.1              40.2    -1.1     39.9
DAYS MAX >= 90      0               0.0     0.0        0
DAYS MAX <= 32      2               1.9     0.1        1
DAYS MIN <= 32     25              24.4     0.6       29
DAYS MIN <= 0       0               0.1    -0.1        0

PRECIPITATION (INCHES)
RECORD
 MAXIMUM         4.05   1949
 MINIMUM         0.00   2014
                        1986
                        1967
TOTALS           1.61              0.65    0.96     0.00
DAILY AVG.       0.05              0.02    0.03     0.00
DAYS >= .01         7                                  0
DAYS >= .10         4                                  0
DAYS >= .50         1                                  0
DAYS >= 1.00        0                                  0
GREATEST
 24 HR. TOTAL    0.58   01/30 TO 01/31

SNOWFALL (INCHES)
RECORDS
 TOTAL           25.3   1983
 24 HR TOTAL     11.4   01/20/1983
 SNOW DEPTH        17   01/21/1983
                        01/22/1983
TOTALS            4.2               2.6     1.6      0.0
SINCE 7/1         7.1               5.8     1.3      2.4
SNOWDEPTH AVG.      0                MM      MM        0
DAYS >= TRACE      10               1.9     8.1        0
DAYS >= 1.0         2               0.7     1.3        0
GREATEST
 SNOW DEPTH         2   01/22                          0  MM
 24 HR TOTAL      2.1   MM                       01/31 TO 01/31
                                                          01/30 TO 01/30
                                                          01/29 TO 01/29

DEGREE_DAYS
HEATING TOTAL     795               767      28      771
 SINCE 7/1       2129              2165     -36     2228
COOLING TOTAL       0                 0       0        0
 SINCE 1/1          0                 0       0        0
..........................................................

WIND (MPH)
AVERAGE WIND SPEED              10.6
HIGHEST WIND SPEED/DIRECTION    37/020    DATE  01/17
HIGHEST GUST SPEED/DIRECTION    45/020    DATE  01/17

SKY COVER
POSSIBLE SUNSHINE (PERCENT)   MM
AVERAGE SKY COVER           0.50
NUMBER OF DAYS FAIR           14
NUMBER OF DAYS PC              6
NUMBER OF DAYS CLOUDY         11

AVERAGE RH (PERCENT)     66

WEATHER CONDITIONS. NUMBER OF DAYS WITH
THUNDERSTORM              0     MIXED PRECIP               1
HEAVY RAIN                1     RAIN                       2
LIGHT RAIN                3     FREEZING RAIN              1
LT FREEZING RAIN          4     HAIL                       0
HEAVY SNOW                0     SNOW                       3
LIGHT SNOW                9     SLEET                      2
FOG                       9     FOG W/VIS <= 1/4 MILE      2
HAZE                      1

-  INDICATES NEGATIVE NUMBERS.
R  INDICATES RECORD WAS SET OR TIED.
MM INDICATES DATA IS MISSING.
T  INDICATES TRACE AMOUNT.

$$
