000
CXUS51 KOKX 011428
CLMLGA

NYCCLMLGA 000
TTAA00 KOKX 011136


CLIMATE REPORT
NATIONAL WEATHER SERVICE NEW YORK NY
735 AM EDT SAT JUL 1 2017

...................................

...THE LAGUARDIA NY CLIMATE SUMMARY FOR THE MONTH OF JUNE 2017...

CLIMATE NORMAL PERIOD 1981 TO 2010
CLIMATE RECORD PERIOD 1939 TO 2017

WEATHER         OBSERVED          NORMAL  DEPART  LAST YEAR`S
                 VALUE   DATE(S)  VALUE   FROM    VALUE  DATE(S)
                                          NORMAL
................................................................
TEMPERATURE (F)
RECORD
 HIGH             101   06/13/2017
                        06/26/1952
                        06/29/1934
 LOW               46   06/11/1972
HIGHEST           101R  06/13        MM      MM       90  06/11
LOWEST             52   06/07        MM      MM       55  06/08
                        06/06
AVG. MAXIMUM     81.2              80.5     0.7     81.9
AVG. MINIMUM     66.0              63.8     2.2     65.3
MEAN             73.6              72.2     1.4     73.6
DAYS MAX >= 90      3               3.8    -0.8        1
DAYS MAX <= 32      0               0.0     0.0        0
DAYS MIN <= 32      0               0.0     0.0        0
DAYS MIN <= 0       0               0.0     0.0        0

PRECIPITATION (INCHES)
RECORD
 MAXIMUM         9.88   2003
 MINIMUM         0.03   1949
TOTALS           4.38              3.94    0.44     2.24
DAILY AVG.       0.15              0.13    0.02     0.07
DAYS >= .01        10              10.5    -0.5        9
DAYS >= .10         5               6.6    -1.6        7
DAYS >= .50         4               2.6     1.4        1
DAYS >= 1.00        3               1.0     2.0        0
GREATEST
 24 HR. TOTAL    1.26   06/17 TO 06/17           06/04 TO 06/05
                                                          06/30 TO 06/30
                                                          06/30 TO 06/30
 STORM TOTAL       MM                                 MM
 (MM/DD(HH))            MM                    06/05(00) TO 06/05(00)
                                                 06/30(00) TO 06/30(00)0
                                                 06/30(00) TO 06/30(00)0

SNOWFALL (INCHES)
RECORDS
 TOTAL             MM   5
 24 HR TOTAL       MM
TOTALS            0.0               0.0     0.0      0.0
 LIQUID EQUIV    0.00              0.00    0.00     0.00
SINCE 7/1        33.2              26.9     6.3     36.2
 LIQUID 7/1      3.32              2.70             3.62
DAYS >= TRACE       0               0.0     0.0        0
DAYS >= 1.0         0               0.0     0.0        0
GREATEST
 SNOW DEPTH         0   MM                             0  MM
 24 HR TOTAL      0.0   06/30 TO 06/30           06/30 TO 06/30
                                                          06/30 TO 06/30
                                                          06/30 TO 06/30
 STORM TOTAL       MM                                 MM
 (MM/DD(HH))            MM                    06/30(00) TO 06/30(00)
                                                 06/30(00) TO 06/30(00)0
                                                 06/30(00) TO 06/30(00)0

DEGREE_DAYS
HEATING TOTAL      16                16       0        2
 SINCE 7/1       3806              4664    -858     3654
COOLING TOTAL     280               231      49      270
 SINCE 1/1        385               297      88      389
.................................................

WIND (MPH)
AVERAGE WIND SPEED              10.0
HIGHEST WIND SPEED/DIRECTION    33/310    DATE  06/02
HIGHEST GUST SPEED/DIRECTION    39/310    DATE  06/02

SKY COVER
POSSIBLE SUNSHINE (PERCENT)   MM
AVERAGE SKY COVER           0.60
NUMBER OF DAYS FAIR            3
NUMBER OF DAYS PC             21
NUMBER OF DAYS CLOUDY          6

AVERAGE RH (PERCENT)     61

WEATHER CONDITIONS. NUMBER OF DAYS WITH
THUNDERSTORM              0     MIXED PRECIP               0
HEAVY RAIN                3     RAIN                       4
LIGHT RAIN               14     FREEZING RAIN              0
LT FREEZING RAIN          0     HAIL                       0
HEAVY SNOW                0     SNOW                       0
LIGHT SNOW                0     SLEET                      0
FOG                       8     FOG W/VIS <= 1/4 MILE      1
HAZE                      5

-  INDICATES NEGATIVE NUMBERS.
R  INDICATES RECORD WAS SET OR TIED.
MM INDICATES DATA IS MISSING.
T  INDICATES TRACE AMOUNT.

$$
