000
CXUS53 KLOT 011548
CLMLOT


CLIMATE REPORT
NATIONAL WEATHER SERVICE CHICAGO IL
828 AM CST SUN MAR 1 2015

...................................

...THE ROMEOVILLE  WFO CLIMATE SUMMARY FOR THE MONTH OF FEBRUARY 2015...

CLIMATE NORMAL PERIOD 1981 TO 2010
CLIMATE RECORD PERIOD 1992 TO 2015

WEATHER         OBSERVED          NORMAL  DEPART  LAST YEAR`S
                 VALUE   DATE(S)  VALUE   FROM    VALUE
                                          NORMAL
.............................................................
TEMPERATURE (F)
RECORD
 HIGH              73   02/25/2000
 LOW              -19   02/03/1996
HIGHEST            42   02/07        MM      MM       49
LOWEST             -9   02/27        MM      MM      -14
AVG. MAXIMUM     23.2              35.5   -12.3     24.1
AVG. MINIMUM      5.2              19.7   -14.5      5.8
MEAN             14.2              27.6   -13.4     14.9

PRECIPITATION (INCHES)
RECORD
 MAXIMUM         6.00   1997
 MINIMUM         0.29   2003
TOTALS           1.33              1.78   -0.45     2.24

SNOWFALL (INCHES)
RECORDS
 TOTAL           22.3   2014
TOTALS           19.0               6.4    12.6     22.3
SINCE 7/1        31.2              27.4     3.8     65.5

DEGREE_DAYS
HEATING TOTAL    1415              1047     368     1396
 SINCE 7/1       5245              4728     517     5604
COOLING TOTAL       0                 0       0        0
 SINCE 1/1          0                 0       0        0
..............................................................

WIND (MPH)
AVERAGE WIND SPEED              9.9
HIGHEST WIND SPEED/DIRECTION    28/MM     DATE   MM
HIGHEST GUST SPEED/DIRECTION    38/340    DATE  02/14

AVERAGE RH (PERCENT)     72


-  INDICATES NEGATIVE NUMBERS.
R  INDICATES RECORD WAS SET OR TIED.
MM INDICATES DATA IS MISSING.
T  INDICATES TRACE AMOUNT.

$$
