000
CXUS53 KLOT 011224
CLMLOT


CLIMATE REPORT
NATIONAL WEATHER SERVICE CHICAGO IL
610 AM CST MON DEC 1 2014

...................................

...THE ROMEOVILLE  WFO CLIMATE SUMMARY FOR THE MONTH OF NOVEMBER 2014...

CLIMATE NORMAL PERIOD 1981 TO 2010
CLIMATE RECORD PERIOD 1992 TO 2014

WEATHER         OBSERVED          NORMAL  DEPART  LAST YEAR`S
                 VALUE   DATE(S)  VALUE   FROM    VALUE
                                          NORMAL
.............................................................
TEMPERATURE (F)
RECORD
 HIGH              75   11/08/1999
 LOW                7   11/21/2014

HIGHEST            64   11/03                         67
LOWEST              7R  11/21                         10

AVG. MAXIMUM     41.7              48.5    -6.8     44.8
AVG. MINIMUM     25.2              32.7    -7.5     27.9
MEAN             33.5              40.6    -7.1     36.4

PRECIPITATION (INCHES)
RECORD
 MAXIMUM         6.16   2003
 MINIMUM         0.88   2008

TOTALS           1.51              3.46   -1.95     2.87

SNOWFALL (INCHES)
RECORDS
 TOTAL              T   2012

TOTALS            1.4R              0.9     0.5      0.9
SINCE 7/1         1.4               0.9     0.5      0.9

DEGREE_DAYS
HEATING TOTAL     938               732     206      850
 SINCE 7/1       1476              1219     257     1322
COOLING TOTAL       0                 0       0        0
 SINCE 1/1        748               862    -114      950
..............................................................

WIND (MPH)
AVERAGE WIND SPEED              11.6
HIGHEST WIND SPEED/DIRECTION    28/MM     DATE   MM
HIGHEST GUST SPEED/DIRECTION    38/260    DATE  11/24

AVERAGE RH (PERCENT)     70


-  INDICATES NEGATIVE NUMBERS.
R  INDICATES RECORD WAS SET OR TIED.
MM INDICATES DATA IS MISSING.
T  INDICATES TRACE AMOUNT.

$$
