000
CXUS54 KCRP 020251 CCB
CLMLRD

CLIMATE REPORT...CORRECTED
NATIONAL WEATHER SERVICE CORPUS CHRISTI TX
940 PM CDT WED OCT 1 2014

...................................

...THE LAREDO CLIMATE SUMMARY FOR THE MONTH OF SEPTEMBER 2014...

CLIMATE NORMAL PERIOD 1981 TO 2010
CLIMATE RECORD PERIOD 1900 TO 2014

WEATHER         OBSERVED          NORMAL  DEPART  LAST YEAR`S
                 VALUE   DATE(S)  VALUE   FROM    VALUE  DATE(S)
                                          NORMAL
................................................................
TEMPERATURE (F)
RECORD
 HIGH             110   09/06/2000
                        09/05/2000
                        09/21/1926
 LOW               45   09/29/1918
HIGHEST           103   09/01        98       5      103  09/01
LOWEST             66   09/14        68      -2       60  09/23
AVG. MAXIMUM     91.8              93.4    -1.6     93.6
AVG. MINIMUM     74.1              72.7     1.4     73.4
MEAN             82.9              83.1    -0.2     83.5
DAYS MAX >= 90     21              22.4    -1.4       26
DAYS MAX <= 32      0               0.0     0.0        0
DAYS MIN <= 32      0               0.0     0.0        0
DAYS MIN <= 0       0               0.0     0.0        0

PRECIPITATION (INCHES)
RECORD
 MAXIMUM        11.54   1971
 MINIMUM           MM   MM
TOTALS           5.80              2.93    2.87     3.35
DAILY AVG.       0.19              0.10    0.09     0.11
DAYS >= .01        14               6.7     7.3       13
DAYS >= .10         7               4.3     2.7        6
DAYS >= .50         4               1.8     2.2        3
DAYS >= 1.00        2               0.9     1.1        1
GREATEST
 24 HR. TOTAL    1.99   09/27 TO 09/27           09/28 TO 09/28
                                                          09/30 TO 09/30
                                                          09/30 TO 09/30
 STORM TOTAL       MM                                 MM
 (MM/DD(HH))            MM                    09/28(00) TO 09/28(00)
                                                 09/30(00) TO 09/30(00)0
                                                 09/30(00) TO 09/30(00)0

SNOWFALL (INCHES)
RECORDS
 TOTAL             MM   MM
 24 HR TOTAL       MM
TOTALS            0.0                MM      MM      0.0
SINCE 7/1         0.0                MM      MM      0.0
SNOWDEPTH AVG.      0                MM      MM        0
DAYS >= 1.0         0                MM      MM
GREATEST
 SNOW DEPTH         0   MM                             0
 24 HR TOTAL      0.0   09/30 TO 09/30               0.0

DEGREE_DAYS
HEATING TOTAL       0                 1      -1        0
 SINCE 7/1          0                 1      -1        0
COOLING TOTAL     546               542       4      560
 SINCE 1/1       3979              3785     194     3965
.................................................

WIND (MPH)
AVERAGE WIND SPEED              8.5
HIGHEST WIND SPEED/DIRECTION    31/130     DATE  09/04
HIGHEST GUST SPEED/DIRECTION    37/150    DATE  09/12

SKY COVER
AVERAGE SKY COVER           0.30

AVERAGE RH (PERCENT)     72

WEATHER CONDITIONS. NUMBER OF DAYS WITH
THUNDERSTORM              6     MIXED PRECIP               0
HEAVY RAIN                9     RAIN                      10
LIGHT RAIN               14     FREEZING RAIN              0
LT FREEZING RAIN          0     HAIL                       0
HEAVY SNOW                0     SNOW                       0
LIGHT SNOW                0     SLEET                      0
FOG                      14     FOG W/VIS <= 1/4 MILE      0
HAZE                      3

-  INDICATES NEGATIVE NUMBERS.
R  INDICATES RECORD WAS SET OR TIED.
MM INDICATES DATA IS MISSING.
T  INDICATES TRACE AMOUNT.

$$

88
