000
CXUS46 KOTX 011252
CLMLWS

CLIMATE REPORT
NATIONAL WEATHER SERVICE SPOKANE, WA
435 AM PST THU DEC 1 2016

...................................

...THE LEWISTON ID AIRPORT CLIMATE SUMMARY FOR THE MONTH OF NOVEMBER 2016...

CLIMATE NORMAL PERIOD 1981 TO 2010
CLIMATE RECORD PERIOD 1881 TO 2016

WEATHER         OBSERVED          NORMAL  DEPART  LAST YEAR`S
                 VALUE   DATE(S)  VALUE   FROM    VALUE  DATE(S)
                                          NORMAL
................................................................
TEMPERATURE (F)
RECORD
 HIGH              74   11/13/1999
                        11/05/1934
                        11/03/1975
 LOW               -3   11/15/1955
                        11/14/1955
HIGHEST            70   11/08        MM      MM       62  11/01
LOWEST             27   11/18        MM      MM       18  11/30
                                                          11/27
AVG. MAXIMUM     54.8              48.2     6.6     46.8
AVG. MINIMUM     39.4              34.1     5.3     33.1
MEAN             47.1              41.1     6.0     39.9
DAYS MAX >= 90      0               0.0     0.0        0
DAYS MAX <= 32      0               1.1    -1.1        3
DAYS MIN <= 32      4              10.3    -6.3       12
DAYS MIN <= 0       0               0.1    -0.1        0

PRECIPITATION (INCHES)
RECORD
 MAXIMUM         4.15   1926
 MINIMUM            T   1929
TOTALS           0.63              1.18   -0.55     0.95
DAILY AVG.       0.02              0.04   -0.02     0.03
DAYS >= .01        12              11.4     0.6        9
DAYS >= .10         1               3.9    -2.9        3
DAYS >= .50         0               0.2    -0.2        0
DAYS >= 1.00        0               0.0     0.0        0
GREATEST
 24 HR. TOTAL    0.30   11/14 TO 11/15           11/08 TO 11/09
                                                          11/19 TO 11/19
                                                          11/19 TO 11/19

SNOWFALL (INCHES)
RECORDS
 TOTAL           15.9   1921
TOTALS            0.0               1.8    -1.8        T
SINCE 7/1         0.0               1.8    -1.8        T
SNOWDEPTH AVG.      0                MM      MM        0
DAYS >= 1.0         0               0.7    -0.7        0
GREATEST
 SNOW DEPTH         0   MM                             0  MM
 24 HR TOTAL      0.0   11/30 TO 11/30           11/19 TO 11/19
                                                          11/19 TO 11/19
                                                          11/19 TO 11/19

DEGREE_DAYS
HEATING TOTAL     530               715    -185      743
 SINCE 7/1        949              1240    -291     1003
COOLING TOTAL       0                 0       0        0
 SINCE 1/1        863               807      56     1215
..........................................................

WIND (MPH)
AVERAGE WIND SPEED              4.9
HIGHEST WIND SPEED/DIRECTION    21/290    DATE  11/28
HIGHEST GUST SPEED/DIRECTION    29/290    DATE  11/28

SKY COVER
POSSIBLE SUNSHINE (PERCENT)   MM
AVERAGE SKY COVER           0.40
NUMBER OF DAYS FAIR           14
NUMBER OF DAYS PC             10
NUMBER OF DAYS CLOUDY          6

AVERAGE RH (PERCENT)     72

WEATHER CONDITIONS. NUMBER OF DAYS WITH
THUNDERSTORM              0     MIXED PRECIP               0
HEAVY RAIN                0     RAIN                       2
LIGHT RAIN               13     FREEZING RAIN              0
LT FREEZING RAIN          0     HAIL                       0
HEAVY SNOW                0     SNOW                       0
LIGHT SNOW                0     SLEET                      0
FOG                      11     FOG W/VIS <= 1/4 MILE      4
HAZE                      5

-  INDICATES NEGATIVE NUMBERS.
R  INDICATES RECORD WAS SET OR TIED.
MM INDICATES DATA IS MISSING.
T  INDICATES TRACE AMOUNT.

$$

NOVEMBER 2016 FINISHED MUCH WARMER THAN NORMAL ACROSS SOUTHEAST
WASHINGTON INTO THE SOUTH IDAHO PANHANDLE WITH PRECIPITATION BELOW
NORMAL.  THE FIRST HALF OF THE MONTH WAS EXCEPTIONALLY MILD WITH
TEMPERATURES ON MOST DAYS 5 TO 15 DEGREES ABOVE NORMAL.  HIGH
TEMPERATURES IN THE UPPER 50S TO MID 60S WERE COMMON WITH LOW
TEMPERATURES IN THE 40S IN LEWISTON.  ON THE 15TH WINDY CONDITIONS
OCCURRED WITH A PEAK WIND GUST OF 42 MPH AT THE PULLMAN AIRPORT. THE
NEXT DAY ON THE 16TH LEWISTON FINALLY RECEIVED ITS FIRST FREEZE OF
THE SEASON WITH A LOW OF 31 DEGREES.
THIS WAS THE 3RD LATEST FIRST FREEZE ON RECORD DATING BACK TO 1881.
THE PATTERN BEGAN TO CHANGE TOWARDS THE END OF THE MONTH AS A COOLER
NORTHWEST FLOW PATTERN SET UP.  HIGH TEMPERATURES COOLED INTO THE
40S.  THESE COOLER TEMPERATURES COMBINED WITH PASSING WEAK WEATHER
SYSTEMS BROUGHT SNOW TO THE MOUNTAINS.

ONE RECORD WAS SET DURING THE MONTH AT THE LEWISTON AIRPORT.  THE
HIGH TEMPERATURE OF 70 DEGREES ON THE 8TH BROKE A RECORD FOR THE
DATE.
