000
CXUS51 KRNK 011527
CLMLYH


CLIMATE REPORT
NATIONAL WEATHER SERVICE BLACKSBURG VA
1011 AM EST SUN MAR 1 2015

...................................

...THE LYNCHBURG VA CLIMATE SUMMARY FOR THE MONTH OF FEBRUARY 2015...

CLIMATE NORMAL PERIOD 1981 TO 2010
CLIMATE RECORD PERIOD 1893 TO 2015

WEATHER         OBSERVED          NORMAL  DEPART  LAST YEAR`S
                 VALUE   DATE(S)  VALUE   FROM    VALUE
                                          NORMAL
.............................................................
TEMPERATURE (F)
RECORD
 HIGH              82   02/11/1932
 LOW              -11   02/20/2015
HIGHEST            67   02/08                         69
LOWEST            -11R  02/20                         15
AVG. MAXIMUM     40.1              49.1    -9.0     47.7
AVG. MINIMUM     17.6              27.2    -9.6     26.7
MEAN             28.8              38.2    -9.4     37.2
DAYS MAX >= 90      0               0.0     0.0
DAYS MAX <= 32      8               1.1     6.9
DAYS MIN <= 32     27              20.8     6.2
DAYS MIN <= 0       1               0.0     1.0

PRECIPITATION (INCHES)
RECORD
 MAXIMUM         7.84   1897
 MINIMUM         0.53   1918
TOTALS           2.52              2.93   -0.41     3.81
DAILY AVG.       0.09              0.10   -0.01     0.14
DAYS >= .01        10               9.4     0.6
DAYS >= .10         6               5.9     0.1
DAYS >= .50         2               1.8     0.2
DAYS >= 1.00        0               0.7    -0.7
GREATEST
 24 HR. TOTAL    1.02   02/16 TO 02/17

SNOWFALL (INCHES)
TOTALS           20.3                               10.0
SINCE 7/1        20.4
SNOWDEPTH AVG.      2
DAYS >= 1.0         4
GREATEST
 SNOW DEPTH        11

DEGREE_DAYS
HEATING TOTAL    1006               752     254
 SINCE 7/1       3689              3424     265
COOLING TOTAL       0                 0       0
 SINCE 1/1          0                 0       0
..............................................................

WIND (MPH)
AVERAGE WIND SPEED              5.8
HIGHEST WIND SPEED/DIRECTION    29/300    DATE  02/14
HIGHEST GUST SPEED/DIRECTION    45/300    DATE  02/14

SKY COVER
POSSIBLE SUNSHINE (PERCENT)   MM
AVERAGE SKY COVER           0.30
NUMBER OF DAYS FAIR           16
NUMBER OF DAYS PC              7
NUMBER OF DAYS CLOUDY          5

AVERAGE RH (PERCENT)     58

WEATHER CONDITIONS. NUMBER OF DAYS WITH
THUNDERSTORM              0     MIXED PRECIP               0
HEAVY RAIN                0     RAIN                       0
LIGHT RAIN                5     FREEZING RAIN              1
LT FREEZING RAIN          2     HAIL                       0
HEAVY SNOW                1     SNOW                       3
LIGHT SNOW                9     SLEET                      0
FOG                      12     FOG W/VIS <= 1/4 MILE      3
HAZE                      0

-  INDICATES NEGATIVE NUMBERS.
R  INDICATES RECORD WAS SET OR TIED.
MM INDICATES DATA IS MISSING.
T  INDICATES TRACE AMOUNT.

$$

PW
