000
CXUS54 KMAF 011918
CLMMAF


CLIMATE REPORT
NATIONAL WEATHER SERVICE MIDLAND TX
218 PM CDT TUE SEP 1 2015

...................................

...THE MIDLAND CLIMATE SUMMARY FOR THE MONTH OF AUGUST 2015...

CLIMATE NORMAL PERIOD 1981 TO 2010
CLIMATE RECORD PERIOD 1930 TO 2015

WEATHER         OBSERVED          NORMAL  DEPART  LAST YEAR`S
                 VALUE   DATE(S)  VALUE   FROM    VALUE  DATE(S)
                                          NORMAL
................................................................
TEMPERATURE (F)
RECORD
 HIGH             107   08/06/1964
                        08/12/1936
 LOW               57   08/26/2010
HIGHEST           104   08/14        93      11      103  08/07
                        08/09
LOWEST             62   08/30        68      -6       67  08/04
AVG. MAXIMUM     97.8              93.6     4.2     95.8
AVG. MINIMUM     71.4              68.8     2.6     72.1
MEAN             84.6              81.2     3.4     83.9
DAYS MAX >= 90     29              24.1     4.9       29
DAYS MAX <= 32      0               0.0     0.0        0
DAYS MIN <= 32      0               0.0     0.0        0
DAYS MIN <= 0       0               0.0     0.0        0

PRECIPITATION (INCHES)
RECORD
 MAXIMUM         5.92   2006
 MINIMUM         0.00   1936
TOTALS           1.01              1.84   -0.83     0.77
DAILY AVG.       0.03              0.06   -0.03     0.02
DAYS >= .01         5               5.7    -0.7        4
DAYS >= .10         2               3.2    -1.2        2
DAYS >= .50         1               1.2    -0.2        0
DAYS >= 1.00        0               0.5    -0.5        0
GREATEST
 24 HR. TOTAL    0.79   08/23 TO 08/23              0.45
                        08/23 TO 08/24

DEGREE_DAYS
COOLING TOTAL     617               502     115      595
 SINCE 1/1       2044              1884     160     2197
.................................................................

WIND (MPH)
AVERAGE WIND SPEED              9.7
HIGHEST WIND SPEED/DIRECTION    40/310    DATE  08/03
HIGHEST GUST SPEED/DIRECTION    55/070    DATE  08/14

SKY COVER
POSSIBLE SUNSHINE (PERCENT)   MM
AVERAGE SKY COVER           0.10
NUMBER OF DAYS FAIR           29
NUMBER OF DAYS PC              1
NUMBER OF DAYS CLOUDY          1

AVERAGE RH (PERCENT)     48

WEATHER CONDITIONS. NUMBER OF DAYS WITH
THUNDERSTORM              0     MIXED PRECIP               0
HEAVY RAIN                1     RAIN                       2
LIGHT RAIN                7     FREEZING RAIN              0
LT FREEZING RAIN          0     HAIL                       0
HEAVY SNOW                0     SNOW                       0
LIGHT SNOW                0     SLEET                      0
FOG                       3     FOG W/VIS <= 1/4 MILE      0
HAZE                     11

-  INDICATES NEGATIVE NUMBERS.
R  INDICATES RECORD WAS SET OR TIED.
MM INDICATES DATA IS MISSING.
T  INDICATES TRACE AMOUNT.

$$
