000
CXUS54 KMAF 011428
CLMMAF


CLIMATE REPORT
NATIONAL WEATHER SERVICE MIDLAND TX
926 AM CDT SAT JUL 1 2017

...................................

...THE MIDLAND CLIMATE SUMMARY FOR THE MONTH OF JUNE 2017...

CLIMATE NORMAL PERIOD 1981 TO 2010
CLIMATE RECORD PERIOD 1930 TO 2017

WEATHER         OBSERVED          NORMAL  DEPART  LAST YEAR`S
                 VALUE   DATE(S)  VALUE   FROM    VALUE  DATE(S)
                                          NORMAL
................................................................
TEMPERATURE (F)
RECORD
 HIGH             116   06/27/1994
 LOW               47   06/01/1983
                        06/03/1947
HIGHEST           111   06/17        93      18      103  06/18
LOWEST             62   06/03        66      -4       61  06/01
AVG. MAXIMUM     97.1              93.4     3.7     93.4
AVG. MINIMUM     70.8              67.3     3.5     68.7
MEAN             84.0              80.3     3.7     81.0
DAYS MAX >= 90     25              21.0     4.0       25
DAYS MAX <= 32      0               0.0     0.0        0
DAYS MIN <= 32      0               0.0     0.0        0
DAYS MIN <= 0       0               0.0     0.0        0

PRECIPITATION (INCHES)
RECORD
 MAXIMUM         5.10   1940
 MINIMUM         0.00   2011
TOTALS           3.05              1.80    1.25     3.16
DAILY AVG.       0.10              0.06    0.04     0.11
DAYS >= .01         9               4.8     4.2        7
DAYS >= .10         4               3.0     1.0        5
DAYS >= .50         3               1.4     1.6        1
DAYS >= 1.00        1               0.5     0.5        1
GREATEST
 24 HR. TOTAL    1.47   06/26 TO 06/26              2.47

DEGREE_DAYS
COOLING TOTAL     578               461     117      486
 SINCE 1/1       1139               850     289      966
.................................................................

WIND (MPH)
AVERAGE WIND SPEED              11.6
HIGHEST WIND SPEED/DIRECTION    55/250    DATE  06/12
HIGHEST GUST SPEED/DIRECTION    66/250    DATE  06/12

SKY COVER
POSSIBLE SUNSHINE (PERCENT)   MM
AVERAGE SKY COVER           0.10
NUMBER OF DAYS FAIR           25
NUMBER OF DAYS PC              5
NUMBER OF DAYS CLOUDY          0

AVERAGE RH (PERCENT)     49

WEATHER CONDITIONS. NUMBER OF DAYS WITH
THUNDERSTORM              0     MIXED PRECIP               0
HEAVY RAIN                4     RAIN                       3
LIGHT RAIN               10     FREEZING RAIN              0
LT FREEZING RAIN          0     HAIL                       2
HEAVY SNOW                0     SNOW                       0
LIGHT SNOW                0     SLEET                      0
FOG                       3     FOG W/VIS <= 1/4 MILE      0
HAZE                      5

-  INDICATES NEGATIVE NUMBERS.
R  INDICATES RECORD WAS SET OR TIED.
MM INDICATES DATA IS MISSING.
T  INDICATES TRACE AMOUNT.

$$
