355
CXUS53 KABR 011617
CLMMBG


CLIMATE REPORT
NATIONAL WEATHER SERVICE ABERDEEN SD
1003 AM CST THU DEC 1 2016

...................................

...THE MOBRIDGE SD CLIMATE SUMMARY FOR THE MONTH OF NOVEMBER 2016...

CLIMATE NORMAL PERIOD 1981 TO 2010
CLIMATE RECORD PERIOD 1911 TO 2016

WEATHER         OBSERVED          NORMAL  DEPART  LAST YEAR`S
                 VALUE   DATE(S)  VALUE   FROM    VALUE  DATE(S)
                                          NORMAL
................................................................
TEMPERATURE (F)
RECORD
 HIGH              78   11/02/1917
 LOW              -20   11/28/1985
                        11/26/1985
HIGHEST            75   11/05        MM      MM       70  11/14
LOWEST             17   11/19        MM      MM        3  11/27
AVG. MAXIMUM     53.6              42.8    10.8     48.2
AVG. MINIMUM     32.0              21.1    10.9     25.5
MEAN             42.8              31.9    10.9     36.8
DAYS MAX >= 90      0               0.0     0.0        0
DAYS MAX <= 32      2               6.9    -4.9        3
DAYS MIN <= 32     17              26.5    -9.5       22
DAYS MIN <= 0       0               1.3    -1.3        0

PRECIPITATION (INCHES)
RECORD
 MAXIMUM         2.72   1977
 MINIMUM            T   2006
                        1999
                        1939
TOTALS           1.05              0.48    0.57     0.70
DAYS >= .01         6                MM      MM        6
DAYS >= .10         5                MM      MM        2
DAYS >= .50         0                MM      MM        0
DAYS >= 1.00        0                MM      MM        0

SNOWFALL (INCHES)
RECORDS
 TOTAL           25.0   5

 SNOW DEPTH        MM   MM
TOTALS           11.4                MM      MM      3.5
SINCE 7/1        11.4                MM      MM      3.5
SNOWDEPTH AVG.      0                MM      MM        0
DAYS >= TRACE       7
DAYS >= 1.0         4
GREATEST
 SNOW DEPTH         5   11/30

DEGREE_DAYS
HEATING TOTAL     658               992    -334      837
 SINCE 7/1       1151              1766    -615     1294
COOLING TOTAL       0                 0       0        0
 SINCE 1/1        961               644     317      860

FREEZE DATES
RECORD
 EARLIEST     MM
 LATEST       MM
EARLIEST                        MM
LATEST                          MM
.................................................................

WIND (MPH)
AVERAGE WIND SPEED              10.6
RESULTANT WIND SPEED/DIRECTION   1/354
HIGHEST WIND SPEED/DIRECTION    36/320    DATE  11/29
HIGHEST GUST SPEED/DIRECTION    45/330    DATE  11/29

SKY COVER
POSSIBLE SUNSHINE (PERCENT)   MM
AVERAGE SKY COVER           0.30
NUMBER OF DAYS FAIR           22
NUMBER OF DAYS PC              1
NUMBER OF DAYS CLOUDY          7

AVERAGE RH (PERCENT)     65

WEATHER CONDITIONS. NUMBER OF DAYS WITH
THUNDERSTORM              0     MIXED PRECIP               0
HEAVY RAIN                0     RAIN                       1
LIGHT RAIN                1     FREEZING RAIN              0
LT FREEZING RAIN          0     HAIL                       0
HEAVY SNOW                0     SNOW                       2
LIGHT SNOW                7     SLEET                      0
FOG                       9     FOG W/VIS <= 1/4 MILE      4
HAZE                      4

-  INDICATES NEGATIVE NUMBERS.
R  INDICATES RECORD WAS SET OR TIED.
MM INDICATES DATA IS MISSING.
T  INDICATES TRACE AMOUNT.

$$
