000
CXUS53 KABR 011410
CLMMBG


CLIMATE REPORT
NATIONAL WEATHER SERVICE ABERDEEN SD
905 AM CDT SAT NOV 1 2014

...................................

...THE MOBRIDGE SD CLIMATE SUMMARY FOR THE MONTH OF OCTOBER 2014...

CLIMATE NORMAL PERIOD 1981 TO 2010
CLIMATE RECORD PERIOD 1911 TO 2014

WEATHER         OBSERVED          NORMAL  DEPART  LAST YEAR`S
                 VALUE   DATE(S)  VALUE   FROM    VALUE  DATE(S)
                                          NORMAL
................................................................
TEMPERATURE (F)
RECORD
 HIGH              94   10/04/1963
                        10/05/1947
                        10/03/1938
 LOW                1   10/30/1991
HIGHEST            86   10/21        MM      MM       71  10/01
LOWEST             18   10/31        MM      MM       22  10/28
                                                          10/24
AVG. MAXIMUM     64.2              59.8     4.4     52.8
AVG. MINIMUM     37.4              34.6     2.8     32.9
MEAN             50.8              47.2     3.6     42.9
DAYS MAX >= 90      0               0.2    -0.2        0
DAYS MAX <= 32      0               0.2    -0.2        1
DAYS MIN <= 32      6              11.8    -5.8       15
DAYS MIN <= 0       0               0.0     0.0        0

PRECIPITATION (INCHES)
RECORD
 MAXIMUM         5.69   2013
 MINIMUM            T   1952
                        1945
TOTALS           0.56              1.50   -0.94     5.69
DAYS >= .01         2                MM      MM       12
DAYS >= .10         2                MM      MM        6
DAYS >= .50         0                MM      MM        3
DAYS >= 1.00        0                MM      MM        2

SNOWFALL (INCHES)
RECORDS
 TOTAL            8.0   5
 SNOW DEPTH        MM   MM
TOTALS            0.0                MM      MM      1.0
SINCE 7/1         0.0                MM      MM      1.0
SNOWDEPTH AVG.      0                MM      MM        0
DAYS >= TRACE       0
DAYS >= 1.0         0
GREATEST
 SNOW DEPTH         0   MM                             1  10/29

DEGREE_DAYS
HEATING TOTAL     436               554    -118      679
 SINCE 7/1        638               774    -136      762
COOLING TOTAL       5                 3       2        0
 SINCE 1/1        471               644    -173      700

FREEZE DATES
RECORD
 EARLIEST     MM
 LATEST       MM
EARLIEST      10/04             MM
LATEST                          MM
.................................................................

WIND (MPH)
AVERAGE WIND SPEED              11.8
RESULTANT WIND SPEED/DIRECTION   2/300
HIGHEST WIND SPEED/DIRECTION    38/290    DATE  10/16
HIGHEST GUST SPEED/DIRECTION    48/320    DATE  10/03

SKY COVER
POSSIBLE SUNSHINE (PERCENT)   MM
AVERAGE SKY COVER           0.30
NUMBER OF DAYS FAIR           15
NUMBER OF DAYS PC             14
NUMBER OF DAYS CLOUDY          2

AVERAGE RH (PERCENT)     59

WEATHER CONDITIONS. NUMBER OF DAYS WITH
THUNDERSTORM              0     MIXED PRECIP               0
HEAVY RAIN                1     RAIN                       2
LIGHT RAIN               10     FREEZING RAIN              0
LT FREEZING RAIN          0     HAIL                       0
HEAVY SNOW                0     SNOW                       0
LIGHT SNOW                0     SLEET                      0
FOG                       3     FOG W/VIS <= 1/4 MILE      1
HAZE                      3

-  INDICATES NEGATIVE NUMBERS.
R  INDICATES RECORD WAS SET OR TIED.
MM INDICATES DATA IS MISSING.
T  INDICATES TRACE AMOUNT.

$$
