000
CXUS56 KHNX 011447
CLMMCE


CLIMATE REPORT
NATIONAL WEATHER SERVICE SAN JOAQUIN VALLEY, CA
740 AM PDT SUN MAY 1 2016

...................................

...THE MERCED CA AIRPORT CLIMATE SUMMARY FOR THE MONTH OF APRIL 2016...

CLIMATE NORMAL PERIOD 1981 TO 2010
CLIMATE RECORD PERIOD 1998 TO 2016

WEATHER         OBSERVED          NORMAL  DEPART  LAST YEAR`S
                 VALUE   DATE(S)  VALUE   FROM    VALUE  DATE(S)
                                          NORMAL
................................................................
TEMPERATURE (F)
RECORD
 HIGH              97   04/27/2004
 LOW               30   04/10/1999
HIGHEST            88   04/18        MM      MM       90  04/30
LOWEST             42   04/26        MM      MM       36  04/03
                        04/01
AVG. MAXIMUM     76.1              73.0     3.1     76.8
AVG. MINIMUM     49.3              45.1     4.2     46.0
MEAN             62.7              59.0     3.7     61.4
DAYS MAX >= 90      0               1.1    -1.1        1
DAYS MIN <= 32      0               0.1    -0.1        0

PRECIPITATION (INCHES)
RECORD
 MAXIMUM         3.36   2010
TOTALS           3.59R             0.95    2.64     1.09
DAYS >= .01         6                MM      MM        4
DAYS >= .10         4                MM      MM        2
DAYS >= .50         3                MM      MM        1
DAYS >= 1.00        1                MM      MM        0
GREATEST
 24 HR. TOTAL    2.38   04/08 TO 04/09

SNOWFALL (INCHES)
RECORDS
 TOTAL            0.0
TOTALS            0.0               0.0

DEGREE_DAYS
HEATING TOTAL      89               197    -108      129
 SINCE 7/1       2236              2721    -485     1723
COOLING TOTAL      29                19      10       30
 SINCE 1/1         29                19      10       44
.................................................................

WIND (MPH)
AVERAGE WIND SPEED              6.1
HIGHEST WIND SPEED/DIRECTION    29/310    DATE  04/15
HIGHEST GUST SPEED/DIRECTION    37/320    DATE  04/15

AVERAGE RH (PERCENT)     64

WEATHER CONDITIONS. NUMBER OF DAYS WITH
THUNDERSTORM              0     RAIN                       4
HAIL                      0     FOG                       13
FOG W/VIS <= 1/4 MILE     0     HAZE                       2

-  INDICATES NEGATIVE NUMBERS.
R  INDICATES RECORD WAS SET OR TIED.
MM INDICATES DATA IS MISSING.
T  INDICATES TRACE AMOUNT.

$$
