000
CXUS56 KHNX 011655
CLMMCE


CLIMATE REPORT
NATIONAL WEATHER SERVICE SAN JOAQUIN VALLEY - HANFORD CA
855 AM PST MON DEC 1 2014

...................................

...THE MERCED CA AIRPORT CLIMATE SUMMARY FOR THE MONTH OF NOVEMBER 2014...

CLIMATE NORMAL PERIOD 1981 TO 2010
CLIMATE RECORD PERIOD 1998 TO 2014

WEATHER         OBSERVED          NORMAL  DEPART  LAST YEAR`S
                 VALUE   DATE(S)  VALUE   FROM    VALUE  DATE(S)
                                          NORMAL
................................................................
TEMPERATURE (F)
RECORD
 HIGH              90   11/05/2010
 LOW               27   11/30/2004
                        11/29/2004
                        11/25/2003
HIGHEST            78   11/08        MM      MM       76  11/02
                        11/06
LOWEST             37   11/18        MM      MM       33  11/25
AVG. MAXIMUM     67.3              64.1     3.2     67.8
AVG. MINIMUM     45.0              40.7     4.3     40.0
MEAN             56.1              52.4     3.7     53.9
DAYS MAX >= 90      0               0.0     0.0        0
DAYS MIN <= 32      0               2.9    -2.9        0

PRECIPITATION (INCHES)
RECORD
 MAXIMUM         2.02   2010
TOTALS           0.70              1.18   -0.48     0.62
DAYS >= .01         6                MM      MM        3
DAYS >= .10         3                MM      MM        1
DAYS >= .50         0                MM      MM        1
DAYS >= 1.00        0                MM      MM        0
GREATEST
 24 HR. TOTAL    0.86   10/31 TO 11/01

SNOWFALL (INCHES)
RECORDS
 TOTAL             MM   MM
TOTALS            0.0                MM

DEGREE_DAYS
HEATING TOTAL     258               379    -121      329
 SINCE 7/1        285               489    -204      440
COOLING TOTAL       0                 1      -1        0
 SINCE 1/1       2147              1408     739     1787
.................................................................

WIND (MPH)
AVERAGE WIND SPEED              3.9
HIGHEST WIND SPEED/DIRECTION    22/320    DATE  11/23
HIGHEST GUST SPEED/DIRECTION    28/320    DATE  11/23

AVERAGE RH (PERCENT)     71

WEATHER CONDITIONS. NUMBER OF DAYS WITH
THUNDERSTORM              0     RAIN                       6
HAIL                      0     FOG                       30
FOG W/VIS <= 1/4 MILE     8     HAZE                      30

-  INDICATES NEGATIVE NUMBERS.
R  INDICATES RECORD WAS SET OR TIED.
MM INDICATES DATA IS MISSING.
T  INDICATES TRACE AMOUNT.

$$

SANGER/OCHS

WEATHER.GOV/HANFORD
