000
CXUS53 KEAX 012144
CLMMCI

CLIMATE REPORT
NATIONAL WEATHER SERVICE KANSAS CITY/PLEASANT HILL MO
343 PM CST FRI DEC 1 2017

...................................

...THE KANSAS CITY INTERNATIONAL MO CLIMATE SUMMARY FOR THE MONTH OF
NOVEMBER 2017...

CLIMATE NORMAL PERIOD 1981 TO 2010
CLIMATE RECORD PERIOD 1888 TO 2017

WEATHER         OBSERVED          NORMAL  DEPART  LAST YEAR`S
                 VALUE   DATE(S)  VALUE   FROM    VALUE  DATE(S)
                                          NORMAL
................................................................
TEMPERATURE (F)
RECORD
 HIGH              83   11/01/1937
                        11/06/1915
 LOW                1   11/08/1991
                        11/28/1976
HIGHEST            72   11/24        73      -1       78  11/01
LOWEST             16   11/22        17      -1       27  11/19
AVG. MAXIMUM     54.4              53.2     1.2     61.7
AVG. MINIMUM     35.2              34.1     1.1     40.7
MEAN             44.8              43.6     1.2     51.2
DAYS MAX >= 90      0               0.0     0.0        0
DAYS MAX <= 32      0               1.4    -1.4        0
DAYS MIN <= 32     10              13.1    -3.1       10
DAYS MIN <= 0       0               0.0     0.0        0

PRECIPITATION (INCHES)
RECORD
 MAXIMUM         9.52   1931
 MINIMUM            T   1989
TOTALS           0.27              2.15   -1.88     0.51
DAILY AVG.       0.01              0.07   -0.06     0.02
DAYS >= .01         7               7.3    -0.3        4
DAYS >= .10         1               4.2    -3.2        2
DAYS >= .50         0               1.3    -1.3        0
DAYS >= 1.00        0               0.5    -0.5        0
GREATEST
 24 HR. TOTAL    0.14   11/11 TO 11/11

SNOWFALL (INCHES)
RECORDS
 TOTAL            9.1   1923
                        0
                        0
TOTALS            0.0               1.2    -1.2      0.0
SINCE 7/1           T               1.4    -1.4      0.0
SNOWDEPTH AVG.      0                MM      MM        0
DAYS >= 1.0         0               0.4    -0.4        0
GREATEST
 SNOW DEPTH         0   MM                             0  MM
 24 HR TOTAL      0.0   11/30 TO 11/30

DEGREE_DAYS
HEATING TOTAL     599               642     -43      419
 SINCE 7/1        880              1002    -122      584
COOLING TOTAL       0                 2      -2       13
 SINCE 1/1       1325              1360     -35     1585
.................................................................

WIND (MPH)
AVERAGE WIND SPEED              10.4
HIGHEST WIND SPEED/DIRECTION    33/210    DATE  11/20
HIGHEST GUST SPEED/DIRECTION    41/220    DATE  11/20

SKY COVER
POSSIBLE SUNSHINE (PERCENT)   MM
AVERAGE SKY COVER           0.60
NUMBER OF DAYS FAIR            8
NUMBER OF DAYS PC             12
NUMBER OF DAYS CLOUDY         10

AVERAGE RH (PERCENT)     66

WEATHER CONDITIONS. NUMBER OF DAYS WITH
THUNDERSTORM              0     MIXED PRECIP               0
HEAVY RAIN                0     RAIN                       0
LIGHT RAIN                9     FREEZING RAIN              0
LT FREEZING RAIN          0     HAIL                       0
HEAVY SNOW                0     SNOW                       0
LIGHT SNOW                0     SLEET                      0
FOG                      13     FOG W/VIS <= 1/4 MILE      3
HAZE                     12

-  INDICATES NEGATIVE NUMBERS.
R  INDICATES RECORD WAS SET OR TIED.
MM INDICATES DATA IS MISSING.
T  INDICATES TRACE AMOUNT.

$$
