000
CXUS53 KGLD 031519 RRA
CLMMCK

CLIMATE REPORT
NATIONAL WEATHER SERVICE GOODLAND
813 AM MST TUE FEB 3 2015

...................................

...THE MCCOOK CLIMATE SUMMARY FOR THE MONTH OF JANUARY 2015...

CLIMATE NORMAL PERIOD 1981 TO 2010
CLIMATE RECORD PERIOD 1896 TO 2015

WEATHER         OBSERVED          NORMAL  DEPART  LAST YEAR`S
                 VALUE   DATE(S)  VALUE   FROM    VALUE  DATE(S)
                                          NORMAL
................................................................
TEMPERATURE (F)
RECORD
 HIGH              77   01/26/2002
 LOW              -30   01/12/1912
HIGHEST            75   01/27        63      12       68  01/19
LOWEST             -5   01/04        -2      -3      -12  01/06
AVG. MAXIMUM     44.2              40.6     3.6     45.0
AVG. MINIMUM     18.0              13.9     4.1     14.5
MEAN             31.1              27.2     3.9     29.8
DAYS MAX >= 90      0               0.0     0.0        0
DAYS MAX <= 32      8               9.1    -1.1        8
DAYS MIN <= 32     29              30.9    -1.9       30
DAYS MIN <= 0       4               3.1     0.9        4

PRECIPITATION (INCHES)
RECORD
 MAXIMUM         1.37   1988
 MINIMUM         0.00   1986
TOTALS           0.12              0.51   -0.39     0.20
DAILY AVG.       0.00              0.02   -0.02     0.01
DAYS >= .01         2               2.7    -0.7        3
DAYS >= .10         1               1.4    -0.4        1
DAYS >= .50         0               0.2    -0.2        0
DAYS >= 1.00        0               0.1    -0.1        0
GREATEST
 24 HR. TOTAL    0.11   01/31 TO 01/31              0.19


.................................................................



-  INDICATES NEGATIVE NUMBERS.
R  INDICATES RECORD WAS SET OR TIED.
MM INDICATES DATA IS MISSING.
T  INDICATES TRACE AMOUNT.

$$
