000
CXUS53 KGLD 052047
CLMMCK

CLIMATE REPORT
NATIONAL WEATHER SERVICE GOODLAND
242 PM MDT TUE JUL 5 2016

...................................

...THE MCCOOK CLIMATE SUMMARY FOR THE MONTH OF JUNE 2016...

CLIMATE NORMAL PERIOD 1981 TO 2010
CLIMATE RECORD PERIOD 1896 TO 2016

WEATHER         OBSERVED          NORMAL  DEPART  LAST YEAR`S
                 VALUE   DATE(S)  VALUE   FROM    VALUE  DATE(S)
                                          NORMAL
................................................................
TEMPERATURE (F)
RECORD
 HIGH             115   06/26/2012
 LOW               33   06/11/1998
                        06/06/1998
HIGHEST           101   06/21        99       2      101  06/30
LOWEST             47   06/05        45       2       54  06/01
AVG. MAXIMUM     89.6              84.0     5.6     86.7
AVG. MINIMUM     60.3              55.9     4.4     60.4
MEAN             75.0              69.9     5.1     73.6
DAYS MAX >= 90     12               7.9     4.1        9
DAYS MAX <= 32      0               0.0     0.0        0
DAYS MIN <= 32      0               0.0     0.0        0
DAYS MIN <= 0       0               0.0     0.0        0

PRECIPITATION (INCHES)
RECORD
 MAXIMUM         8.05   2014
 MINIMUM         0.42   1978
TOTALS           2.85              3.38   -0.53     4.52
DAILY AVG.       0.09              0.11   -0.02     0.15
DAYS >= .01         3               9.1    -6.1        9
DAYS >= .10         2               5.9    -3.9        6
DAYS >= .50         1               2.2    -1.2        3
DAYS >= 1.00        1               0.9     0.1        2
GREATEST
 24 HR. TOTAL    2.57   06/17 TO 06/17              1.99



.................................................................



-  INDICATES NEGATIVE NUMBERS.
R  INDICATES RECORD WAS SET OR TIED.
MM INDICATES DATA IS MISSING.
T  INDICATES TRACE AMOUNT.

$$
