000
CXUS42 KFFC 011457
CLMMCN


CLIMATE REPORT
NATIONAL WEATHER SERVICE PEACHTREE CITY GA
1056 AM EDT SAT JUL 1 2017

...................................

...THE MACON CLIMATE SUMMARY FOR THE MONTH OF JUNE 2017...

CLIMATE NORMAL PERIOD 1981 TO 2010
CLIMATE RECORD PERIOD 1899 TO 2017

WEATHER         OBSERVED          NORMAL  DEPART  LAST YEAR`S
                 VALUE   DATE(S)  VALUE   FROM    VALUE  DATE(S)
                                          NORMAL
................................................................
TEMPERATURE (F)
RECORD
 HIGH             108   06/30/2012
 LOW               46   06/02/1972
                        06/12/1913
HIGHEST            93   06/15       105     -12      103  06/25
                        06/03
LOWEST             60   06/09        46      14       58  06/09
AVG. MAXIMUM     87.1              90.3    -3.2     93.9
AVG. MINIMUM     68.6              67.6     1.0     68.6
MEAN             77.9              78.9    -1.0     81.3
DAYS MAX >= 90      9              17.2    -8.2       24
DAYS MAX <= 32      0               0.0     0.0        0
DAYS MIN <= 32      0               0.0     0.0        0
DAYS MIN <= 0       0               0.0     0.0        0

PRECIPITATION (INCHES)
RECORD
 MAXIMUM        12.25   2013
 MINIMUM         0.40   1917
TOTALS           5.26              4.06    1.20
DAILY AVG.       0.18              0.14    0.04     0.06
DAYS >= .01        14              10.3     3.7        8
DAYS >= .10        13               6.7     6.3        4
DAYS >= .50         2               2.5    -0.5        1
DAYS >= 1.00        1               1.1    -0.1        0
GREATEST
 24 HR. TOTAL    1.23   06/04 TO 06/04           06/28 TO 06/28
                                                          06/30 TO 06/30
                                                          06/30 TO 06/30

DEGREE_DAYS
HEATING TOTAL       0                 0       0        0
 SINCE 7/1       1480              2322    -842     1798
COOLING TOTAL     394               419     -25      495
 SINCE 1/1        839               732     107      847
.................................................

WIND (MPH)
AVERAGE WIND SPEED              4.6
HIGHEST WIND SPEED/DIRECTION    29/230    DATE  06/22
HIGHEST GUST SPEED/DIRECTION    40/230    DATE  06/22

SKY COVER
POSSIBLE SUNSHINE (PERCENT)   MM
AVERAGE SKY COVER           0.40
NUMBER OF DAYS FAIR           17
NUMBER OF DAYS PC              9
NUMBER OF DAYS CLOUDY          4

AVERAGE RH (PERCENT)     75

WEATHER CONDITIONS. NUMBER OF DAYS WITH
THUNDERSTORM              0     MIXED PRECIP               0
HEAVY RAIN                8     RAIN                       7
LIGHT RAIN               14     FREEZING RAIN              0
LT FREEZING RAIN          0     HAIL                       0
HEAVY SNOW                0     SNOW                       0
LIGHT SNOW                0     SLEET                      0
FOG                      19     FOG W/VIS <= 1/4 MILE      1
HAZE                      0

-  INDICATES NEGATIVE NUMBERS.
R  INDICATES RECORD WAS SET OR TIED.
MM INDICATES DATA IS MISSING.
T  INDICATES TRACE AMOUNT.

$$
