000
CXUS54 KMEG 040102
CLMMEG


CLIMATE REPORT
NATIONAL WEATHER SERVICE MEMPHIS TN
654 PM CST SUN DEC 3 2017

...................................

...THE MEMPHIS/GERMANTOWN WFO CLIMATE SUMMARY FOR THE MONTH OF NOVEMBER 2017...

CLIMATE NORMAL PERIOD 1981 TO 2010
CLIMATE RECORD PERIOD 1988 TO 2017

WEATHER         OBSERVED          NORMAL  DEPART  LAST YEAR`S
                 VALUE   DATE(S)  VALUE   FROM    VALUE  DATE(S)
                                          NORMAL
................................................................
TEMPERATURE (F)
RECORD
 HIGH              86   11/01/2000
 LOW               18   11/18/2014
HIGHEST            82   11/02        MM      MM       85  11/03
                                                          11/01
LOWEST             25   11/23        MM      MM       29  11/21
                                                          11/20
AVG. MAXIMUM     65.0              62.4     2.6     68.0
AVG. MINIMUM     42.2              40.5     1.7     43.6
MEAN             53.6              51.5     2.1     55.8
DAYS MAX >= 90      0               0.0     0.0        0
DAYS MAX <= 32      0               0.0     0.0        0
DAYS MIN <= 32      6               6.8    -0.8        4
DAYS MIN <= 0       0               0.0     0.0        0

PRECIPITATION (INCHES)
RECORD
 MAXIMUM           MM   MM
 MINIMUM           MM   MM
TOTALS           1.96              5.36   -3.40     3.12
DAILY AVG.       0.07              0.18   -0.11     0.10
DAYS >= .01         8               9.5    -1.5        7
DAYS >= .10         5               6.3    -1.3        7
DAYS >= .50         1               3.2    -2.2        2
DAYS >= 1.00        1               1.8    -0.8        1
GREATEST
 24 HR. TOTAL    1.15   11/06 TO 11/06

SNOWFALL (INCHES)
RECORDS
 TOTAL             MM   5
TOTALS            0.0               0.0     0.0      0.0
SINCE 7/1         0.0               0.0     0.0      0.0
SNOWDEPTH AVG.      0                MM      MM        0
DAYS >= 1.0         0               0.0     0.0        0
GREATEST
 SNOW DEPTH         0   MM                             0  MM
 24 HR TOTAL      0.0   11/30 TO 11/30

DEGREE_DAYS
HEATING TOTAL     351               415     -64      293
 SINCE 7/1        505               599     -94      322
COOLING TOTAL      18                 9       9       26
 SINCE 1/1       2124              1926     198     2423
.................................................................



-  INDICATES NEGATIVE NUMBERS.
R  INDICATES RECORD WAS SET OR TIED.
MM INDICATES DATA IS MISSING.
T  INDICATES TRACE AMOUNT.

$$
