600
CXUS54 KJAN 011007
CLMMEI


CLIMATE REPORT
NATIONAL WEATHER SERVICE JACKSON MS
503 AM CDT SAT OCT 1 2016

...................................

...THE MERIDIAN CLIMATE SUMMARY FOR THE MONTH OF SEPTEMBER 2016...

CLIMATE NORMAL PERIOD 1981 TO 2010
CLIMATE RECORD PERIOD 1889 TO 2016

WEATHER         OBSERVED          NORMAL  DEPART  LAST YEAR`S
                 VALUE   DATE(S)  VALUE   FROM    VALUE  DATE(S)
                                          NORMAL
................................................................
TEMPERATURE (F)
RECORD
 HIGH             105   09/04/1990
 LOW               34   09/30/1967
                        09/29/1967
HIGHEST           101   09/24        95       6       96  09/05
LOWEST             52   09/30        49       3       48  09/14
AVG. MAXIMUM     94.5              86.8     7.7     87.8
AVG. MINIMUM     69.2              62.9     6.3     63.8
MEAN             81.8              74.8     7.0     75.8
DAYS MAX >= 90     27               9.6    17.4       13
DAYS MAX <= 32      0               0.0     0.0        0
DAYS MIN <= 32      0               0.0     0.0        0
DAYS MIN <= 0       0               0.0     0.0        0

PRECIPITATION (INCHES)
RECORD
 MAXIMUM        11.69   1906
 MINIMUM         0.09   1903
TOTALS           0.57              3.43   -2.86     3.60
DAILY AVG.       0.02              0.11   -0.09     0.12
DAYS >= .01         6               7.2    -1.2        6
DAYS >= .10         3               4.7    -1.7        2
DAYS >= .50         0               1.8    -1.8        2
DAYS >= 1.00        0               1.1    -1.1        1
GREATEST
 24 HR. TOTAL    0.22   09/17 TO 09/18              2.66

SNOWFALL (INCHES)
RECORDS
 TOTAL            0.0   MM
TOTALS            0.0               0.0     0.0      0.0
SINCE 7/1         0.0               0.0     0.0      0.0
DAYS >= TRACE       0
DAYS >= 1.0         0               0.0     0.0        0
GREATEST
 24 HR TOTAL      0.0   09/30 TO 09/30

DEGREE_DAYS
HEATING TOTAL       0                 7      -7        1
 SINCE 7/1          0                 7      -7        1
COOLING TOTAL     512               303     209      332
 SINCE 1/1       2623              1923     700     2157
.................................................................

WIND (MPH)
AVERAGE WIND SPEED              4.0
HIGHEST WIND SPEED/DIRECTION    21/030    DATE  09/20
HIGHEST GUST SPEED/DIRECTION    30/070    DATE  09/01

SKY COVER
POSSIBLE SUNSHINE (PERCENT)   MM
AVERAGE SKY COVER           0.20
NUMBER OF DAYS FAIR           24
NUMBER OF DAYS PC              5
NUMBER OF DAYS CLOUDY          1

AVERAGE RH (PERCENT)     64

WEATHER CONDITIONS. NUMBER OF DAYS WITH
THUNDERSTORM              7     MIXED PRECIP               0
HEAVY RAIN                1     RAIN                       1
LIGHT RAIN                9     FREEZING RAIN              0
LT FREEZING RAIN          0     HAIL                       0
HEAVY SNOW                0     SNOW                       0
LIGHT SNOW                0     SLEET                      0
FOG                       3     FOG W/VIS <= 1/4 MILE      1
HAZE                      1

-  INDICATES NEGATIVE NUMBERS.
R  INDICATES RECORD WAS SET OR TIED.
MM INDICATES DATA IS MISSING.
T  INDICATES TRACE AMOUNT.

$$
