221
CXUS52 KMFL 011128
CLMMIA


CLIMATE REPORT
NATIONAL WEATHER SERVICE MIAMI, FL
725 AM EDT SAT APR 1 2017

...................................

...THE MIAMI CLIMATE SUMMARY FOR THE MONTH OF MARCH 2017...

CLIMATE NORMAL PERIOD 1981 TO 2010
CLIMATE RECORD PERIOD 1895 TO 2017

WEATHER         OBSERVED          NORMAL  DEPART  LAST YEAR`S
                 VALUE   DATE(S)  VALUE   FROM    VALUE
                                          NORMAL
.............................................................
TEMPERATURE (F)
RECORD
 HIGH              93   03/22/2003
 LOW               32   03/03/1980
HIGHEST            87   03/31                         91
LOWEST             53   03/16                         57
AVG. MAXIMUM     80.5              80.3     0.2     83.4
AVG. MINIMUM     66.2              64.9     1.3     69.6
MEAN             73.4              72.6     0.8     76.5
DAYS MAX >= 90      0                                  1
DAYS MAX <= 32      0                                  0
DAYS MIN <= 32      0                                  0
DAYS MIN <= 0       0                                  0

PRECIPITATION (INCHES)
RECORD
 MAXIMUM        10.57   1986
 MINIMUM         0.00   1902
TOTALS           3.92              3.00    0.92     0.61
DAILY AVG.       0.13              0.10    0.03
DAYS >= .01         7                                  7
DAYS >= .10         6                                  2
DAYS >= .50         3                                  0
DAYS >= 1.00        2                                  0
GREATEST
 24 HR. TOTAL    1.33   03/12 TO 03/12              0.35

DEGREE_DAYS
HEATING TOTAL       3                11      -8        0
 SINCE 7/1         17               127    -110       67
COOLING TOTAL     271               247      24      364
 SINCE 1/1        765               569     196      621
..............................................................

WIND (MPH)
AVERAGE WIND SPEED              9.1
HIGHEST WIND SPEED/DIRECTION    30/080    DATE  03/05
HIGHEST GUST SPEED/DIRECTION    46/070    DATE  03/23

SKY COVER
POSSIBLE SUNSHINE (PERCENT)   64
AVERAGE SKY COVER           0.50
NUMBER OF DAYS FAIR            6
NUMBER OF DAYS PC             23
NUMBER OF DAYS CLOUDY          2

AVERAGE RH (PERCENT)     63

WEATHER CONDITIONS. NUMBER OF DAYS WITH
THUNDERSTORM              2     MIXED PRECIP               0
HEAVY RAIN                4     RAIN                       4
LIGHT RAIN                9     FREEZING RAIN              0
LT FREEZING RAIN          0     HAIL                       0
HEAVY SNOW                0     SNOW                       0
LIGHT SNOW                0     SLEET                      0
FOG                       5     FOG W/VIS <= 1/4 MILE      0
HAZE                      3

-  INDICATES NEGATIVE NUMBERS.
R  INDICATES RECORD WAS SET OR TIED.
MM INDICATES DATA IS MISSING.
T  INDICATES TRACE AMOUNT.

..................................................................


...............DATA FOR MIAMI BEACH.....MARCH 2017.............

...TEMPERATURE DATA...

AVERAGE FOR THE MONTH .... 71.8 OR 1.0 DEGREES ABOVE NORMAL.
AVERAGE MAXIMUM .......... 77.5 OR 1.2 DEGREES ABOVE NORMAL.
AVERAGE MINIMUM .......... 66.2 OR 0.9 DEGREES ABOVE NORMAL.

HIGHEST TEMPERATURE FOR THE MONTH: 82 DEGREES ON THE 3RD AND 20TH.
LOWEST TEMPERATURE FOR THE MONTH: 53 DEGREES ON THE 16TH.


...PRECIPITATION...

TOTAL FOR THE MONTH 2.25 INCHES OR 0.75 INCHES BELOW NORMAL.
TOTAL FOR THE YEAR  5.50 INCHES OR 1.92 INCHES BELOW NORMAL.
GREATEST 24-HOUR PERIOD RAINFALL 0.85 INCHES ON THE 26TH.

NUMBER OF DAYS HAVING 0.01 INCHES OR MORE ...   8.
NUMBER OF DAYS HAVING 0.10 INCHES OR MORE ...   8.
NUMBER OF DAYS HAVING 0.50 INCHES OR MORE ...   2.
NUMBER OF DAYS HAVING 1.00 INCHES OR MORE ...   0.


..................................................................


.........DATA FOR NWS MIAMI (WEST MIAMI).....MARCH 2017.......

...TEMPERATURE DATA...

AVERAGE FOR THE MONTH .... 72.4 OR 1.1 DEGREES ABOVE NORMAL.
AVERAGE MAXIMUM .......... 80.7 OR 1.2 DEGREES ABOVE NORMAL.
AVERAGE MINIMUM .......... 64.0 OR 1.0 DEGREES ABOVE NORMAL.

HIGHEST TEMPERATURE FOR THE MONTH: 86 DEGREES ON THE 30TH.
LOWEST  TEMPERATURE FOR THE MONTH: 51 DEGREES ON THE 16TH.


...PRECIPITATION...

TOTAL FOR THE MONTH 1.36 INCHES OR 1.62 INCHES BELOW NORMAL.
TOTAL FOR THE YEAR 6.82 INCHES OR 0.09 INCHES BELOW NORMAL.
GREATEST 24-HOUR PERIOD RAINFALL 0.52 INCHES ON THE 14TH.

NUMBER OF DAYS HAVING 0.01 INCHES OR MORE ... 4.
NUMBER OF DAYS HAVING 0.10 INCHES OR MORE ... 3.
NUMBER OF DAYS HAVING 0.50 INCHES OR MORE ... 1.
NUMBER OF DAYS HAVING 1.00 INCHES OR MORE ... 0.
$$
