000
CXUS53 KIND 011515
CLMMIE


CLIMATE REPORT
NATIONAL WEATHER SERVICE INDIANAPOLIS IN
1111 AM EDT SUN MAY 1 2016

...................................

...THE MUNCIE IN CLIMATE SUMMARY FOR THE MONTH OF APRIL 2016...

CLIMATE NORMAL PERIOD 1981 TO 2010
CLIMATE RECORD PERIOD 9999 TO 9999

WEATHER         OBSERVED          NORMAL  DEPART  LAST YEAR`S
                 VALUE   DATE(S)  VALUE   FROM    VALUE  DATE(S)
                                          NORMAL
................................................................
TEMPERATURE (F)
HIGHEST            83   04/18                         79  04/09
LOWEST             27   04/09                         29  04/24
                        04/03
AVG. MAXIMUM     63.7              61.7     2.0     63.6
AVG. MINIMUM     41.4              41.1     0.3     41.5
MEAN             52.5              51.4     1.1     52.6
DAYS MAX >= 90      0               0.0     0.0        0
DAYS MAX <= 32      0               0.1    -0.1        0
DAYS MIN <= 32      8               5.2     2.8        2
DAYS MIN <= 0       0               0.0     0.0        0

PRECIPITATION (INCHES)
TOTALS           3.19              3.67   -0.48     4.14
DAILY AVG.       0.11              0.12   -0.01     0.14
DAYS >= .01        12              12.3    -0.3       14
DAYS >= .10         8               7.8     0.2        8
DAYS >= .50         2               2.3    -0.3        3
DAYS >= 1.00        0               0.7    -0.7        1
GREATEST
 24 HR. TOTAL    0.99   04/10 TO 04/11

DEGREE_DAYS
HEATING TOTAL     376               422     -46      369
 SINCE 7/1       4471              5592   -1121     6100
COOLING TOTAL      10                14      -4        3
 SINCE 1/1         10                15      -5        3
.................................................................

WIND (MPH)
AVERAGE WIND SPEED              10.1
HIGHEST WIND SPEED/DIRECTION    43/330    DATE  04/02
HIGHEST GUST SPEED/DIRECTION    59/280    DATE  04/02

SKY COVER
POSSIBLE SUNSHINE (PERCENT)   MM
AVERAGE SKY COVER           0.50
NUMBER OF DAYS FAIR           12
NUMBER OF DAYS PC              8
NUMBER OF DAYS CLOUDY         10

AVERAGE RH (PERCENT)     63

WEATHER CONDITIONS. NUMBER OF DAYS WITH
THUNDERSTORM              4     MIXED PRECIP               0
HEAVY RAIN                3     RAIN                       8
LIGHT RAIN               14     FREEZING RAIN              0
LT FREEZING RAIN          0     HAIL                       0
HEAVY SNOW                0     SNOW                       1
LIGHT SNOW                5     SLEET                      0
FOG                      12     FOG W/VIS <= 1/4 MILE      0
HAZE                     12

-  INDICATES NEGATIVE NUMBERS.
R  INDICATES RECORD WAS SET OR TIED.
MM INDICATES DATA IS MISSING.
T  INDICATES TRACE AMOUNT.

$$
