000
CXUS53 KIND 011516
CLMMIE


CLIMATE REPORT
NATIONAL WEATHER SERVICE INDIANAPOLIS IN
1113 AM EDT THU SEP 1 2016

...................................

...THE MUNCIE IN CLIMATE SUMMARY FOR THE MONTH OF AUGUST 2016...

CLIMATE NORMAL PERIOD 1981 TO 2010
CLIMATE RECORD PERIOD 9999 TO 9999

WEATHER         OBSERVED          NORMAL  DEPART  LAST YEAR`S
                 VALUE   DATE(S)  VALUE   FROM    VALUE  DATE(S)
                                          NORMAL
................................................................
TEMPERATURE (F)
HIGHEST            92   08/09                         86  08/02
                        08/04
                        08/03
LOWEST             55   08/22                         50  08/21
AVG. MAXIMUM     85.5              82.8     2.7     78.8
AVG. MINIMUM     68.2              62.3     5.9     58.8
MEAN             76.8              72.5     4.3     68.8
DAYS MAX >= 90      6               3.7     2.3        0
DAYS MAX <= 32      0               0.0     0.0        0
DAYS MIN <= 32      0               0.0     0.0        0
DAYS MIN <= 0       0               0.0     0.0        0

PRECIPITATION (INCHES)
TOTALS           9.26              3.30    5.96     2.13
DAILY AVG.       0.30              0.11    0.19     0.07
DAYS >= .01        17               8.7     8.3        9
DAYS >= .10        15               5.2     9.8        5
DAYS >= .50         6               2.1     3.9        2
DAYS >= 1.00        1               0.9     0.1        0
GREATEST
 24 HR. TOTAL    2.64   08/13 TO 08/14

DEGREE_DAYS
HEATING TOTAL       0                 7      -7       15
 SINCE 7/1          3                10      -7       15
COOLING TOTAL     372               241     131      142
 SINCE 1/1       1100               834     266      761
.................................................................

WIND (MPH)
AVERAGE WIND SPEED              5.2
HIGHEST WIND SPEED/DIRECTION    29/330    DATE  08/30
HIGHEST GUST SPEED/DIRECTION    36/350    DATE  08/30

SKY COVER
POSSIBLE SUNSHINE (PERCENT)   MM
AVERAGE SKY COVER           0.40
NUMBER OF DAYS FAIR           19
NUMBER OF DAYS PC             10
NUMBER OF DAYS CLOUDY          2

AVERAGE RH (PERCENT)     75

WEATHER CONDITIONS. NUMBER OF DAYS WITH
THUNDERSTORM             14     MIXED PRECIP               0
HEAVY RAIN               11     RAIN                      11
LIGHT RAIN               16     FREEZING RAIN              0
LT FREEZING RAIN          0     HAIL                       0
HEAVY SNOW                0     SNOW                       0
LIGHT SNOW                0     SLEET                      0
FOG                      22     FOG W/VIS <= 1/4 MILE      2
HAZE                     12

-  INDICATES NEGATIVE NUMBERS.
R  INDICATES RECORD WAS SET OR TIED.
MM INDICATES DATA IS MISSING.
T  INDICATES TRACE AMOUNT.

$$
