000
CXUS54 KMEG 160129
CLMMKL


CLIMATE REPORT
NATIONAL WEATHER SERVICE MEMPHIS TN
728 PM CST MON JAN 15 2018

...................................

...THE JACKSON CLIMATE SUMMARY FOR THE YEAR OF 2017...

CLIMATE NORMAL PERIOD 1981 TO 2010
CLIMATE RECORD PERIOD 1948 TO 2018

WEATHER         OBSERVED          NORMAL  DEPART  LAST YEAR`S
                 VALUE   DATE(S)  VALUE   FROM    VALUE  DATE(S)
                                          NORMAL
................................................................
TEMPERATURE (F)
RECORD
 HIGH             107   07/27/1952
 LOW              -13   01/24/1963
HIGHEST            98   07/22                         99  07/22
LOWEST              3   01/08                         12  01/18
AVG. MAXIMUM     73.2              71.1     2.1     73.3
AVG. MINIMUM     50.9              48.6     2.3     50.8
MEAN             62.1              59.8     2.3     62.1
DAYS MAX >= 90     53              52.4     0.6       78
DAYS MAX <= 32      5               5.9    -0.9        4
DAYS MIN <= 32     61              73.6   -12.6       70
DAYS MIN <= 0       0               0.4    -0.4        0

PRECIPITATION (INCHES)
RECORD
 MAXIMUM        75.98   1974
 MINIMUM        34.68   1963
TOTALS          49.54             53.27   -3.73    46.73
DAILY AVG.       0.13              0.15   -0.02     0.13
DAYS >= .01       113             111.1     1.9      121
DAYS >= .10        83              73.6     9.4       75
DAYS >= .50        37              36.5     0.5       30
DAYS >= 1.00       11              16.9    -5.9       11

SNOWFALL (INCHES)
RECORDS
 TOTAL           25.0   1985
 SNOW DEPTH        14   03/01/2009
TOTALS            0.0               4.6    -4.6      1.5
SINCE 7/1         0.0               0.3    -0.3        T
SNOWDEPTH AVG.      0                MM      MM        0
DAYS >= TRACE       0               3.0    -3.0       12
DAYS >= 1.0         0               1.5    -1.5        1
GREATEST
 SNOW DEPTH         0   MM                             1  01/23

DEGREE_DAYS
HEATING TOTAL    2785              3574    -789     3057
 SINCE 7/1       1361              1418     -57       MM
COOLING TOTAL    1812              1699     113     2094
 SINCE 1/1       1812              1698     114     2094

FREEZE DATES
RECORD
 EARLIEST     10/04/1987
 LATEST       04/23/1986
EARLIEST                        10/29
LATEST                          04/03
.................................................................

WIND (MPH)
AVERAGE WIND SPEED              6.4
RESULTANT WIND SPEED/DIRECTION   1/222
HIGHEST WIND SPEED/DIRECTION    36/310    DATE  11/18
HIGHEST GUST SPEED/DIRECTION    54/010    DATE  05/30

SKY COVER
AVERAGE SKY COVER           0.40

AVERAGE RH (PERCENT)     73

WEATHER CONDITIONS. NUMBER OF DAYS WITH
THUNDERSTORM              0     MIXED PRECIP               0
HEAVY RAIN               51     RAIN                      68
LIGHT RAIN              114     FREEZING RAIN              0
LT FREEZING RAIN          0     HAIL                       1
HEAVY SNOW                0     SNOW                       1
LIGHT SNOW                2     SLEET                      1
FOG                     194     FOG W/VIS <= 1/4 MILE     27
HAZE                     26

-  INDICATES NEGATIVE NUMBERS.
R  INDICATES RECORD WAS SET OR TIED.
MM INDICATES DATA IS MISSING.
T  INDICATES TRACE AMOUNT.

$$
