577
CXUS54 KMEG 052131
CLMMKL


CLIMATE REPORT
NATIONAL WEATHER SERVICE MEMPHIS TN
427 PM CDT WED JUL 5 2017

...................................

...THE JACKSON CLIMATE SUMMARY FOR THE MONTH OF JUNE 2017...

CLIMATE NORMAL PERIOD 1981 TO 2010
CLIMATE RECORD PERIOD 1948 TO 2017

WEATHER         OBSERVED          NORMAL  DEPART  LAST YEAR`S
                 VALUE   DATE(S)  VALUE   FROM    VALUE  DATE(S)
                                          NORMAL
................................................................
TEMPERATURE (F)
RECORD
 HIGH             105   06/27/1954
                        06/28/1952
 LOW               44   06/07/2000
                        06/01/1966
HIGHEST            93   06/14        88       5       97  06/16
LOWEST             53   06/09        66     -13       56  06/08
AVG. MAXIMUM     86.9              87.3    -0.4     90.0
AVG. MINIMUM     65.6              65.2     0.4     67.7
MEAN             76.2              76.2     0.0     78.9
DAYS MAX >= 90      9              10.7    -1.7       16
DAYS MAX <= 32      0               0.0     0.0        0
DAYS MIN <= 32      0               0.0     0.0        0
DAYS MIN <= 0       0               0.0     0.0        0

PRECIPITATION (INCHES)
RECORD
 MAXIMUM        12.59   2014
 MINIMUM         0.56   1988
TOTALS           2.04              4.84   -2.80     2.30
DAILY AVG.       0.07              0.16   -0.09     0.08
DAYS >= .01        11               9.4     1.6        8
DAYS >= .10         8               6.8     1.2        5
DAYS >= .50         1               3.4    -2.4        2
DAYS >= 1.00        0               1.5    -1.5        1
GREATEST
 24 HR. TOTAL    0.65   06/23 TO 06/23

SNOWFALL (INCHES)
RECORDS
 TOTAL             MM   MM
TOTALS            0.0               0.0     0.0      0.0
SINCE 7/1           T               4.6    -4.6      1.5
SNOWDEPTH AVG.      0                MM      MM        0
DAYS >= 1.0         0               0.0     0.0        0
GREATEST
 SNOW DEPTH         0   MM                             0  MM
 24 HR TOTAL      0.0   06/30 TO 06/30

DEGREE_DAYS
HEATING TOTAL       0                 2      -2        0
 SINCE 7/1       2520              3574   -1054     2879
COOLING TOTAL     345               339       6      423
 SINCE 1/1        613               554      59      607
.................................................................

WIND (MPH)
AVERAGE WIND SPEED              5.1
HIGHEST WIND SPEED/DIRECTION    29/200    DATE  06/23
HIGHEST GUST SPEED/DIRECTION    36/200    DATE  06/23

SKY COVER
POSSIBLE SUNSHINE (PERCENT)   MM
AVERAGE SKY COVER           0.30
NUMBER OF DAYS FAIR           19
NUMBER OF DAYS PC             11
NUMBER OF DAYS CLOUDY          0

AVERAGE RH (PERCENT)     75

WEATHER CONDITIONS. NUMBER OF DAYS WITH
THUNDERSTORM              0     MIXED PRECIP               0
HEAVY RAIN                3     RAIN                       2
LIGHT RAIN                9     FREEZING RAIN              0
LT FREEZING RAIN          0     HAIL                       0
HEAVY SNOW                0     SNOW                       0
LIGHT SNOW                0     SLEET                      0
FOG                      15     FOG W/VIS <= 1/4 MILE      1
HAZE                      2

-  INDICATES NEGATIVE NUMBERS.
R  INDICATES RECORD WAS SET OR TIED.
MM INDICATES DATA IS MISSING.
T  INDICATES TRACE AMOUNT.

$$
