000
CXUS52 KMLB 011301
CLMMLB


CLIMATE REPORT
NATIONAL WEATHER SERVICE MELBOURNE FL
828 AM EDT WED NOV 1 2017

...................................

...THE MELBOURNE CLIMATE SUMMARY FOR THE MONTH OF OCTOBER 2017...

CLIMATE NORMAL PERIOD 1981 TO 2010
CLIMATE RECORD PERIOD 1939 TO 2017

WEATHER         OBSERVED          NORMAL  DEPART  LAST YEAR`S
                 VALUE   DATE(S)  VALUE   FROM    VALUE  DATE(S)
                                          NORMAL
................................................................
TEMPERATURE (F)
MONTHLY
 HOTTEST         80.7   2007
 COLDEST         71.3   1974
DAILY RECORD
 HIGH              96   10/02/1959
 LOW               41   10/17/1977
                        10/24/1937
OCTOBER 2017
HIGHEST            89   10/08                         90
                        10/07
LOWEST             47   10/30                         56
AVG. MAXIMUM     83.5              84.1    -0.6     83.7
AVG. MINIMUM     72.2              67.9     4.3     71.4
MEAN             77.9              76.0     1.9     77.5
DAYS MAX >= 90      0               1.9    -1.9        1
DAYS MAX <= 32      0               0.0     0.0        0
DAYS MIN <= 32      0               0.0     0.0        0
DAYS MIN <= 0       0               0.0     0.0        0

PRECIPITATION (INCHES)
MONTHLY RECORD
 MAXIMUM        13.86   1956
 MINIMUM            T   2010
DAILY RECORD
 MAXIMUM         6.03   10/17/1956
OCTOBER 2017
TOTALS          13.44              5.06    8.38     6.32
DAYS >= .01        16              11.0     5.0       13
DAYS >= .10        11               6.8     4.2        8
DAYS >= .50         8               2.9     5.1        5
DAYS >= 1.00        4               1.4     2.6        1
GREATEST
 24 HR. TOTAL    5.23   10/01 TO 10/01

SNOWFALL (INCHES)
TOTALS            0.0               0.0     0.0      0.0
SINCE 7/1         0.0               0.0     0.0      0.0
DAYS >= TRACE       0                                  0

DEGREE_DAYS
HEATING TOTAL      13                 4       9        0
 SINCE 7/1         13                 4       9        0
COOLING TOTAL     419               345      74      398
 SINCE 1/1       3836              3037     799     3557
.................................................................

WIND (MPH)
AVERAGE WIND SPEED              11.6
HIGHEST WIND SPEED/DIRECTION    33/070    DATE  10/03
HIGHEST GUST SPEED/DIRECTION    45/070    DATE  10/03

SKY COVER
POSSIBLE SUNSHINE (PERCENT)   MM
AVERAGE SKY COVER           0.40
NUMBER OF DAYS FAIR           14
NUMBER OF DAYS PC             12
NUMBER OF DAYS CLOUDY          5

AVERAGE RH (PERCENT)     74

WEATHER CONDITIONS. NUMBER OF DAYS WITH
THUNDERSTORM              5     MIXED PRECIP               0
HEAVY RAIN               11     RAIN                      10
LIGHT RAIN               22     LT FREEZING RAIN           0
HAIL                      0     LIGHT SNOW                 0
SLEET                     0     FOG                       14
FOG W/VIS <= 1/4 MILE     0     HAZE                       5

-  INDICATES NEGATIVE NUMBERS.
R  INDICATES RECORD WAS SET OR TIED.
MM INDICATES DATA IS MISSING.
T  INDICATES TRACE AMOUNT.

$$

RODRIGUEZ
