000
CXUS53 KDVN 011430
CLMMLI


CLIMATE REPORT
NATIONAL WEATHER SERVICE QUAD CITIES IA IL
923 AM CDT SAT AUG 1 2015

...................................

...THE MOLINE CLIMATE SUMMARY FOR THE MONTH OF JULY 2015...

CLIMATE NORMAL PERIOD 1981 TO 2010
CLIMATE RECORD PERIOD 1872 TO 2015

WEATHER         OBSERVED          NORMAL  DEPART
                 VALUE   DATE(S)  VALUE   FROM
                                          NORMAL
................................................
TEMPERATURE (F)
RECORD
 HIGH             111   07/14/1936
 LOW               46   07/31/1971
                        07/30/1971
                        07/22/1947
HIGHEST            94   07/25        86       8
LOWEST             56   07/08        65      -9
                        07/04
                        07/02
AVG. MAXIMUM     83.5              85.8    -2.3
AVG. MINIMUM     64.2              65.0    -0.8
MEAN             73.8              75.4    -1.6
DAYS MAX >= 90      5               7.7    -2.7
DAYS MAX <= 32      0               0.0     0.0
DAYS MIN <= 32      0               0.0     0.0
DAYS MIN <= 0       0               0.0     0.0

PRECIPITATION (INCHES)
RECORD
 MAXIMUM        11.76   1992
 MINIMUM         0.14   1936
TOTALS           4.79              4.29    0.50
DAILY AVG.       0.15              0.14    0.01
DAYS >= .01         7               9.8    -2.8
DAYS >= .10         4
DAYS >= .50         2
DAYS >= 1.00        1               1.0     0.0
GREATEST
 24 HR. TOTAL    3.20   07/06 TO 07/07

SNOWFALL (INCHES)
RECORDS
 TOTAL             MM   MM
TOTALS            0.0               0.0     0.0
SINCE 7/1         0.0               0.0     0.0
SNOWDEPTH AVG.      0
DAYS >= TRACE       0               0.0     0.0
DAYS >= 1.0         0               0.0     0.0
GREATEST
 SNOW DEPTH         0
 24 HR TOTAL      0.0   07/31 TO 07/31

DEGREE_DAYS
HEATING TOTAL       4                 2       2
 SINCE 7/1          4                 2       2
COOLING TOTAL     286               324     -38
 SINCE 1/1        574               614     -40
.................................................

WIND (MPH)
AVERAGE WIND SPEED              5.9
HIGHEST WIND SPEED/DIRECTION    31/270    DATE  07/06
HIGHEST GUST SPEED/DIRECTION    43/270    DATE  07/06

SKY COVER
POSSIBLE SUNSHINE (PERCENT)   MM
AVERAGE SKY COVER           0.20
NUMBER OF DAYS FAIR           22
NUMBER OF DAYS PC              8
NUMBER OF DAYS CLOUDY          1

AVERAGE RH (PERCENT)     72

WEATHER CONDITIONS. NUMBER OF DAYS WITH
THUNDERSTORM              0     HAIL                       0
SLEET                     0     FOG                       19
FOG W/VIS <= 1/4 MILE     2     HAZE                      10

-  INDICATES NEGATIVE NUMBERS.
R  INDICATES RECORD WAS SET OR TIED.
MM INDICATES DATA IS MISSING.
T  INDICATES TRACE AMOUNT.

$$
