000
CXUS51 KCAR 120135
CLMMLT


CLIMATE REPORT
NATIONAL WEATHER SERVICE CARIBOU, ME
835 PM EST MON DEC 11 2017

...................................

...THE MILLINOCKET ME CLIMATE SUMMARY FOR THE SEASON, FROM
9/1/2017 TO 11/30/2017...

CLIMATE NORMAL PERIOD 1981 TO 2010
CLIMATE RECORD PERIOD 1903 TO 2017

WEATHER         OBSERVED          NORMAL  DEPART  LAST YEAR`S
                 VALUE   DATE(S)  VALUE   FROM    VALUE  DATE(S)
                                          NORMAL
................................................................
TEMPERATURE (F)
RECORD
 HIGH              96   09/10/2002
 LOW              -10   11/29/1920
HIGHEST            91   09/26        MM      MM       86  09/09
LOWEST             13   11/28        MM      MM       20  11/29
                        11/13
AVG. MAXIMUM     59.5              54.8     4.7     57.7
AVG. MINIMUM     39.3              36.8     2.5     39.6
MEAN             49.4              45.8     3.6     48.7
DAYS MAX >= 90      1               0.3     0.7        0
DAYS MAX <= 32      3               3.9    -0.9        1
DAYS MIN <= 32     34              32.4     1.6       27
DAYS MIN <= 0       0               0.1    -0.1        0

PRECIPITATION (INCHES)
RECORD
 MAXIMUM        16.85   2006
 MINIMUM         7.21   2016
TOTALS          12.94                      0.72
DAILY AVG.       0.14              0.13    0.01     0.08
DAYS >= .01        30                MM      MM       33
DAYS >= .10        18                MM      MM       17
DAYS >= .50         8                MM      MM        4
DAYS >= 1.00        4                MM      MM        2
GREATEST
 24 HR. TOTAL    2.94   MM                       11/30 TO 11/30
                                                          11/30 TO 11/30
                                                          11/30 TO 11/30

SNOWFALL (INCHES)
RECORDS
 TOTAL             MM   MM
TOTALS             MM                MM      MM       MM
SINCE 7/1          MM                MM      MM       MM
SNOWDEPTH AVG.      0                MM      MM       MM
DAYS >= 1.0         0                MM      MM        0
GREATEST
 SNOW DEPTH         0   MM                            MM  MM
 24 HR TOTAL       MM                                 MM

DEGREE_DAYS
HEATING TOTAL    1438              1765    -327     1510
 SINCE 7/1       1537              1843    -306     1550
COOLING TOTAL      47                17      30       43
 SINCE 1/1        263               268      -5      350
.................................................

WIND (MPH)
AVERAGE WIND SPEED              5.0
HIGHEST WIND SPEED/DIRECTION    32/130    DATE  10/30
HIGHEST GUST SPEED/DIRECTION    55/140    DATE  10/30

SKY COVER
POSSIBLE SUNSHINE (PERCENT)   MM
AVERAGE SKY COVER           0.40
NUMBER OF DAYS FAIR           40
NUMBER OF DAYS PC             29
NUMBER OF DAYS CLOUDY         22

AVERAGE RH (PERCENT)     75

WEATHER CONDITIONS. NUMBER OF DAYS WITH
THUNDERSTORM              0     MIXED PRECIP               0
HEAVY RAIN               15     RAIN                      16
LIGHT RAIN               34     FREEZING RAIN              0
LT FREEZING RAIN          0     HAIL                       0
HEAVY SNOW                0     SNOW                       0
LIGHT SNOW                5     SLEET                      0
FOG                      55     FOG W/VIS <= 1/4 MILE     13
HAZE                      2

-  INDICATES NEGATIVE NUMBERS.
R  INDICATES RECORD WAS SET OR TIED.
MM INDICATES DATA IS MISSING.
T  INDICATES TRACE AMOUNT.

$$
