000
CXUS56 KPQR 011734
CLMMMV


CLIMATE REPORT
NATIONAL WEATHER SERVICE PORTLAND OREGON
934 AM PST SUN FEB 1 2015

...................................

...THE MCMINNVILLE OR CLIMATE SUMMARY FOR THE MONTH OF JANUARY 2015...

CLIMATE NORMAL PERIOD 1981 TO 2010
CLIMATE RECORD PERIOD 1894 TO 2015

WEATHER         OBSERVED          NORMAL  DEPART  LAST YEAR`S
                 VALUE   DATE(S)  VALUE   FROM    VALUE  DATE(S)
                                          NORMAL
................................................................
TEMPERATURE (F)
HIGHEST            62                                 56  01/29
                                                          01/13
                                                          01/11
LOWEST             24                                 22  01/05
AVG. MAXIMUM     50.6              47.7     2.9     48.2
AVG. MINIMUM     37.3              33.9     3.4     34.2
MEAN             44.0              40.8     3.2     41.2
DAYS MAX >= 90      0               0.0     0.0        0
DAYS MAX <= 32      0               0.2    -0.2        0
DAYS MIN <= 32      7              12.9    -5.9       13
DAYS MIN <= 0       0               0.0     0.0        0

PRECIPITATION (INCHES)
RECORD
 MAXIMUM        15.58   1914
 MINIMUM         0.35   1985
TOTALS           3.31              6.10   -2.79     2.69
DAYS >= .01        13                MM      MM       14
DAYS >= .10         6                MM      MM        6
DAYS >= .50         2                MM      MM        1
DAYS >= 1.00        1                MM      MM        0
GREATEST
 24 HR. TOTAL    1.92   01/17 TO 01/17

DEGREE_DAYS
HEATING TOTAL     643               750    -107      731
 SINCE 7/1       2033              2755    -722     2771
COOLING TOTAL       0                 0       0        0
 SINCE 1/1          0                 0       0        0
.................................................................

WIND (MPH)
AVERAGE WIND SPEED              3.3
RESULTANT WIND SPEED/DIRECTION   1/359
HIGHEST WIND SPEED/DIRECTION    25/240    DATE  01/18
HIGHEST GUST SPEED/DIRECTION    33/250    DATE  01/18

SKY COVER
POSSIBLE SUNSHINE (PERCENT)   MM
AVERAGE SKY COVER           0.60

AVERAGE RH (PERCENT)     85

WEATHER CONDITIONS. NUMBER OF DAYS WITH
THUNDERSTORM              0     MIXED PRECIP               0
HEAVY RAIN                1     RAIN                       5
LIGHT RAIN               12     FREEZING RAIN              0
LT FREEZING RAIN          0     HAIL                       0
HEAVY SNOW                0     SNOW                       0
LIGHT SNOW                1     SLEET                      0
FOG                      28     FOG W/VIS <= 1/4 MILE     18
HAZE                      5

-  INDICATES NEGATIVE NUMBERS.
R  INDICATES RECORD WAS SET OR TIED.
MM INDICATES DATA IS MISSING.
T  INDICATES TRACE AMOUNT.

$$
