000
CXUS56 KPQR 011511
CLMMMV


CLIMATE REPORT
NATIONAL WEATHER SERVICE PORTLAND OREGON
811 AM PDT FRI SEP 1 2017

...................................

...THE MCMINNVILLE OR CLIMATE SUMMARY FOR THE MONTH OF AUGUST 2017...

CLIMATE NORMAL PERIOD 1981 TO 2010
CLIMATE RECORD PERIOD 1894 TO 2017

WEATHER         OBSERVED          NORMAL  DEPART  LAST YEAR`S
                 VALUE   DATE(S)  VALUE   FROM    VALUE  DATE(S)
                                          NORMAL
................................................................
TEMPERATURE (F)
HIGHEST           106                                102  08/19
                                                          08/18
LOWEST             45                                 45  08/23
AVG. MAXIMUM     88.7              82.3     6.4     86.1
AVG. MINIMUM     53.4              50.5     2.9     53.0
MEAN             71.1              66.4     4.7     69.5
DAYS MAX >= 90     13               5.8     7.2       13
DAYS MAX <= 32      0               0.0     0.0        0
DAYS MIN <= 32      0               0.0     0.0        0
DAYS MIN <= 0       0               0.0     0.0        0

PRECIPITATION (INCHES)
RECORD
 MAXIMUM         4.51   1968
 MINIMUM         0.00   2000
                        1996
                        1994
TOTALS           0.19              0.58   -0.39     0.33
DAYS >= .01         1                MM      MM        2
DAYS >= .10         1                MM      MM        1
DAYS >= .50         0                MM      MM        0
DAYS >= 1.00        0                MM      MM        0
GREATEST
 24 HR. TOTAL    0.19   08/13 TO 08/13

DEGREE_DAYS
HEATING TOTAL       4                41     -37       19
 SINCE 7/1          9                85     -76       36
COOLING TOTAL     198                84     114      169
 SINCE 1/1        396               184     212      349
.................................................................

WIND (MPH)
AVERAGE WIND SPEED              5.3
RESULTANT WIND SPEED/DIRECTION   2/283
HIGHEST WIND SPEED/DIRECTION    20/220    DATE  08/11
HIGHEST GUST SPEED/DIRECTION    29/150    DATE  08/23

SKY COVER
POSSIBLE SUNSHINE (PERCENT)   MM
AVERAGE SKY COVER           0.10

AVERAGE RH (PERCENT)     64

WEATHER CONDITIONS. NUMBER OF DAYS WITH
THUNDERSTORM              0     MIXED PRECIP               0
HEAVY RAIN                0     RAIN                       1
LIGHT RAIN                3     FREEZING RAIN              0
LT FREEZING RAIN          0     HAIL                       0
HEAVY SNOW                0     SNOW                       0
LIGHT SNOW                0     SLEET                      0
FOG                       8     FOG W/VIS <= 1/4 MILE      1
HAZE                      8

-  INDICATES NEGATIVE NUMBERS.
R  INDICATES RECORD WAS SET OR TIED.
MM INDICATES DATA IS MISSING.
T  INDICATES TRACE AMOUNT.

$$
