000
CXUS56 KPQR 011447
CLMMMV


CLIMATE REPORT
NATIONAL WEATHER SERVICE PORTLAND OREGON
746 AM PDT MON AUG 1 2016

...................................

...THE MCMINNVILLE OR CLIMATE SUMMARY FOR THE MONTH OF JULY 2016...

CLIMATE NORMAL PERIOD 1981 TO 2010
CLIMATE RECORD PERIOD 1894 TO 2016

WEATHER         OBSERVED          NORMAL  DEPART  LAST YEAR`S
                 VALUE   DATE(S)  VALUE   FROM    VALUE  DATE(S)
                                          NORMAL
................................................................
TEMPERATURE (F)
HIGHEST            97                                106  07/30
LOWEST             46                                 48  07/28
                                                          07/27
AVG. MAXIMUM     80.1              81.4    -1.3     87.7
AVG. MINIMUM     54.0              50.8     3.2     55.3
MEAN             67.1              66.1     1.0     71.5
DAYS MAX >= 90      3               4.5    -1.5       12
DAYS MAX <= 32      0               0.0     0.0        0
DAYS MIN <= 32      0               0.0     0.0        0
DAYS MIN <= 0       0               0.0     0.0        0

PRECIPITATION (INCHES)
RECORD
 MAXIMUM         2.22   1983
 MINIMUM         0.00   1994
                        1988
                        1984
TOTALS           0.35              0.50   -0.15        T
DAYS >= .01         5                MM      MM        0
DAYS >= .10         2                MM      MM        0
DAYS >= .50         0                MM      MM        0
DAYS >= 1.00        0                MM      MM        0
GREATEST
 24 HR. TOTAL    0.12   07/07 TO 07/07

DEGREE_DAYS
HEATING TOTAL      17                44     -27        5
 SINCE 7/1         17                44     -27        5
COOLING TOTAL      89                78      11      216
 SINCE 1/1        180               100      80      346
.................................................................

WIND (MPH)
AVERAGE WIND SPEED              5.8
RESULTANT WIND SPEED/DIRECTION   2/260
HIGHEST WIND SPEED/DIRECTION    23/230    DATE  07/21
HIGHEST GUST SPEED/DIRECTION    30/230    DATE  07/21

SKY COVER
POSSIBLE SUNSHINE (PERCENT)   MM
AVERAGE SKY COVER           0.40

AVERAGE RH (PERCENT)     64

WEATHER CONDITIONS. NUMBER OF DAYS WITH
THUNDERSTORM              0     MIXED PRECIP               0
HEAVY RAIN                1     RAIN                       0
LIGHT RAIN                5     FREEZING RAIN              0
LT FREEZING RAIN          0     HAIL                       0
HEAVY SNOW                0     SNOW                       0
LIGHT SNOW                0     SLEET                      0
FOG                       3     FOG W/VIS <= 1/4 MILE      0
HAZE                      1

-  INDICATES NEGATIVE NUMBERS.
R  INDICATES RECORD WAS SET OR TIED.
MM INDICATES DATA IS MISSING.
T  INDICATES TRACE AMOUNT.

$$
