000
CXUS54 KMOB 010738
CLMMOB


CLIMATE REPORT
NATIONAL WEATHER SERVICE MOBILE AL
129 AM CST THU DEC 1 2016

...................................

...THE MOBILE CLIMATE SUMMARY FOR THE MONTH OF NOVEMBER 2016...

CLIMATE NORMAL PERIOD 1981 TO 2010
CLIMATE RECORD PERIOD 1842 TO 2016

WEATHER         OBSERVED          NORMAL  DEPART  LAST YEAR`S
                 VALUE   DATE(S)  VALUE   FROM    VALUE  DATE(S)
                                          NORMAL
................................................................
TEMPERATURE (F)
RECORD
 HIGH              88   11/04/2016
 LOW               22   11/25/1950
HIGHEST            88R  11/04                         86  11/05
LOWEST             32   11/22                         32  11/23
AVG. MAXIMUM     75.9              70.6     5.3     72.6
AVG. MINIMUM     49.5              48.6     0.9     54.6
MEAN             62.7              59.6     3.1     63.6
DAYS MAX >= 90      0               0.0     0.0        0
DAYS MAX <= 32      0               0.0     0.0        0
DAYS MIN <= 32      1               1.5    -0.5        1
DAYS MIN <= 0       0               0.0     0.0        0

PRECIPITATION (INCHES)

TOTALS           2.05              5.13   -3.08     5.35
DAILY AVG.       0.07              0.17   -0.10     0.18
DAYS >= .01         4               7.9    -3.9        9
DAYS >= .10         4               5.5    -1.5        5
DAYS >= .50         2               2.9    -0.9        3
DAYS >= 1.00        0               1.6    -1.6        2
GREATEST
 24 HR. TOTAL    0.84   11/30 TO 11/30


SNOWFALL (INCHES)

TOTALS            0.0               0.0     0.0      0.0
SINCE 7/1         0.0               0.0     0.0      0.0
SNOWDEPTH AVG.      0                                  0
DAYS >= 1.0         0               0.0     0.0        0
GREATEST
 SNOW DEPTH         0                                  0
 24 HR TOTAL      0.0   11/30 TO 11/30

DEGREE_DAYS
HEATING TOTAL     123               203     -80      113
 SINCE 7/1        134               258    -124      126
COOLING TOTAL      59                41      18       80
 SINCE 1/1       2807              2503     304     2801
.................................................................

WIND (MPH)
AVERAGE WIND SPEED              6.5
HIGHEST WIND SPEED/DIRECTION    30/170    DATE  11/28
HIGHEST GUST SPEED/DIRECTION    39/180    DATE  11/29

SKY COVER
POSSIBLE SUNSHINE (PERCENT)   MM
AVERAGE SKY COVER           0.40
NUMBER OF DAYS FAIR           17
NUMBER OF DAYS PC              8
NUMBER OF DAYS CLOUDY          5

AVERAGE RH (PERCENT)     64

WEATHER CONDITIONS. NUMBER OF DAYS WITH
THUNDERSTORM              2     MIXED PRECIP               0
HEAVY RAIN                2     RAIN                       2
LIGHT RAIN                4     FREEZING RAIN              0
LT FREEZING RAIN          0     HAIL                       0
HEAVY SNOW                0     SNOW                       0
LIGHT SNOW                0     SLEET                      0
FOG                      13     FOG W/VIS <= 1/4 MILE      2
HAZE                      3

-  INDICATES NEGATIVE NUMBERS.
R  INDICATES RECORD WAS SET OR TIED.
MM INDICATES DATA IS MISSING.
T  INDICATES TRACE AMOUNT.

$$
