000
CXUS53 KMQT 011333
CLMMQT
CLIMATE REPORT
NATIONAL WEATHER SERVICE MARQUETTE MI
833 AM EST FRI MAR 01 2024
...................................
...THE MARQUETTE MI CLIMATE SUMMARY FOR THE MONTH OF FEBRUARY 2024...
CLIMATE NORMAL PERIOD: 1991 TO 2020
CLIMATE RECORD PERIOD: 1961 TO 2024
WEATHER OBSERVED NORMAL DEPART LAST YEAR`S
VALUE DATE(S) VALUE FROM VALUE DATE(S)
NORMAL
................................................................
TEMPERATURE (F)
RECORD
HIGH 61 02/17/1981
LOW -34 02/17/1979
HIGHEST 57 02/27 24 33 50 02/08
LOWEST -3 02/17 5 -8 -7 02/03
AVG. MAXIMUM 35.5 24.9 10.6 28.9
AVG. MINIMUM 15.2 6.8 8.4 10.4
MEAN 25.4 15.8 9.6 19.7
DAYS MAX >= 90 0 0.0 0.0 0
DAYS MAX <= 32 13 21.8 -8.8 17
DAYS MIN <= 32 27 27.7 -0.7 28
DAYS MIN <= 0 4 9.6 -5.6 4
PRECIPITATION (INCHES)
RECORD
MAXIMUM 6.88 2019
MINIMUM 0.48 1994
TOTALS 1.07 2.24 -1.17 2.90
DAILY AVG. 0.04 NAN NAN 0.10
DAYS >= .01 13 14.0 -1.0 19
DAYS >= .10 3 6.6 -3.6 7
DAYS >= .50 0 1.0 -1.0 1
DAYS >= 1.00 0 0.2 -0.2 1
GREATEST
24 HR. TOTAL 0.27 02/28 TO 02/28
SNOWFALL (INCHES)
RECORDS
TOTAL 91.9 2002
TOTALS 22.8 36.8 -14.0 43.4
SINCE 7/1 87.1 148.4 -61.3 MM
SNOWDEPTH AVG. 10 26
DAYS >= 1.0 6 8.9 -2.9 8
GREATEST
SNOW DEPTH 12 02/17 37 02/24
02/19
24 HR TOTAL MM
DEGREE DAYS
HEATING TOTAL 1142 1376 -234 1262
SINCE 7/1 5561 6590 -1029 MM
COOLING TOTAL 0 0 0 0
SINCE 1/1 0 0 0 MM
................................................................
WIND (MPH)
AVERAGE WIND SPEED MM
HIGHEST WIND SPEED/DIRECTION MM DATE MM
HIGHEST GUST SPEED/DIRECTION 35/315 DATE 02/28
SKY COVER
POSSIBLE SUNSHINE (PERCENT) MM
AVERAGE SKY COVER MM
NUMBER OF DAYS FAIR 0
NUMBER OF DAYS PC 0
NUMBER OF DAYS CLOUDY 0
AVERAGE RH (PERCENT) MM
WEATHER CONDITIONS. NUMBER OF DAYS WITH
THUNDERSTORM 0 MIXED PRECIP 0
HEAVY RAIN 0 RAIN 0
LIGHT RAIN 4 FREEZING RAIN 0
LT FREEZING RAIN 1 HAIL 0
HEAVY SNOW 1 SNOW 2
LIGHT SNOW 17 SLEET 1
FOG 5 FOG W/VIS <= 1/4 MILE 2
HAZE 0
- INDICATES NEGATIVE NUMBERS.
R INDICATES RECORD WAS SET OR TIED.
MM INDICATES DATA IS MISSING.
T INDICATES TRACE AMOUNT.
$$