000
CXUS55 KMSO 020807
CLMMSO


CLIMATE REPORT
NATIONAL WEATHER SERVICE MISSOULA, MT
107 AM MST TUE DEC 2 2014

...................................

...THE MISSOULA MT CLIMATE SUMMARY FOR THE MONTH OF NOVEMBER 2014...

CLIMATE NORMAL PERIOD 1981 TO 2010
CLIMATE RECORD PERIOD 1893 TO 2014

WEATHER         OBSERVED          NORMAL  DEPART  LAST YEAR`S
                 VALUE   DATE(S)  VALUE   FROM    VALUE
                                          NORMAL
.............................................................
TEMPERATURE (F)
RECORD
 HIGH              73   11/12/1999
 LOW              -23   11/16/1955
HIGHEST            63   11/06        MM      MM       52
LOWEST             -4   11/13        MM      MM        9
AVG. MAXIMUM     37.2              41.5    -4.3     41.4
AVG. MINIMUM     21.5              24.9    -3.4     25.1
MEAN             29.4              33.2    -3.8     33.3
DAYS MAX >= 90      0               0.0     0.0        0
DAYS MAX <= 32     12               4.8     7.2        3
DAYS MIN <= 32     23              24.1    -1.1       22
DAYS MIN <= 0       2               0.4     1.6        0

PRECIPITATION (INCHES)
RECORD
 MAXIMUM         5.48   1927
 MINIMUM            T   1904
TOTALS           2.89              1.01    1.88     0.54
DAILY AVG.       0.10              0.03    0.07     0.02
DAYS >= .01        14              11.1     2.9       10
DAYS >= .10         7               3.1     3.9        2
DAYS >= .50         1               0.2     0.8        0
DAYS >= 1.00        0               0.0     0.0        0
GREATEST
 24 HR. TOTAL    1.06   11/01 TO 11/02              0.19

SNOWFALL (INCHES)
TOTALS           10.0               5.4     4.6      1.8
SINCE 7/1        10.0               6.0     4.0      1.8
DAYS >= TRACE      10               5.4     4.6        9
DAYS >= 1.0         4               1.9     2.1        1
GREATEST
 SNOW DEPTH         4   11/10                          1
 24 HR TOTAL      4.0   11/10 TO 11/10               1.2

DEGREE_DAYS
HEATING TOTAL    1062               954     108
 SINCE 7/1       1756              1896    -140
COOLING TOTAL       0                 0       0
 SINCE 1/1        390               332      58
..............................................................

WIND (MPH)
AVERAGE WIND SPEED              4.7
HIGHEST WIND SPEED/DIRECTION    39/280    DATE  11/06
HIGHEST GUST SPEED/DIRECTION    46/270    DATE  11/06

SKY COVER
POSSIBLE SUNSHINE (PERCENT)   MM
AVERAGE SKY COVER           0.60
NUMBER OF DAYS FAIR            9
NUMBER OF DAYS PC              9
NUMBER OF DAYS CLOUDY         12

AVERAGE RH (PERCENT)     79

WEATHER CONDITIONS. NUMBER OF DAYS WITH
THUNDERSTORM              0     MIXED PRECIP               0
HEAVY RAIN                0     RAIN                       6
LIGHT RAIN               14     FREEZING RAIN              0
LT FREEZING RAIN          0     HAIL                       0
HEAVY SNOW                2     SNOW                       2
LIGHT SNOW               10     SLEET                      0
FOG                      16     FOG W/VIS <= 1/4 MILE      4
HAZE                      4

-  INDICATES NEGATIVE NUMBERS.
R  INDICATES RECORD WAS SET OR TIED.
MM INDICATES DATA IS MISSING.
T  INDICATES TRACE AMOUNT.

$$
