901
CXUS52 KKEY 031649
CLMMTH

CLIMATE REPORT
NATIONAL WEATHER SERVICE KEY WEST, FL
1134 AM EDT FRI NOV 3 2017

...................................

...THE MARATHON CLIMATE SUMMARY FOR THE MONTH OF OCTOBER 2017...

CLIMATE NORMAL PERIOD 1981 TO 2010

WEATHER         OBSERVED          NORMAL  DEPART  LAST YEAR`S
                 VALUE   DATE(S)  VALUE   FROM    VALUE  DATE(S)
                                          NORMAL
................................................................
TEMPERATURE (F)
HIGHEST            91   10/02                         91  10/05
LOWEST             64   10/31                         68  10/27
                        10/30
AVG. MAXIMUM     86.2              85.5     0.7     85.3
AVG. MINIMUM     76.2              75.8     0.4     76.3
MEAN             81.2              80.7     0.5     80.8
DAYS MAX >= 90      8               1.4     6.6        4
DAYS MAX <= 32      0               0.0     0.0        0
DAYS MIN <= 32      0               0.0     0.0        0
DAYS MIN <= 0       0               0.0     0.0        0

PRECIPITATION (INCHES)
TOTALS           7.66              4.78    2.88     2.44
DAILY AVG.       0.25              0.15    0.10     0.08
DAYS >= .01        17                                 13
DAYS >= .10         9                                  7
DAYS >= .50         5                                  1
DAYS >= 1.00        2                                  0

SNOWFALL (INCHES)
TOTALS            0.0                                0.0
SINCE 7/1         0.0                                0.0
SNOWDEPTH AVG.      0                                  0
DAYS >= 1.0         0                                  0
GREATEST
 SNOW DEPTH         0                                  0
 24 HR TOTAL      0.0   10/31 TO 10/31

DEGREE_DAYS
HEATING TOTAL       0                 0       0        0
 SINCE 7/1          0                 0       0        0
COOLING TOTAL     511               485      26      494
 SINCE 1/1       5017              4439     578     4571
.................................................................

WIND (MPH)
AVERAGE WIND SPEED              11.2
HIGHEST WIND SPEED/DIRECTION    28/080    DATE  10/05
HIGHEST GUST SPEED/DIRECTION    40/090    DATE  10/02

SKY COVER
POSSIBLE SUNSHINE (PERCENT)   MM
AVERAGE SKY COVER           0.30
NUMBER OF DAYS FAIR           24
NUMBER OF DAYS PC              6
NUMBER OF DAYS CLOUDY          1

AVERAGE RH (PERCENT)     70

WEATHER CONDITIONS. NUMBER OF DAYS WITH
THUNDERSTORM              6     MIXED PRECIP               0
HEAVY RAIN                9     RAIN                       7
LIGHT RAIN               18     FREEZING RAIN              0
LT FREEZING RAIN          0     HAIL                       0
HEAVY SNOW                0     SNOW                       0
LIGHT SNOW                0     SLEET                      0
FOG                      13     FOG W/VIS <= 1/4 MILE      0
HAZE                      8

-  INDICATES NEGATIVE NUMBERS.
R  INDICATES RECORD WAS SET OR TIED.
MM INDICATES DATA IS MISSING.
T  INDICATES TRACE AMOUNT.

$$

MARATHON CONTINUED TO OBSERVE ABOVE NORMAL TEMPERATURES DURING THE
MONTH OF OCTOBER WITH AN AVERAGE TEMPERATURE OF 81.2F OR 0.5F ABOVE
NORMAL. THIS RANKED AS THE 3RD WARMEST OCTOBER ON RECORD. SEASON TO
DATE, MARATHON HAS OBSERVED AN AVERAGE TEMPERATURE OF 83.3F, WHICH
IS GOOD ENOUGH TO TIE AS THE 5TH WARMEST FALL ON RECORD.

AFTER AN ABNORMALLY DRY SEPTEMBER, RAINFALL TOTALS BOUNCED BACK WITH
A SURPLUS OF 2.88 INCHES ABOVE NORMAL IN OCTOBER, OR 7.66 INCHES.
THIS STANDS AS THE 5TH WETTEST OCTOBER ON RECORD. THIS SURPLUS IN
RAINFALL HELPED BRING THE SEASONAL TOTAL UP TO 11.19 INCHES, OR 1.32
INCHES BELOW NORMAL.

RAINFALL AND TEMPERATURE NORMALS (1981-2010) FOR MARATHON ARE
COMPRISED OF DATA COLLECTED FROM DUCK KEY AND THE MARATHON AIRPORT
SINCE ITS INCEPTION IN 1998.


FLING
