000
CXUS56 KMTR 141543
CLMNUQ


CLIMATE REPORT
NATIONAL WEATHER SERVICE SAN FRANCISCO BAY AREA
743 AM PST SUN DEC 14 2014

...................................

...THE MOFFETT FIELD NAS CLIMATE SUMMARY FOR THE MONTH OF NOVEMBER 2014...

CLIMATE NORMAL PERIOD 1981 TO 2010
CLIMATE RECORD PERIOD 1945 TO 2014

WEATHER         OBSERVED          NORMAL  DEPART  LAST YEAR`S
                 VALUE   DATE(S)  VALUE   FROM    VALUE  DATE(S)
                                          NORMAL
................................................................
TEMPERATURE (F)
RECORD
 HIGH              87   11/01/1967
 LOW               29   11/24/1947
HIGHEST            77   11/05                         76  11/01
LOWEST             42   11/24                         41  11/25
                                                          11/24
                                                          11/23
AVG. MAXIMUM     67.9              65.1     2.8     66.7
AVG. MINIMUM     48.8                               46.4
MEAN             58.3                               56.6
DAYS MAX >= 90      0                                  0
DAYS MAX <= 32      0                                  0
DAYS MIN <= 32      0                                  0
DAYS MIN <= 0       0                                  0

PRECIPITATION (INCHES)
RECORD
 MAXIMUM         5.58   1972
 MINIMUM         0.00   1956
TOTALS           1.20                               0.59
DAILY AVG.       0.04              0.05   -0.01     0.02
DAYS >= .01        10                                  2
DAYS >= .10         4                                  2
DAYS >= .50         0                                  0
DAYS >= 1.00        0                                  0
GREATEST
 24 HR. TOTAL    0.47   11/30 TO 11/30           11/19 TO 11/20
                                                          11/30 TO 11/30
                                                          11/30 TO 11/30

DEGREE_DAYS
HEATING TOTAL     196                                245
 SINCE 7/1        227                                372
COOLING TOTAL       0                                  0
 SINCE 1/1        643                                478
.................................................

WIND (MPH)
AVERAGE WIND SPEED              2.9
RESULTANT WIND SPEED/DIRECTION   1/345
HIGHEST WIND SPEED/DIRECTION    18/180    DATE  11/19
HIGHEST GUST SPEED/DIRECTION    28/180    DATE  11/19

SKY COVER
POSSIBLE SUNSHINE (PERCENT)   MM
AVERAGE SKY COVER           0.30
NUMBER OF DAYS FAIR           19
NUMBER OF DAYS PC              9
NUMBER OF DAYS CLOUDY          2

AVERAGE RH (PERCENT)     70

WEATHER CONDITIONS. NUMBER OF DAYS WITH
THUNDERSTORM              0     MIXED PRECIP               0
HEAVY RAIN                1     RAIN                       4
LIGHT RAIN                7     FREEZING RAIN              0
LT FREEZING RAIN          0     HAIL                       0
HEAVY SNOW                0     SNOW                       0
LIGHT SNOW                0     SLEET                      0
FOG                      14     FOG W/VIS <= 1/4 MILE      3
HAZE                      6

-  INDICATES NEGATIVE NUMBERS.
R  INDICATES RECORD WAS SET OR TIED.
MM INDICATES DATA IS MISSING.
T  INDICATES TRACE AMOUNT.

$$
