000
CXUS56 KMTR 022350
CLMNUQ


CLIMATE REPORT
NATIONAL WEATHER SERVICE SAN FRANCISCO BAY AREA
350 PM PST SUN NOV 2 2014

...................................

...THE MOFFETT FIELD NAS CLIMATE SUMMARY FOR THE MONTH OF OCTOBER 2014...

CLIMATE NORMAL PERIOD 1981 TO 2010
CLIMATE RECORD PERIOD 1945 TO 2014

WEATHER         OBSERVED          NORMAL  DEPART  LAST YEAR`S
                 VALUE   DATE(S)  VALUE   FROM    VALUE  DATE(S)
                                          NORMAL
................................................................
TEMPERATURE (F)
RECORD
 HIGH              97   10/03/1985
 LOW               33   10/20/1949
                        10/29/1946
                        10/28/1946
HIGHEST            93   10/03                         85  10/05
LOWEST             48   10/27                         44  10/30
AVG. MAXIMUM     77.5              73.4     4.1     72.5
AVG. MINIMUM     55.1                               50.3
MEAN             66.3                               61.4
DAYS MAX >= 90      3                                  0
DAYS MAX <= 32      0                                  0
DAYS MIN <= 32      0                                  0
DAYS MIN <= 0       0                                  0

PRECIPITATION (INCHES)
RECORD
 MAXIMUM         3.52   1962
 MINIMUM         0.00   1954
TOTALS           0.26                               0.01
DAILY AVG.       0.01              0.02   -0.01     0.00
DAYS >= .01         3                                  1
DAYS >= .10         2                                  0
DAYS >= .50         0                                  0
DAYS >= 1.00        0                                  0
GREATEST
 24 HR. TOTAL    0.14   10/31 TO 10/31           10/27 TO 10/27
                        10/30 TO 10/31                    10/31 TO 10/31
                        10/31 TO 10/31                    10/31 TO 10/31

DEGREE_DAYS
HEATING TOTAL      29                                118
 SINCE 7/1         31                                127
COOLING TOTAL      77                                 14
 SINCE 1/1        643                                478
..................................................

WIND (MPH)
AVERAGE WIND SPEED              3.9
RESULTANT WIND SPEED/DIRECTION   2/335
HIGHEST WIND SPEED/DIRECTION    21/340    DATE  10/19
HIGHEST GUST SPEED/DIRECTION    29/190    DATE  10/14

SKY COVER
POSSIBLE SUNSHINE (PERCENT)   MM
AVERAGE SKY COVER           0.10
NUMBER OF DAYS FAIR           25
NUMBER OF DAYS PC              6
NUMBER OF DAYS CLOUDY          0

AVERAGE RH (PERCENT)     65

WEATHER CONDITIONS. NUMBER OF DAYS WITH
THUNDERSTORM              0     MIXED PRECIP               0
HEAVY RAIN                1     RAIN                       1
LIGHT RAIN                3     FREEZING RAIN              0
LT FREEZING RAIN          0     HAIL                       0
HEAVY SNOW                0     SNOW                       0
LIGHT SNOW                0     SLEET                      0
FOG                       6     FOG W/VIS <= 1/4 MILE      0
HAZE                      1

-  INDICATES NEGATIVE NUMBERS.
R  INDICATES RECORD WAS SET OR TIED.
MM INDICATES DATA IS MISSING.
T  INDICATES TRACE AMOUNT.

$$
