000
CXUS51 KOKX 011657
CLMNYC

CLIMATE REPORT
NATIONAL WEATHER SERVICE NEW YORK NY
1257 PM EDT SAT NOV 1 2014

...THE CENTRAL PARK NY CLIMATE SUMMARY FOR THE MONTH OF OCTOBER
2014...

CLIMATE NORMAL PERIOD 1981 TO 2010
CLIMATE RECORD PERIOD 1869 TO 2014

WEATHER         OBSERVED          NORMAL  DEPART  LAST YEAR`S
                 VALUE   DATE(S)  VALUE   FROM    VALUE  DATE(S)
                                          NORMAL
................................................................
TEMPERATURE (F)
RECORD
 HIGH              94   10/05/1941
 LOW               28   10/27/1936
HIGHEST            77   10/15        MM      MM       86  10/04
LOWEST             42   10/20        MM      MM       40  10/25
AVG. MAXIMUM     65.9              63.8     2.1     66.9
AVG. MINIMUM     53.4              50.0     3.4     53.5
MEAN             59.6              56.9     2.7     60.2
DAYS MAX >= 90      0               0.0     0.0        0
DAYS MAX <= 32      0               0.0     0.0        0
DAYS MIN <= 32      0               0.0     0.0        0
DAYS MIN <= 0       0               0.0     0.0        0

PRECIPITATION (INCHES)
RECORD
 MAXIMUM        16.73   2005
 MINIMUM         0.14   1963
TOTALS           5.77              4.40    1.37     0.36
DAILY AVG.       0.19              0.14    0.05     0.01
DAYS >= .01        13               8.9     4.1        5
DAYS >= .10         7               5.7     1.3        1
DAYS >= .50         5               2.7     2.3        0
DAYS >= 1.00        3               1.4     1.6        0
GREATEST
 24 HR. TOTAL    1.80   10/15 TO 10/16           10/07 TO 10/07
                                                          10/06 TO 10/07
                                                          10/07 TO 10/07
 STORM TOTAL       MM                                 MM
 (MM/DD(HH))            MM                    10/07(00) TO 10/07(00)
                                                 10/07(00) TO 10/07(00)7
                                                 10/07(00) TO 10/07(00)7

SNOWFALL (INCHES)
TOTALS            0.0               0.0     0.0      0.0
 LIQUID EQUIV    0.00                 T    0.00     0.00
SINCE 7/1         0.0               0.0     0.0      0.0
 LIQUID 7/1      0.00              0.00    0.00     0.00
SNOWDEPTH AVG.      0                MM      MM        0
DAYS >= TRACE       0               0.0     0.0        0
DAYS >= 1.0         0               0.0     0.0        0
GREATEST
 SNOW DEPTH         0   MM                             0  MM
 24 HR TOTAL      0.0   10/31 TO 10/31           10/31 TO 10/31
                                                          10/07 TO 10/07
                                                          10/07 TO 10/07
 STORM TOTAL       MM                                 MM
 (MM/DD(HH))            MM                    10/31(00) TO 10/31(00)
                                                 10/07(00) TO 10/07(00)7
                                                 10/07(00) TO 10/07(00)7

DEGREE_DAYS
HEATING TOTAL     179               268     -89      187
 SINCE 7/1        201               313    -112      223
COOLING TOTAL      20                17       3       46
 SINCE 1/1       1128              1104      24     1271
........................................................

WIND (MPH)
AVERAGE WIND SPEED              5.1
HIGHEST WIND SPEED/DIRECTION    18/310    DATE  10/26
HIGHEST GUST SPEED/DIRECTION    41/270    DATE  10/30

AVERAGE RH (PERCENT)     63

WEATHER CONDITIONS. NUMBER OF DAYS WITH
THUNDERSTORM              0     MIXED PRECIP               0
HEAVY RAIN                5     RAIN                       6
LIGHT RAIN               15     FREEZING RAIN              0
LT FREEZING RAIN          0     HAIL                       0
HEAVY SNOW                0     SNOW                       0
LIGHT SNOW                0     SLEET                      0
FOG                      13     FOG W/VIS <= 1/4 MILE      0
HAZE                      7

-  INDICATES NEGATIVE NUMBERS.
R  INDICATES RECORD WAS SET OR TIED.
MM INDICATES DATA IS MISSING.
T  INDICATES TRACE AMOUNT.

$$
