000
CXUS56 KMTR 011407
CLMOAK


CLIMATE REPORT
NATIONAL WEATHER SERVICE SAN FRANCISCO BAY AREA
707 AM PDT FRI JUL 1 2016

...................................

...THE OAKLAND AIRPORT CLIMATE SUMMARY FOR THE MONTH OF JUNE 2016...

CLIMATE NORMAL PERIOD 1981 TO 2010
CLIMATE RECORD PERIOD 1948 TO 2016

WEATHER         OBSERVED          NORMAL  DEPART  LAST YEAR`S
                 VALUE   DATE(S)  VALUE   FROM    VALUE  DATE(S)
                                          NORMAL
................................................................
TEMPERATURE (F)
RECORD
 HIGH             107   06/02/1960
 LOW               18   06/06/2010
HIGHEST            89   06/03                         88  06/08
LOWEST             51   06/11                         52  06/20
                                                          06/19
                                                          06/18
AVG. MAXIMUM     73.7              70.5     3.2     71.3
AVG. MINIMUM     55.7              53.8     1.9     55.3
MEAN             64.7                               63.3
DAYS MAX >= 90      0                                  0
DAYS MAX <= 32      0                                  0
DAYS MIN <= 32      0                                  0
DAYS MIN <= 0       0                                  0

PRECIPITATION (INCHES)
RECORD
 MAXIMUM         1.88   2011
 MINIMUM         0.00   1949
TOTALS              T              0.18   -0.18     0.18
DAILY AVG.          T              0.01   -0.01     0.01
DAYS >= .01         0                                  1
DAYS >= .10         0                                  1
DAYS >= .50         0                                  0
DAYS >= 1.00        0                                  0
GREATEST
 24 HR. TOTAL       T   06/17 TO 06/17           06/10 TO 06/10
                                                          06/30 TO 06/30
                                                          06/30 TO 06/30

DEGREE_DAYS
HEATING TOTAL      31               103     -72       62
 SINCE 7/1       1923              2873    -950     1994
COOLING TOTAL      32                18      14       19
 SINCE 1/1         66                34      32       23
.................................................

WIND (MPH)
AVERAGE WIND SPEED              10.6
RESULTANT WIND SPEED/DIRECTION   9/279
HIGHEST WIND SPEED/DIRECTION    32/280    DATE  06/15
HIGHEST GUST SPEED/DIRECTION    37/270    DATE  06/15

SKY COVER
POSSIBLE SUNSHINE (PERCENT)   MM
AVERAGE SKY COVER           0.40
NUMBER OF DAYS FAIR           13
NUMBER OF DAYS PC             12
NUMBER OF DAYS CLOUDY          5

AVERAGE RH (PERCENT)     64

WEATHER CONDITIONS. NUMBER OF DAYS WITH
THUNDERSTORM              0     MIXED PRECIP               0
HEAVY RAIN                0     RAIN                       0
LIGHT RAIN                3     FREEZING RAIN              0
LT FREEZING RAIN          0     HAIL                       0
HEAVY SNOW                0     SNOW                       0
LIGHT SNOW                0     SLEET                      0
FOG                       1     FOG W/VIS <= 1/4 MILE      0
HAZE                      1

-  INDICATES NEGATIVE NUMBERS.
R  INDICATES RECORD WAS SET OR TIED.
MM INDICATES DATA IS MISSING.
T  INDICATES TRACE AMOUNT.

$$
