000
CXUS53 KGID 011708
CLMODX


CLIMATE REPORT
NATIONAL WEATHER SERVICE HASTINGS NE
1205 PM CDT SUN OCT 1 2017

...................................

...THE ORD NE CLIMATE SUMMARY FOR THE MONTH OF SEPTEMBER 2017...

CLIMATE NORMAL PERIOD 1981 TO 2010
CLIMATE RECORD PERIOD 1895 TO 2017

WEATHER         OBSERVED          NORMAL  DEPART  LAST YEAR`S
                 VALUE   DATE(S)  VALUE   FROM    VALUE
                                          NORMAL
.............................................................
TEMPERATURE (F)
HIGHEST            97   09/22        MM      MM       93
LOWEST             38   09/06        MM      MM       MM
AVG. MAXIMUM     78.0              78.1    -0.1     77.2
AVG. MINIMUM     51.2              49.1     2.1  99999.0
MEAN             64.6              63.6     1.0       MM
DAYS MAX >= 90      5               3.3     1.7        2
DAYS MAX <= 32      0
DAYS MIN <= 32      0               0.5    -0.5        0
DAYS MIN <= 0       0

PRECIPITATION (INCHES)
TOTALS           2.89              2.44    0.45     1.70
DAILY AVG.       0.10              0.08    0.02     0.06
DAYS >= .01        10                MM      MM        4
DAYS >= .10         4                MM      MM        3
DAYS >= .50         2                MM      MM        2
DAYS >= 1.00        0                MM      MM        0
GREATEST
 24 HR. TOTAL    1.49   09/24 TO 09/25

DEGREE_DAYS
HEATING TOTAL     100
 SINCE 7/1        108
COOLING TOTAL      95
 SINCE 1/1        839
..............................................................

WIND (MPH)
AVERAGE WIND SPEED              MM
HIGHEST WIND SPEED/DIRECTION    MM        DATE   MM
HIGHEST GUST SPEED/DIRECTION    MM        DATE   MM

SKY COVER
POSSIBLE SUNSHINE (PERCENT)   MM
NUMBER OF DAYS FAIR           20
NUMBER OF DAYS PC              6
NUMBER OF DAYS CLOUDY          4

AVERAGE RH (PERCENT)     66

WEATHER CONDITIONS. NUMBER OF DAYS WITH
THUNDERSTORM              6     MIXED PRECIP               0
HEAVY RAIN                4     RAIN                       3
LIGHT RAIN               12     FREEZING RAIN              0
LT FREEZING RAIN          0     HAIL                       0
HEAVY SNOW                0     SNOW                       0
LIGHT SNOW                0     SLEET                      0
FOG                      14     FOG W/VIS <= 1/4 MILE      4
HAZE                      2

-  INDICATES NEGATIVE NUMBERS.
R  INDICATES RECORD WAS SET OR TIED.
MM INDICATES DATA IS MISSING.
T  INDICATES TRACE AMOUNT.

$$
