000
CXUS53 KOAX 011747
CLMOFK

CLIMATE REPORT
NATIONAL WEATHER SERVICE OMAHA NEBRASKA
1247 PM CDT TUE JUL 1 2014

...................................

...THE NORFOLK CLIMATE SUMMARY FOR THE MONTH OF JUNE 2014...

CLIMATE NORMAL PERIOD 1981 TO 2010
CLIMATE RECORD PERIOD 1888 TO 2014

WEATHER         OBSERVED          NORMAL  DEPART
                 VALUE   DATE(S)  VALUE   FROM
                                          NORMAL
................................................
TEMPERATURE (F)
HIGHEST            93   06/18
LOWEST             40   06/13
AVG. MAXIMUM     81.8              81.8     0.0
AVG. MINIMUM     59.0              58.6     0.4
MEAN             70.4              70.2     0.2
DAYS MAX >= 90      3
DAYS MAX <= 32      0
DAYS MIN <= 32      0
DAYS MIN <= 0       0

PRECIPITATION (INCHES)
RECORD
 MAXIMUM        12.28   1924
 MINIMUM         0.44   1933
TOTALS          11.39              4.26    7.13
DAILY AVG.       0.38
DAYS >= .01        15
DAYS >= .10        14
DAYS >= .50         6
DAYS >= 1.00        4
GREATEST
 24 HR. TOTAL    3.05   06/14 TO 06/15

SNOWFALL (INCHES)
RECORDS
 TOTAL            0.0   2002
                        2001
                        1996
TOTALS            0.0               0.0
SINCE 7/1        19.9
SNOWDEPTH AVG.      0
DAYS >= 1.0         0
GREATEST
 SNOW DEPTH         0
 24 HR TOTAL      0.0   06/30 TO 06/30

DEGREE DAYS
HEATING TOTAL      25                30      -5
 SINCE 7/1       6957              6643     314
COOLING TOTAL     194               186       8
 SINCE 1/1        291               247      44
.................................................

WIND (MPH)
AVERAGE WIND SPEED              10.2
HIGHEST WIND SPEED/DIRECTION    44/230    DATE  06/14
HIGHEST GUST SPEED/DIRECTION    59/320    DATE  06/30

SKY COVER
AVERAGE SKY COVER           0.30


WEATHER CONDITIONS. NUMBER OF DAYS WITH
THUNDERSTORM              0     MIXED PRECIP               0
HEAVY RAIN               12     RAIN                      10
LIGHT RAIN               16     FREEZING RAIN              0
LT FREEZING RAIN          0     HAIL                       0
HEAVY SNOW                0     SNOW                       0
LIGHT SNOW                0     SLEET                      0
FOG                      17     FOG W/VIS <= 1/4 MILE      2
HAZE                      1

-  INDICATES NEGATIVE NUMBERS.
R  INDICATES RECORD WAS SET OR TIED.
MM INDICATES DATA IS MISSING.
T  INDICATES TRACE AMOUNT.
>= INDICATES GREATER THAN OR EQUAL TO.
<= INDICATES LESS THAN OR EQUAL TO.

&&

  ...JUNE WAS MUCH WETTER THAN NORMAL IN NORFOLK...WITH NEAR-NORMAL
TEMPERATURES...

NORFOLK RECEIVED 11.39 INCHES OF RAINFALL THROUGH THE MONTH OF
JUNE...WHICH WAS THE 3RD WETTEST JUNE ON RECORD IN NORFOLK AND WAS
7.13 INCHES ABOVE NORMAL.  THE AVERAGE TEMPERATURE OF 70.4 DEGREES
WAS 0.2 DEGREES ABOVE NORMAL.

ACTIVE WEATHER BEGAN EARLY IN JUNE.  AFTER 0.20 INCHES OF RAIN IN
THUNDERSTORMS ON THE 1ST...A SEVERE WEATHER OUTBREAK ON THE 3RD
BROUGHT 2.45 INCHES OF RAINFALL...AS WELL AS WINDS GUSTING TO 58
MPH.  THUNDERSTORMS BROUGHT AROUND A HALF INCH OF RAIN ON BOTH THE
6TH AND THE 7TH...WITH ANOTHER 0.13 INCHES OF RAIN ON THE
9TH...BEFORE A WELCOME BREAK IN THE WEATHER ARRIVED FOR MID-MONTH.
ABOVE-NORMAL TEMPERATURES FROM THE 1ST THROUGH THE 6TH WERE FOLLOWED
BY BELOW-NORMAL TEMPERATURES FROM THE 7TH THROUGH THE 13TH...DURING
THAT COOL BREAK NO PRECIPITATION FELL FROM THE 10TH THROUGH 13TH. A
DAILY RECORD LOW TEMPERATURE OF 40 DEGREES WAS EQUALED ON THE 13TH
TO END THAT COOL SPELL.

WARMER TEMPERATURES RETURNED ON THE 14TH...WITH NEAR TO ABOVE NORMAL
TEMPERATURES CONTINUING THROUGH THE REST OF JUNE.  ACTIVE WEATHER
ALSO RETURNED MID-MONTH...WITH THUNDERSTORMS BRINGING A DAILY RECORD
RAINFALL OF 2.56 INCHES ON THE 14TH.  THUNDERSTORMS OCCURRED ON BOTH
THE 15TH AND 16TH...WITH SIGNIFICANT SEVERE WEATHER JUST NORTHEAST
OF NORFOLK AS MULTIPLE TORNADOES OCCURRED IN NORTHEAST NEBRASKA ON
BOTH DAYS.  THUNDERSTORMS BROUGHT RAINFALL ON SEVERAL MORE DAYS
THROUGH THE END OF THE MONTH, WITH THUNDERSTORMS BRINGING
SIGNIFICANT WEATHER TO THE NORFOLK AREA ON THE 30TH ALONG WITH
ANOTHER DAILY RECORD RAINFALL EVENT OF 1.15 INCHES.  IN ADDITION THE
STORMS ON THE 30TH BROUGHT THE HIGHEST WIND GUST OF THE MONTH 59
MILES AN HOUR.

TEMPERATURES IN JUNE REACHED 90 DEGREES OR GREATER ON 3 DAYS...BELOW
THE AVERAGE OF 7 DAYS...WITH THE HIGHEST TEMPERATURE OF 93 DEGREES
ON THE 18TH.


DAILY RECORDS SET IN JUNE 2014:
DATE         RECORD           READING  PREVIOUS RECORD
JUNE 13      COLD MIN TEMP     40      40 (TIES WITH 1969)
JUNE 14      RAINFALL           2.56   1.70 (1964)
JUNE 30      RAINFALL           1.15   0.80 (1903)


$$

MAYES/JEK
