000
CXUS52 KCAE 011522
CLMOGB


CLIMATE REPORT
NATIONAL WEATHER SERVICE COLUMBIA SC
1120 AM EDT WED JUL 1 2015

...................................

...THE ORANGEBURG AIRPORT SC CLIMATE SUMMARY FOR THE MONTH OF JUNE 2015...

CLIMATE NORMAL PERIOD 1981 TO 2010
CLIMATE RECORD PERIOD 9999 TO 9999

WEATHER         OBSERVED          NORMAL  DEPART
                 VALUE   DATE(S)  VALUE   FROM
                                          NORMAL
................................................
TEMPERATURE (F)
HIGHEST           102   06/17        MM      MM
LOWEST             65   06/06        MM      MM
AVG. MAXIMUM     93.1              88.9     4.2
AVG. MINIMUM     70.2              67.6     2.6
MEAN             81.6              78.3     3.3
DAYS MAX >= 90     21              12.8     8.2
DAYS MAX <= 32      0               0.0     0.0
DAYS MIN <= 32      0               0.0     0.0
DAYS MIN <= 0       0               0.0     0.0

PRECIPITATION (INCHES)
TOTALS           4.31              5.12   -0.81
DAYS >= .01         9                MM      MM
DAYS >= .10         6                MM      MM
DAYS >= .50         2                MM      MM
DAYS >= 1.00        1                MM      MM
GREATEST
 24 HR. TOTAL    2.60   06/02 TO 06/02

SNOWFALL (INCHES)
DAYS >= TRACE       0

DEGREE_DAYS
HEATING TOTAL       0                 1      -1
 SINCE 7/1       2326              2333      -7
COOLING TOTAL     508               398     110
 SINCE 1/1        884               701     183
.................................................

WIND (MPH)
AVERAGE WIND SPEED              5.8
RESULTANT WIND SPEED/DIRECTION   3/226
HIGHEST WIND SPEED/DIRECTION    36/290    DATE  06/30
HIGHEST GUST SPEED/DIRECTION    49/290    DATE  06/30

SKY COVER
POSSIBLE SUNSHINE (PERCENT)   MM
AVERAGE SKY COVER           0.20
NUMBER OF DAYS FAIR           24
NUMBER OF DAYS PC              5
NUMBER OF DAYS CLOUDY          1

AVERAGE RH (PERCENT)     67

WEATHER CONDITIONS. NUMBER OF DAYS WITH
THUNDERSTORM             14     MIXED PRECIP               0
HEAVY RAIN                4     RAIN                       6
LIGHT RAIN               14     FREEZING RAIN              0
LT FREEZING RAIN          0     HAIL                       0
HEAVY SNOW                0     SNOW                       0
LIGHT SNOW                0     SLEET                      0
FOG                      15     FOG W/VIS <= 1/4 MILE      1
HAZE                      2

-  INDICATES NEGATIVE NUMBERS.
R  INDICATES RECORD WAS SET OR TIED.
MM INDICATES DATA IS MISSING.
T  INDICATES TRACE AMOUNT.

$$
