000
CXHW52 PHFO 011612
CLMOGG


CLIMATE REPORT
NATIONAL WEATHER SERVICE HONOLULU HI
608 AM HST THU FEB 1 2018

...................................

...THE KAHULUI HI CLIMATE SUMMARY FOR THE MONTH OF JANUARY 2018...

CLIMATE NORMAL PERIOD 1981 TO 2010
CLIMATE RECORD PERIOD 1946 TO 2018

WEATHER         OBSERVED          NORMAL  DEPART  LAST YEAR`S
                 VALUE   DATE(S)  VALUE   FROM    VALUE  DATE(S)
                                          NORMAL
................................................................
TEMPERATURE (F)
RECORD
 HIGH              90   01/18/2006
                        01/10/1959
                        01/18/1952
 LOW               48   01/20/1969
HIGHEST            87   01/19        80       7       86  01/18
                                                          01/16
                                                          01/15
LOWEST             52   01/04        63     -11       57  01/04
AVG. MAXIMUM     81.6              80.6     1.0     81.6
AVG. MINIMUM     62.8              63.4    -0.6     62.9
MEAN             72.2              72.0     0.2     72.3
DAYS MAX >= 90      0               0.0     0.0        0
DAYS MAX <= 32      0               0.0     0.0        0
DAYS MIN <= 32      0               0.0     0.0        0
DAYS MIN <= 0       0               0.0     0.0        0

PRECIPITATION (INCHES)
RECORD
 MAXIMUM        14.46   1980
 MINIMUM         0.00   2012
TOTALS           0.27              2.87   -2.60     0.55
DAILY AVG.       0.01              0.09   -0.08     0.02
DAYS >= .01         3               9.6    -6.6        6
DAYS >= .10         1               4.5    -3.5        1
DAYS >= .50         0               1.5    -1.5        0
DAYS >= 1.00        0               0.7    -0.7        0
GREATEST
 24 HR. TOTAL    0.25   01/23 TO 01/23              0.40

SNOWFALL (INCHES)
RECORDS
 TOTAL            0.0   5
                        0
                        -26215
TOTALS            0.0               0.0     0.0      0.0
SINCE 7/1         0.0               0.0     0.0      0.0
SNOWDEPTH AVG.     MM                MM      MM        0
DAYS >= 1.0         0               0.0     0.0        0
GREATEST
 SNOW DEPTH        MM                                  0  MM
 24 HR TOTAL      0.0   01/31 TO 01/31               0.0

DEGREE_DAYS
HEATING TOTAL       0                 0       0        0
 SINCE 7/1          0                 0       0        0
COOLING TOTAL     218               217       1      227
 SINCE 1/1        218               217       1      227
.................................................................

WIND (MPH)
AVERAGE WIND SPEED              11.4
HIGHEST WIND SPEED/DIRECTION    36/060    DATE  01/18
HIGHEST GUST SPEED/DIRECTION    49/060    DATE  01/18

SKY COVER
POSSIBLE SUNSHINE (PERCENT)   MM
AVERAGE SKY COVER             MM
NUMBER OF DAYS FAIR            0
NUMBER OF DAYS PC              0
NUMBER OF DAYS CLOUDY          0

AVERAGE RH (PERCENT)     MM

WEATHER CONDITIONS. NUMBER OF DAYS WITH
THUNDERSTORM              0     MIXED PRECIP               0
HEAVY RAIN                0     RAIN                       0
LIGHT RAIN                0     FREEZING RAIN              0
LT FREEZING RAIN          0     HAIL                       0
HEAVY SNOW                0     SNOW                       0
LIGHT SNOW                0     SLEET                      0
FOG                      10     FOG W/VIS <= 1/4 MILE      0
HAZE                      6

-  INDICATES NEGATIVE NUMBERS.
R  INDICATES RECORD WAS SET OR TIED.
MM INDICATES DATA IS MISSING.
T  INDICATES TRACE AMOUNT.

$$
