000
CXUS56 KSGX 011433
CLMOKB


CLIMATE REPORT
NATIONAL WEATHER SERVICE SAN DIEGO, CA
732 AM PDT TUE APR 1 2014

...................................

...THE OCEANSIDE AIRPORT CA CLIMATE SUMMARY FOR THE MONTH OF MARCH 2014...

CLIMATE NORMAL PERIOD 1981 TO 2010
CLIMATE RECORD PERIOD 1999 TO 2014

WEATHER         OBSERVED          NORMAL  DEPART  LAST YEAR`S
                 VALUE   DATE(S)  VALUE   FROM    VALUE  DATE(S)
                                          NORMAL
................................................................
TEMPERATURE (F)
RECORD
 HIGH              89   03/16/2014
 LOW               31   03/08/2012
HIGHEST            89R  03/16        MM      MM       86  03/01
LOWEST             42   03/17        MM      MM       38  03/11
AVG. MAXIMUM     70.6              65.2     5.4     67.0
AVG. MINIMUM     48.3              46.1     2.2     47.9
MEAN             59.5              55.7     3.8     57.5
DAYS MAX >= 90      0               0.0     0.0        0
DAYS MAX <= 32      0               0.0     0.0        0
DAYS MAX >= 100     0                                  0
DAYS MIN <= 32      0               0.0     0.0        0

PRECIPITATION (INCHES)
RECORD
 MAXIMUM         1.94   2011
 MINIMUM           MM   MM
TOTALS           0.51              2.21   -1.70       MM
DAILY AVG.       0.02              0.07   -0.05       MM
DAYS >= .01         4                MM      MM        2
DAYS >= .10         1                MM      MM        0
DAYS >= .50         0                MM      MM        0
DAYS >= 1.00        0                MM      MM        0
DAYS >= 1.50        0                                  0
DAYS >= 2.00        0                                  0
GREATEST
 24 HR. TOTAL    0.39   03/01 TO 03/01                MM
 STORM TOTAL       MM                                 MM
 (MM/DD(HH))            MM                    03/31(00) TO 03/31(00)
                                                 03/31(00) TO 03/31(00)@
                                                 03/31(00) TO 03/31(00)@

SNOWFALL (INCHES)
TOTALS            0.0                MM      MM      0.0
SINCE 7/1         0.0                MM      MM      0.0
SNOWDEPTH AVG.      0

DEGREE_DAYS
HEATING TOTAL     168               290    -122      213
 SINCE 7/1       1340              1698    -358     1611
COOLING TOTAL       2                 1       1        0
 SINCE 1/1          2                 1       1        0

FREEZE DATES
RECORD
 EARLIEST     MM
 LATEST       MM
EARLIEST                        MM
LATEST                          MM
.................................................................

WIND (MPH)
AVERAGE WIND SPEED              4.1
RESULTANT WIND SPEED/DIRECTION   2/251
HIGHEST WIND SPEED/DIRECTION    23/240    DATE  03/01
HIGHEST GUST SPEED/DIRECTION    34/080    DATE  03/09

SKY COVER
POSSIBLE SUNSHINE (PERCENT)   MM
AVERAGE SKY COVER           0.40
NUMBER OF DAYS FAIR           15
NUMBER OF DAYS PC             11
NUMBER OF DAYS CLOUDY          5

AVERAGE RH (PERCENT)     70

WEATHER CONDITIONS. NUMBER OF DAYS WITH
THUNDERSTORM              0     MIXED PRECIP               0
HEAVY RAIN                1     RAIN                       3
LIGHT RAIN                6     FREEZING RAIN              0
LT FREEZING RAIN          0     HAIL                       0
HEAVY SNOW                0     SNOW                       0
LIGHT SNOW                0     SLEET                      0
FOG                      22     FOG W/VIS <= 1/4 MILE      2
HAZE                     12

-  INDICATES NEGATIVE NUMBERS.
R  INDICATES RECORD WAS SET OR TIED.
MM INDICATES DATA IS MISSING.
T  INDICATES TRACE AMOUNT.

$$
