397
CXUS56 KOTX 010837
CLMOMK


CLIMATE REPORT
NATIONAL WEATHER SERVICE SPOKANE, WA
134 AM PDT SAT APR 1 2017

...................................

...THE OMAK WA AIRPORT CLIMATE SUMMARY FOR THE MONTH OF MARCH 2017...

CLIMATE NORMAL PERIOD 1981 TO 2010
CLIMATE RECORD PERIOD 9999 TO 9999

WEATHER         OBSERVED          NORMAL  DEPART  LAST YEAR`S
                 VALUE   DATE(S)  VALUE   FROM    VALUE  DATE(S)
                                          NORMAL
................................................................
TEMPERATURE (F)
RECORD
 HIGH              76   03/31/1994
 LOW               -9   03/30/1996
HIGHEST            63   03/31        MM      MM       74  03/31
LOWEST             19   03/07        MM      MM       27  03/18
AVG. MAXIMUM     48.3              52.5    -4.2     55.0
AVG. MINIMUM     31.8              30.5     1.3     34.6
MEAN             40.0              41.5    -1.5     44.8
DAYS MAX >= 90      0               0.0     0.0        0
DAYS MAX <= 32      1               0.7     0.3        0
DAYS MIN <= 32     19              18.5     0.5       12
DAYS MIN <= 0       0               0.0     0.0        0

PRECIPITATION (INCHES)
RECORD
 MAXIMUM         2.93   1950
 MINIMUM            T   1936
TOTALS           2.28              1.19    1.09     2.66
DAILY AVG.       0.07              0.04    0.03     0.09
DAYS >= .01        11                MM      MM       13
DAYS >= .10         8                MM      MM        8
DAYS >= .50         1                MM      MM        2
DAYS >= 1.00        0                MM      MM        0
GREATEST
 24 HR. TOTAL    0.51   03/24 TO 03/24           03/09 TO 03/10
                                                          03/10 TO 03/10
                                                          03/10 TO 03/10

SNOWFALL (INCHES)
RECORDS
 TOTAL            8.5   1997
TOTALS             MM                MM      MM       MM
SINCE 7/1         0.0                MM      MM       MM
SNOWDEPTH AVG.     MM                MM      MM       MM
DAYS >= 1.0        MM                MM      MM        0
GREATEST
 SNOW DEPTH        MM                                 MM  MM
 24 HR TOTAL      0.0   03/08 TO 03/08                MM

DEGREE_DAYS
HEATING TOTAL     767               729      38      620
 SINCE 7/1       5702              5590     112     5026
COOLING TOTAL       0                 0       0        0
 SINCE 1/1          0                 0       0        0
.................................................

WIND (MPH)
AVERAGE WIND SPEED              6.3
HIGHEST WIND SPEED/DIRECTION    25/150    DATE  03/28
HIGHEST GUST SPEED/DIRECTION    30/160    DATE  03/28

SKY COVER
POSSIBLE SUNSHINE (PERCENT)   MM
AVERAGE SKY COVER           0.50
NUMBER OF DAYS FAIR           10
NUMBER OF DAYS PC             12
NUMBER OF DAYS CLOUDY          9

AVERAGE RH (PERCENT)     67

WEATHER CONDITIONS. NUMBER OF DAYS WITH
THUNDERSTORM              0     MIXED PRECIP               0
HEAVY RAIN                1     RAIN                       5
LIGHT RAIN               10     FREEZING RAIN              0
LT FREEZING RAIN          0     HAIL                       0
HEAVY SNOW                0     SNOW                       2
LIGHT SNOW                3     SLEET                      0
FOG                      15     FOG W/VIS <= 1/4 MILE      3
HAZE                      2

-  INDICATES NEGATIVE NUMBERS.
R  INDICATES RECORD WAS SET OR TIED.
MM INDICATES DATA IS MISSING.
T  INDICATES TRACE AMOUNT.

$$
