000
CXUS56 KOTX 011932
CLMOMK


CLIMATE REPORT
NATIONAL WEATHER SERVICE SPOKANE, WA
1113 AM PST SUN FEB 1 2015

...................................

...THE OMAK WA AIRPORT CLIMATE SUMMARY FOR THE MONTH OF JANUARY 2015...

CLIMATE NORMAL PERIOD 1981 TO 2010
CLIMATE RECORD PERIOD 9999 TO 9999

WEATHER         OBSERVED          NORMAL  DEPART  LAST YEAR`S
                 VALUE   DATE(S)  VALUE   FROM    VALUE  DATE(S)
                                          NORMAL
................................................................
TEMPERATURE (F)
RECORD
 HIGH              61   01/13/2014
 LOW              -22   01/25/1949
HIGHEST            47   01/18        MM      MM       61  01/13
LOWEST              9   01/03        MM      MM       11  01/04
                        01/01
AVG. MAXIMUM     34.7              33.0     1.7     36.1
AVG. MINIMUM     26.7              20.6     6.1     25.4
MEAN             30.7              26.8     3.9     30.7
DAYS MAX >= 90      0               0.0     0.0        0
DAYS MAX <= 32      8              11.6    -3.6       12
DAYS MIN <= 32     28              28.9    -0.9       28
DAYS MIN <= 0       0               1.3    -1.3        0

PRECIPITATION (INCHES)
RECORD
 MAXIMUM         3.31   1959
 MINIMUM         0.02   2008
TOTALS           0.73              1.69   -0.96     0.32
DAILY AVG.       0.02              0.05   -0.03     0.01
DAYS >= .01         6                MM      MM        6
DAYS >= .10         3                MM      MM        1
DAYS >= .50         0                MM      MM        0
DAYS >= 1.00        0                MM      MM        0
GREATEST
 24 HR. TOTAL    0.39   01/17 TO 01/18           01/29 TO 01/29

SNOWFALL (INCHES)
RECORDS
 TOTAL             MM
TOTALS             MM                MM      MM       MM
SINCE 7/1          MM                MM      MM       MM
SNOWDEPTH AVG.     MM                MM      MM       MM
DAYS >= 1.0        MM                MM      MM       MM
GREATEST
 SNOW DEPTH        MM                                 MM  MM
 24 HR TOTAL       MM                                 MM

DEGREE_DAYS
HEATING TOTAL    1051              1184    -133     1055
 SINCE 7/1       3499              3933    -434     3955
COOLING TOTAL       0                 0       0        0
 SINCE 1/1          0                 0       0        0
..........................................................

WIND (MPH)
AVERAGE WIND SPEED              3.9
HIGHEST WIND SPEED/DIRECTION    33/160    DATE  01/18
HIGHEST GUST SPEED/DIRECTION    41/170    DATE  01/18

SKY COVER
POSSIBLE SUNSHINE (PERCENT)   MM
AVERAGE SKY COVER           0.80
NUMBER OF DAYS FAIR            4
NUMBER OF DAYS PC              5
NUMBER OF DAYS CLOUDY         22

AVERAGE RH (PERCENT)     86

WEATHER CONDITIONS. NUMBER OF DAYS WITH
THUNDERSTORM              0     MIXED PRECIP               0
HEAVY RAIN                0     RAIN                       0
LIGHT RAIN                1     FREEZING RAIN              0
LT FREEZING RAIN          1     HAIL                       0
HEAVY SNOW                0     SNOW                       3
LIGHT SNOW                9     SLEET                      0
FOG                      23     FOG W/VIS <= 1/4 MILE      8
HAZE                      4

-  INDICATES NEGATIVE NUMBERS.
R  INDICATES RECORD WAS SET OR TIED.
MM INDICATES DATA IS MISSING.
T  INDICATES TRACE AMOUNT.

$$
