000
CXUS51 KAKQ 011811
CLMORF


CLIMATE REPORT
NATIONAL WEATHER SERVICE WAKEFIELD, VA
1244 PM EST SUN JAN 1 2017

...................................

...THE NORFOLK VA CLIMATE SUMMARY FOR THE YEAR OF 2016...

CLIMATE NORMAL PERIOD 1981 TO 2010
CLIMATE RECORD PERIOD 1871 TO 2016

WEATHER         OBSERVED          NORMAL  DEPART  LAST YEAR`S
                 VALUE   DATE(S)  VALUE   FROM    VALUE  DATE(S)
                                          NORMAL
................................................................
TEMPERATURE (F)
RECORD
 HIGH             105   07/25/2010
                        07/24/2010
                        08/07/1918
 LOW               -3   01/21/1985
HIGHEST            98   07/28        MM      MM       99  06/23
LOWEST             17   02/14        MM      MM        9  02/20
AVG. MAXIMUM     70.0              68.3     1.7     69.6
AVG. MINIMUM     53.9              52.1     1.8     53.7
MEAN             62.0              60.2     1.8     61.7
DAYS MAX >= 90     43              27.0    16.0       34
DAYS MAX <= 32      4               3.5     0.5       10
DAYS MIN <= 32     36              42.4    -6.4       50
DAYS MIN <= 0       0               0.0     0.0        0

PRECIPITATION (INCHES)
RECORD
 MAXIMUM        70.72  1889
 MINIMUM           MM   MM
TOTALS          68.86             46.53   22.33    49.64
DAILY AVG.       0.19              0.13    0.06     0.14
DAYS >= .01       124             117.0     7.0      129
DAYS >= .10        73              75.5    -2.5       79
DAYS >= .50        41              30.1    10.9       35
DAYS >= 1.00       18              11.8     6.2       13
GREATEST
 24 HR. TOTAL    9.24
 STORM TOTAL       MM
 (MM/DD(HH))

SNOWFALL (INCHES)
RECORDS
 TOTAL             MM   MM
 24 HR TOTAL       MM
 SNOW DEPTH        MM   MM
TOTALS            5.0               5.8    -0.8     12.7
 LIQUID EQUIV    0.50                MM      MM     1.27
SINCE 7/1         0.0               1.2    -1.2      0.0
 LIQUID 7/1      0.00                MM      MM     0.00
SNOWDEPTH AVG.      0                MM      MM        0
DAYS >= TRACE      14               4.0    10.0       13
DAYS >= 1.0         3               1.4     1.6        4
GREATEST
 SNOW DEPTH         1   01/24                          5  02/26
 24 HR TOTAL      1.2   MM                       12/31 TO 12/31
                                                          12/31 TO 12/31
                                                          12/31 TO 12/31
 STORM TOTAL       MM
 (MM/DD(HH))

DEGREE_DAYS
HEATING TOTAL    2998              3376    -378     3037
 SINCE 7/1         MM              1179      MM       MM
COOLING TOTAL    1998              1630     368     1974
 SINCE 1/1       1998              1629     369     1974
..................................................



-  INDICATES NEGATIVE NUMBERS.
R  INDICATES RECORD WAS SET OR TIED.
MM INDICATES DATA IS MISSING.
T  INDICATES TRACE AMOUNT.

$$
