000
CXAK59 PAOT 032140
CLMOTZ

CLIMATE REPORT
NATIONAL WEATHER SERVICE KOTZEBUE, AK
140 PM AKDT WED JUN 3 2015

...................................

...THE KOTZEBUE WSO AP CLIMATE SUMMARY FOR THE MONTH OF MAY 2015...

CLIMATE NORMAL PERIOD 1981 TO 2010
CLIMATE RECORD PERIOD 1898 TO 2015

WEATHER         OBSERVED          NORMAL  DEPART  LAST YEAR`S
                 VALUE   DATE(S)  VALUE   FROM    VALUE  DATE(S)
                                          NORMAL
................................................................
TEMPERATURE (F)
RECORD
 HIGH              71   5/26/2002
 LOW              -15   5/01/1898
HIGHEST            66   5/31         49      17      56  5/30
LOWEST             11                 8       3      19  5/05
AVG. MAXIMUM       47.1              37.8     9.3    41.4
AVG. MINIMUM       33.6              25.9     7.7    31.0
MEAN               40.3              31.9     8.4    36.2
DAYS MAX >= 90      0                 0.0     0.0     0
DAYS MAX <= 32      4                 8.0    -4.0     4
DAYS MAX >= 80      0                 0.0     0.0     0
DAYS MAX >= 70      0                 0.1    -0.1     0
DAYS MIN <= 32     11                22.0   -11.0    17
DAYS MIN <= 0       0                 0.8    -0.8     0

PRECIPITATION (INCHES)
RECORD
 MAXIMUM            1.37   2004
 MINIMUM            0.00   1978
TOTALS              0.58              0.41    0.17    0.99
DAILY AVG.          0.02              0.01    0.01    0.03
DAYS >= .01         9                 4.9     4.1    18
DAYS >= .10         3                 0.9     2.1     3
DAYS >= .50         0                 0.0     0.0     0
DAYS >= 1.0         0                 0.0     0.0     0
GREATEST
 24 HR TOTAL        0.19   5/17                       0.13  5/28

SNOWFALL (INCHES)
RECORDS
 TOTAL             12.0   1964
 24 HR TOTAL        3.5   5-06-1984
 SNOW DEPTH       138     5-02-1944
TOTALS              0.0               1.2    -1.2     0.0
SINCE 7/1          24.7              53.0   -28.3    32.2
SNOWDEPTH AVG.      0                 4      -3       0
DAYS >= TRACE       2                 6.6    -4.6    12
DAYS >= 1.0         0                 0.3    -0.3     0
DAYS >= 6.0         0                 0.0     0.0     0
GREATEST
 SNOW DEPTH         3   5/03                          0  5/10
 24 HR TOTAL        T   5/08                          T  5/26

DEGREE_DAYS
HEATING TOTAL     758              1026    -268     886
 SINCE 7/1      13136             14806   -1670   12865
COOLING TOTAL       0                 0       0       0
 SINCE 1/1          0                 0       0       0
................................................................

WIND (MPH)
AVERAGE WIND SPEED                8.7
HIGHEST WIND SPEED/DIRECTION     36/150    DATE   05/16
HIGHEST GUST SPEED/DIRECTION     43/150    DATE   05/16

SKY COVER
POSSIBLE SUNSHINE (PERCENT)   MM
AVERAGE SKY COVER             MM
NUMBER OF DAYS FAIR           MM
NUMBER OF DAYS PC             MM
NUMBER OF DAYS CLOUDY         MM

AVERAGE RH (PERCENT)     MM

WEATHER CONDITIONS. NUMBER OF DAYS WITH
THUNDERSTORM              0     ICE PELLETS                 0
RAIN                     16     GLAZE                       0
DRIZZLE                   0     HAIL                        0
SNOW                      2     HAZE                        2
FOG                      11     FOG W/VIS <= 1/4 MILE       3
BLOWING SNOW              0


-  INDICATES NEGATIVE NUMBERS.
R  INDICATES RECORD WAS SET OR TIED.
MM INDICATES DATA IS MISSING.
T  INDICATES TRACE AMOUNT.

&&

...WET AND WARM MAY IN KOTZEBUE...

MAY 2015 WAS ANOTHER RECORD SETTING MONTH IN RESPECT TO TEMPERATURES. THE MONTH
STARTED OFF WITH THE INFLUENCE OF HIGH PRESSURE OVER NORTHWEST ALASKA. THE MAJORITY
OF THE REST OF THE MONTH SAW A SERIES OF SHORTWAVES ROTATING AROUND THE BASE OF
TROUGH OVER  THE WEST COAST WITH A FEW FRONTAL PASSAGES. THE END OF THE MONTH SAW
THE INFLUENCE OF HIGH PRESSURE AND DRIER WEATHER.


TEMPERATURES... THE VILLAGE EXPERIENCED THE WARMEST ALL TIME IN DAILY MAXIMUM
TEMPERATURES...2ND IN DAILY MINIMUM TEMPERATURES...AND WARMEST ALL TIME IN AVERAGE
DAILY TEMPERATURES. A NUMBER OF RECORDS WERE SET OR TIED DURING THE MONTH OF MAY.


DATE    NEW RECORD   OLD RECORD    YEAR
5/15        39 **            38        2004
5/16        39 **            38        2004
5/17        39 **            38        1990
5/20        43 **            38        1981
5/23        48 **            42        2004
5/31        66 *             64        1961
5/31        46 **            43        1940

**- RECORD HIGH MINIMUM TEMPERATURE
*- RECORD HIGH TEMPERATURE

TIED RECORDS

DATE    TEMPERATURE   YEAR
5/14        37        1931
5/24        42        2011
5/27        42        2002


PRECIPITATION... THE VILLAGE WAS ABOVE NORMAL IN PRECIPITATION FOR THE MONTH
RANKING 19TH ALL TIME IN STATION HISTORY.  THERE WERE ONLY 12 DAYS IN THE MONTH OF
RECORDED PRECIPITATION. THE PICKED UP TWENTY NINE PERCENT OF THE MONTHLY TOTAL ON
THE 17TH OF THE MONTH. THERE WERE NO PRECIPITATION RECORDS SET FOR THE MONTH.


$$


CMK JUN 15
