000
CXUS53 KDDC 011429
CLMP28


CLIMATE REPORT
NATIONAL WEATHER SERVICE DODGE CITY KS
828 AM CST SUN JAN 1 2017

...................................

...THE MEDICINE LODGE KS CLIMATE SUMMARY FOR THE MONTH OF DECEMBER 2016...

CLIMATE NORMAL PERIOD 1981 TO 2010
CLIMATE RECORD PERIOD 1893 TO 2016

WEATHER         OBSERVED          NORMAL  DEPART  LAST YEAR`S
                 VALUE   DATE(S)  VALUE   FROM    VALUE  DATE(S)
                                          NORMAL
................................................................
TEMPERATURE (F)
RECORD
 HIGH              85   12/24/1955
 LOW              -18   12/23/1989
HIGHEST            63   12/25        MM      MM       73  12/11
LOWEST            -11   12/18        MM      MM       14  12/18
AVG. MAXIMUM     44.9              46.2    -1.3     52.2
AVG. MINIMUM     18.8              23.1    -4.3     28.0
MEAN             31.8              34.7    -2.9     40.1
DAYS MAX >= 90      0               0.0     0.0        0
DAYS MAX <= 32      5               4.4     0.6        2
DAYS MIN <= 32     29              26.8     2.2       23
DAYS MIN <= 0       2               0.1     1.9        0

PRECIPITATION (INCHES)
RECORD
 MAXIMUM         3.15   2011
 MINIMUM         0.14   2010
TOTALS           0.70              0.92   -0.22     2.37
DAYS >= .01         7               4.5     2.5        6
DAYS >= .10         3               2.1     0.9        3
DAYS >= .50         0               0.5    -0.5        1
DAYS >= 1.00        0               0.2    -0.2        1
GREATEST
 24 HR. TOTAL    0.33   12/24 TO 12/25           12/12 TO 12/13
                                                          12/29 TO 12/29
                                                          12/29 TO 12/29

DEGREE_DAYS
HEATING TOTAL    1021               941      80      740
 SINCE 7/1       1557              1799    -242     1335
COOLING TOTAL       0                 0       0        0
 SINCE 1/1       1937              1770     167     1867
..........................................................

WIND (MPH)
AVERAGE WIND SPEED              8.3
HIGHEST WIND SPEED/DIRECTION    33/240    DATE  12/25
HIGHEST GUST SPEED/DIRECTION    44/240    DATE  12/25



-  INDICATES NEGATIVE NUMBERS.
R  INDICATES RECORD WAS SET OR TIED.
MM INDICATES DATA IS MISSING.
T  INDICATES TRACE AMOUNT.

$$
