176
CXUS53 KDDC 021539
CLMP28


CLIMATE REPORT
NATIONAL WEATHER SERVICE DODGE CITY KS
937 AM CST TUE JAN 2 2018

...................................

...THE MEDICINE LODGE KS CLIMATE SUMMARY FOR THE MONTH OF DECEMBER 2017...

CLIMATE NORMAL PERIOD 1981 TO 2010
CLIMATE RECORD PERIOD 1893 TO 2018

WEATHER         OBSERVED          NORMAL  DEPART  LAST YEAR`S
                 VALUE   DATE(S)  VALUE   FROM    VALUE  DATE(S)
                                          NORMAL
................................................................
TEMPERATURE (F)
RECORD
 HIGH              85   12/24/1955
 LOW              -18   12/23/1989
HIGHEST            69   12/10        MM      MM       63  12/25
LOWEST              2   12/31        MM      MM      -11  12/18
AVG. MAXIMUM     48.6              46.2     2.4     44.9
AVG. MINIMUM     22.6              23.1    -0.5     18.8
MEAN             35.6              34.7     0.9     31.8
DAYS MAX >= 90      0               0.0     0.0        0
DAYS MAX <= 32      4               4.4    -0.4        5
DAYS MIN <= 32     27              26.8     0.2       29
DAYS MIN <= 0       0               0.1    -0.1        2

PRECIPITATION (INCHES)
RECORD
 MAXIMUM         3.98   1984
 MINIMUM         0.00   1955
                        1976
                        2001
TOTALS           0.00R             0.92   -0.92     0.70
DAYS >= .01         0               4.5    -4.5        7
DAYS >= .10         0               2.1    -2.1        3
DAYS >= .50         0               0.5    -0.5        0
DAYS >= 1.00        0               0.2    -0.2        0
GREATEST
 24 HR. TOTAL    0.00   12/31 TO 12/31           12/24 TO 12/25
                        12/30 TO 12/30                    12/25 TO 12/25
                        12/29 TO 12/29                    12/25 TO 12/25

DEGREE_DAYS
HEATING TOTAL     902               941     -39     1021
 SINCE 7/1       1662              1799    -137     1557
COOLING TOTAL       0                 0       0        0
 SINCE 1/1       1656              1770    -114     1937
......................................................

WIND (MPH)
AVERAGE WIND SPEED              9.1
HIGHEST WIND SPEED/DIRECTION    32/310    DATE  12/04
HIGHEST GUST SPEED/DIRECTION    51/320    DATE  12/04



-  INDICATES NEGATIVE NUMBERS.
R  INDICATES RECORD WAS SET OR TIED.
MM INDICATES DATA IS MISSING.
T  INDICATES TRACE AMOUNT.

$$
