000
CXUS53 KPAH 010642
CLMPAH

SDFCLMPAA 000
TTAA00 KPAH 010640


CLIMATE REPORT
NATIONAL WEATHER SERVICE PADUCAH KY
139 AM CDT TUE SEP 1 2015

...................................

...THE PADUCAH ASOS CLIMATE SUMMARY FOR THE MONTH OF AUGUST 2015...

CLIMATE NORMAL PERIOD 1981 TO 2010
CLIMATE RECORD PERIOD 1937 TO 2015

WEATHER         OBSERVED          NORMAL  DEPART  LAST YEAR`S
                 VALUE   DATE(S)  VALUE   FROM    VALUE  DATE(S)
                                          NORMAL
................................................................
TEMPERATURE (F)
RECORD
 HIGH             106   08/04/1947
 LOW               44   08/29/1986
HIGHEST            95   08/04        87       8       97  08/24
LOWEST             52   08/26        66     -14       57  08/14
                        08/25                             08/13
AVG. MAXIMUM     86.5              89.0    -2.5     90.7
AVG. MINIMUM     63.9              66.1    -2.2     69.1
MEAN             75.2              77.5    -2.3     79.9
DAYS MAX >= 90      7              13.3    -6.3       18
DAYS MAX <= 32      0               0.0     0.0        0
DAYS MIN <= 32      0               0.0     0.0        0
DAYS MIN <= 0       0               0.0     0.0        0

PRECIPITATION (INCHES)
RECORD
 MAXIMUM         7.85   2014
 MINIMUM         0.11   1996
TOTALS           1.95              2.76   -0.81     7.85
DAILY AVG.       0.06              0.09   -0.03     0.25
DAYS >= .01         7               6.9     0.1       12
DAYS >= .10         5               4.5     0.5        8
DAYS >= .50         1               1.9    -0.9        3
DAYS >= 1.00        0               0.8    -0.8        2
GREATEST
 24 HR. TOTAL    0.98   08/05 TO 08/05
 STORM TOTAL       MM
 (MM/DD(HH))            MM

DEGREE_DAYS
COOLING TOTAL     324               390     -66      472
 SINCE 1/1       1424              1313     111     1471

FREEZE DATES
RECORD
 EARLIEST     10/01/1984
 LATEST       04/28/1992
EARLIEST                        10/26
LATEST                          04/04
.................................................................

WIND (MPH)
AVERAGE WIND SPEED              3.9
HIGHEST WIND SPEED/DIRECTION    24/290    DATE  08/05
HIGHEST GUST SPEED/DIRECTION    32/280    DATE  08/05

SKY COVER
POSSIBLE SUNSHINE (PERCENT)   MM
AVERAGE SKY COVER           0.20
NUMBER OF DAYS FAIR           24
NUMBER OF DAYS PC              7
NUMBER OF DAYS CLOUDY          0

AVERAGE RH (PERCENT)     73

WEATHER CONDITIONS. NUMBER OF DAYS WITH
THUNDERSTORM              0     MIXED PRECIP               0
HEAVY RAIN                3     RAIN                       4
LIGHT RAIN                7     FREEZING RAIN              0
LT FREEZING RAIN          0     HAIL                       0
HEAVY SNOW                0     SNOW                       0
LIGHT SNOW                0     SLEET                      0
FOG                      24     FOG W/VIS <= 1/4 MILE      6
HAZE                      3

-  INDICATES NEGATIVE NUMBERS.
R  INDICATES RECORD WAS SET OR TIED.
MM INDICATES DATA IS MISSING.
T  INDICATES TRACE AMOUNT.

$$
