728
CXUS52 KMFL 011308
CLMPBI


CLIMATE REPORT
NATIONAL WEATHER SERVICE MIAMI, FL
908 AM EDT FRI MAY 1 2015

...................................

...THE WEST PALM BEACH CLIMATE SUMMARY FOR THE MONTH OF APRIL 2015...

CLIMATE NORMAL PERIOD 1981 TO 2010
CLIMATE RECORD PERIOD 1888 TO 2015

WEATHER         OBSERVED          NORMAL  DEPART  LAST YEAR`S
                 VALUE   DATE(S)  VALUE   FROM    VALUE
                                          NORMAL
.............................................................
TEMPERATURE (F)
RECORD
 HIGH              99   04/30/1971
 LOW               38   04/06/1920
HIGHEST            96   04/26                         92
LOWEST             64   04/01                         58
AVG. MAXIMUM     86.3              81.7     4.6     84.0
AVG. MINIMUM     72.1              65.8     6.3     68.4
MEAN             79.2              73.8     5.4     76.2
DAYS MAX >= 90      5                                  3
DAYS MAX <= 32      0                                  0
DAYS MIN <= 32      0                                  0
DAYS MIN <= 0       0                                  0

PRECIPITATION (INCHES)
RECORD
 MAXIMUM        18.26   1942
 MINIMUM         0.04   1967
TOTALS           8.05              3.66    4.39     1.04
DAILY AVG.       0.27              0.12    0.15     0.03
DAYS >= .01        12                                  9
DAYS >= .10         9                                  3
DAYS >= .50         4                                  0
DAYS >= 1.00        4                                  0
GREATEST
 24 HR. TOTAL    3.81   04/20 TO 04/21              0.32

DEGREE_DAYS
HEATING TOTAL       0                 4      -4        0
 SINCE 7/1        126               233    -107      122
COOLING TOTAL     434               267     167      341
 SINCE 1/1       1065               695     370      889
..............................................................

WIND (MPH)
AVERAGE WIND SPEED              9.4
HIGHEST WIND SPEED/DIRECTION    33/330    DATE  04/28
HIGHEST GUST SPEED/DIRECTION    41/320    DATE  04/28

SKY COVER
POSSIBLE SUNSHINE (PERCENT)   MM
AVERAGE SKY COVER           0.50
NUMBER OF DAYS FAIR            3
NUMBER OF DAYS PC             24
NUMBER OF DAYS CLOUDY          3

AVERAGE RH (PERCENT)     72

WEATHER CONDITIONS. NUMBER OF DAYS WITH
THUNDERSTORM              9     MIXED PRECIP               0
HEAVY RAIN                8     RAIN                       8
LIGHT RAIN               12     FREEZING RAIN              0
LT FREEZING RAIN          0     HAIL                       0
HEAVY SNOW                0     SNOW                       0
LIGHT SNOW                0     SLEET                      0
FOG                       9     FOG W/VIS <= 1/4 MILE      1
HAZE                      3

-  INDICATES NEGATIVE NUMBERS.
R  INDICATES RECORD WAS SET OR TIED.
MM INDICATES DATA IS MISSING.
T  INDICATES TRACE AMOUNT.

$$
