000
CXUS52 KMFL 011422
CLMPBI

CLIMATE REPORT
NATIONAL WEATHER SERVICE MIAMI, FL
915 AM EST SUN MAR 1 2015

...................................

...THE WEST PALM BEACH CLIMATE SUMMARY FOR THE MONTH OF FEBRUARY 2015...

CLIMATE NORMAL PERIOD 1981 TO 2010
CLIMATE RECORD PERIOD 1888 TO 2015

WEATHER         OBSERVED          NORMAL  DEPART  LAST YEAR`S
                 VALUE   DATE(S)  VALUE   FROM    VALUE
                                          NORMAL
.............................................................
TEMPERATURE (F)
RECORD
 HIGH              90   02/10/1949
                        02/18/1942
                        02/25/1928
 LOW               27   02/09/1895
HIGHEST            87   02/26                         86
LOWEST             38   02/20                         44
AVG. MAXIMUM     75.9              76.5    -0.6     80.5
AVG. MINIMUM     58.0              59.1    -1.1     64.0
MEAN             66.9              67.8    -0.9     72.3
DAYS MAX >= 90      0                                  0
DAYS MAX <= 32      0                                  0
DAYS MIN <= 32      0                                  0
DAYS MIN <= 0       0                                  0

PRECIPITATION (INCHES)
RECORD
 MAXIMUM         8.71   1983
 MINIMUM         0.00   1911
TOTALS           2.05              2.82   -0.77     1.06
DAILY AVG.       0.07              0.10   -0.03     0.04
DAYS >= .01         7                                  8
DAYS >= .10         5                                  3
DAYS >= .50         2                                  0
DAYS >= 1.00        0                                  0
GREATEST
 24 HR. TOTAL    0.94   02/09 TO 02/09              0.36

DEGREE_DAYS
HEATING TOTAL      54                48       6       13
 SINCE 7/1        124               205     -81      115
COOLING TOTAL     114               127     -13      224
 SINCE 1/1        278               235      43      346
..............................................................

WIND (MPH)
AVERAGE WIND SPEED              11.1
HIGHEST WIND SPEED/DIRECTION    30/330    DATE  02/19
HIGHEST GUST SPEED/DIRECTION    36/240    DATE  02/26

SKY COVER
POSSIBLE SUNSHINE (PERCENT)   MM
AVERAGE SKY COVER           0.50
NUMBER OF DAYS FAIR            6
NUMBER OF DAYS PC             20
NUMBER OF DAYS CLOUDY          2

AVERAGE RH (PERCENT)     67

WEATHER CONDITIONS. NUMBER OF DAYS WITH
THUNDERSTORM              5     MIXED PRECIP               0
HEAVY RAIN                4     RAIN                       4
LIGHT RAIN                8     FREEZING RAIN              0
LT FREEZING RAIN          0     HAIL                       0
HEAVY SNOW                0     SNOW                       0
LIGHT SNOW                0     SLEET                      0
FOG                       5     FOG W/VIS <= 1/4 MILE      0
HAZE                      0

-  INDICATES NEGATIVE NUMBERS.
R  INDICATES RECORD WAS SET OR TIED.
MM INDICATES DATA IS MISSING.
T  INDICATES TRACE AMOUNT.

$$
