000
CXUS56 KPQR 011458
CLMPDX


CLIMATE REPORT
NATIONAL WEATHER SERVICE PORTLAND OREGON
758 AM PDT MON SEP 1 2014

...................................

...THE PORTLAND OR CLIMATE SUMMARY FOR THE MONTH OF AUGUST 2014...

CLIMATE NORMAL PERIOD 1981 TO 2010
CLIMATE RECORD PERIOD 1940 TO 2014

WEATHER         OBSERVED          NORMAL  DEPART  LAST YEAR`S
                 VALUE   DATE(S)  VALUE   FROM    VALUE  DATE(S)
                                          NORMAL
................................................................
TEMPERATURE (F)
HIGHEST            99                                 91  08/06
LOWEST             54                                 57  08/20
AVG. MAXIMUM     84.8              81.1     3.7     81.5
AVG. MINIMUM     61.4              58.0     3.4     60.9
MEAN             73.1              69.5     3.6     71.2
DAYS MAX >= 90      9               4.2     4.8        2
DAYS MAX <= 32      0               0.0     0.0        0
DAYS MIN <= 32      0               0.0     0.0        0
DAYS MIN <= 0       0               0.0     0.0        0

PRECIPITATION (INCHES)
RECORD
 MAXIMUM         4.53   1968
 MINIMUM            T   2012
                        1998
                        1970
TOTALS           0.01              0.67   -0.66     0.78
DAYS >= .01         1               3.9    -2.9        6
DAYS >= .10         0               1.8    -1.8        2
DAYS >= .50         0               0.3    -0.3        0
DAYS >= 1.00        0               0.1    -0.1        0
GREATEST
 24 HR. TOTAL    0.01   08/12 TO 08/12
                        08/11 TO 08/12
                        08/12 TO 08/12

DEGREE_DAYS
HEATING TOTAL       0                10     -10        3
 SINCE 7/1          1                27     -26        5
COOLING TOTAL     258               152     106      203
 SINCE 1/1        535               363     172      453
.................................................................

WIND (MPH)
AVERAGE WIND SPEED              6.5
RESULTANT WIND SPEED/DIRECTION   5/317
HIGHEST WIND SPEED/DIRECTION    21/310    DATE  08/19
HIGHEST GUST SPEED/DIRECTION    26/310    DATE  08/19

SKY COVER
POSSIBLE SUNSHINE (PERCENT)   MM
AVERAGE SKY COVER           0.40
NUMBER OF DAYS FAIR            0
NUMBER OF DAYS PC              0
NUMBER OF DAYS CLOUDY          0

AVERAGE RH (PERCENT)     61

WEATHER CONDITIONS. NUMBER OF DAYS WITH
THUNDERSTORM              0     MIXED PRECIP               0
HEAVY RAIN                0     RAIN                       0
LIGHT RAIN                4     FREEZING RAIN              0
LT FREEZING RAIN          0     HAIL                       0
HEAVY SNOW                0     SNOW                       0
LIGHT SNOW                0     SLEET                      0
FOG                       0     FOG W/VIS <= 1/4 MILE      0
HAZE                      1

-  INDICATES NEGATIVE NUMBERS.
R  INDICATES RECORD WAS SET OR TIED.
MM INDICATES DATA IS MISSING.
T  INDICATES TRACE AMOUNT.

$$
