000
CXUS51 KPHI 011221
CLMPHL


CLIMATE REPORT
NATIONAL WEATHER SERVICE MOUNT HOLLY NJ
821 AM EDT MON AUG 1 2016

...................................

...THE PHILADELPHIA CLIMATE SUMMARY FOR THE MONTH OF JULY 2016...

CLIMATE NORMAL PERIOD 1981 TO 2010
CLIMATE RECORD PERIOD 1872 TO 2016

WEATHER         OBSERVED          NORMAL  DEPART  LAST YEAR`S
                 VALUE   DATE(S)  VALUE   FROM    VALUE  DATE(S)
                                          NORMAL
................................................................
TEMPERATURE (F)
RECORD
 HIGH             104   07/03/1966
                        07/10/1936
 LOW               51   07/21/1966
HIGHEST            97                96       1       95
LOWEST             65                58       7       64
AVG. MAXIMUM     89.9              87.1     2.8     87.2
AVG. MINIMUM     72.5              69.2     3.3     71.3
MEAN             81.2              78.1     3.1     79.2
DAYS MAX >= 90     16              10.3     5.7       10
DAYS MAX <= 32      0               0.0     0.0        0
DAYS MIN <= 32      0               0.0     0.0        0
DAYS MIN <= 0       0               0.0     0.0        0

PRECIPITATION (INCHES)
RECORD
 MAXIMUM        13.24   2013
 MINIMUM         0.64   1957
TOTALS           3.88              4.35   -0.47     3.16
DAILY AVG.       0.13              0.14   -0.01     0.10
DAYS >= .01        11               9.9     1.1        9
DAYS >= .10         8               6.3     1.7        5
DAYS >= .50         2               2.6    -0.6        4
DAYS >= 1.00        1               1.4    -0.4        0
GREATEST
 24 HR. TOTAL    1.68   07/25 TO 07/25              1.23

SNOWFALL (INCHES)
RECORDS
 TOTAL             MM   5
 24 HR TOTAL       MM
TOTALS            0.0               0.0     0.0      0.0
SINCE 7/1         0.0               0.0     0.0      0.0
SNOWDEPTH AVG.      0                MM      MM        0
DAYS >= 1.0         0               0.0     0.0        0
GREATEST
 SNOW DEPTH         0   MM                             0  MM
 24 HR TOTAL      0.0   07/31 TO 07/31               0.0

DEGREE_DAYS
HEATING TOTAL       0                 0       0        0
 SINCE 7/1          0                 0       0        0
COOLING TOTAL     511               408     103      449
 SINCE 1/1        907               757     150      962
.................................................................

WIND (MPH)
AVERAGE WIND SPEED              8.1
HIGHEST WIND SPEED/DIRECTION    37/300    DATE  07/16
HIGHEST GUST SPEED/DIRECTION    42/280    DATE  07/16

SKY COVER
POSSIBLE SUNSHINE (PERCENT)   MM
AVERAGE SKY COVER           0.60
NUMBER OF DAYS FAIR            1
NUMBER OF DAYS PC             23
NUMBER OF DAYS CLOUDY          7

AVERAGE RH (PERCENT)     66

WEATHER CONDITIONS. NUMBER OF DAYS WITH
THUNDERSTORM              0     MIXED PRECIP               0
HEAVY RAIN                6     RAIN                       7
LIGHT RAIN               14     FREEZING RAIN              0
LT FREEZING RAIN          0     HEAVY SNOW                 0
SNOW                      0     LIGHT SNOW                 0
SLEET                     0     FOG                       10
FOG W/VIS <= 1/4 MILE     0     HAZE                       1

-  INDICATES NEGATIVE NUMBERS.
R  INDICATES RECORD WAS SET OR TIED.
MM INDICATES DATA IS MISSING.
T  INDICATES TRACE AMOUNT.

$$
