000
CXUS55 KPSR 020113
CLMPHX

CLIMATE REPORT
NATIONAL WEATHER SERVICE PHOENIX AZ
610 PM MST SUN FEB 1 2015

...................................

...THE PHOENIX AZ CLIMATE SUMMARY FOR THE MONTH OF JANUARY 2015...

CLIMATE NORMAL PERIOD 1981 TO 2010
CLIMATE RECORD PERIOD 1895 TO 2015

WEATHER         OBSERVED          NORMAL  DEPART
                 VALUE   DATE(S)  VALUE   FROM
                                          NORMAL
................................................
TEMPERATURE (F)
RECORD
 HIGH              88   01/19/1971
 LOW               16   01/07/1913
HIGHEST            81   01/07        79       2
LOWEST             31   01/02        36      -5
AVG. MAXIMUM     69.2              67.2     2.0
AVG. MINIMUM     48.0              45.6     2.4
MEAN             58.6              56.4     2.2
DAYS MAX >= 90      0               0.0     0.0
DAYS MAX <= 32      0               0.0     0.0
DAYS MIN <= 32      1               0.1     0.9
DAYS MIN <= 0       0               0.0     0.0

PRECIPITATION (INCHES)
RECORD
 MAXIMUM         5.22   1993
 MINIMUM         0.00   2014
                        2006
                        1972
TOTALS           0.81              0.91   -0.10
DAYS >= .01         7               4.1     2.9
DAYS >= .10         3               2.4     0.6
DAYS >= .50         0               0.5    -0.5
DAYS >= 1.00        0               0.1    -0.1
GREATEST
 24 HR. TOTAL    0.59   01/29 TO 01/30

DEGREE_DAYS
HEATING TOTAL     188               269     -81
 SINCE 7/1        470               670    -200
COOLING TOTAL       0                 2      -2
 SINCE 1/1          0                 0       0
.................................................

WIND (MPH)
AVERAGE WIND SPEED              4.7
HIGHEST GUST SPEED/DIRECTION    29/060    DATE  01/22

AVERAGE RH (PERCENT)     51

WEATHER CONDITIONS. NUMBER OF DAYS WITH
THUNDERSTORM              0     HEAVY RAIN                 0
RAIN                      2     LIGHT RAIN                 8
FOG W/VIS <= 1/4 MILE     0

-  INDICATES NEGATIVE NUMBERS.
R  INDICATES RECORD WAS SET OR TIED.
MM INDICATES DATA IS MISSING.
T  INDICATES TRACE AMOUNT.

$$
