288
CXUS55 KPSR 012241
CLMPHX

CLIMATE REPORT
NATIONAL WEATHER SERVICE PHOENIX AZ
338 PM MST FRI MAY 1 2015

...................................

...THE PHOENIX AZ CLIMATE SUMMARY FOR THE MONTH OF APRIL 2015...

CLIMATE NORMAL PERIOD 1981 TO 2010
CLIMATE RECORD PERIOD 1895 TO 2015

WEATHER         OBSERVED          NORMAL  DEPART
                 VALUE   DATE(S)  VALUE   FROM
                                          NORMAL
................................................
TEMPERATURE (F)
RECORD
 HIGH             105   04/22/2012
                        04/29/1992
                        04/20/1989
 LOW               35   04/10/1922
HIGHEST            99   04/30        99       0
LOWEST             54   04/26        50       4
                        04/09
AVG. MAXIMUM     86.8              85.2     1.6
AVG. MINIMUM     61.7              60.2     1.5
MEAN             74.3              72.7     1.6
DAYS MAX >= 90     10               9.7     0.3
DAYS MAX <= 32      0               0.0     0.0
DAYS MIN <= 32      0               0.0     0.0
DAYS MIN <= 0       0               0.0     0.0

PRECIPITATION (INCHES)
RECORD
 MAXIMUM         3.36   1926
 MINIMUM         0.00   2008
                        2000
                        1993
TOTALS           0.18              0.28   -0.10
DAYS >= .01         3               1.7     1.3
DAYS >= .10         1               0.8     0.2
DAYS >= .50         0               0.1    -0.1
DAYS >= 1.00        0               0.0     0.0
GREATEST
 24 HR. TOTAL    0.16   04/25 TO 04/26

DEGREE_DAYS
HEATING TOTAL       0                20     -20
 SINCE 7/1        520               934    -414
COOLING TOTAL     287               251      36
 SINCE 1/1        590               355     235
.................................................

WIND (MPH)
AVERAGE WIND SPEED              7.2
HIGHEST GUST SPEED/DIRECTION    42/290    DATE  04/25

AVERAGE RH (PERCENT)     23

WEATHER CONDITIONS. NUMBER OF DAYS WITH
THUNDERSTORM              0     HEAVY RAIN                 0
RAIN                      0     LIGHT RAIN                 3
FOG W/VIS <= 1/4 MILE     0

-  INDICATES NEGATIVE NUMBERS.
R  INDICATES RECORD WAS SET OR TIED.
MM INDICATES DATA IS MISSING.
T  INDICATES TRACE AMOUNT.

$$
