824
CXUS55 KPSR 010850
CLMPHX

CLIMATE REPORT
NATIONAL WEATHER SERVICE PHOENIX AZ
150 AM MST FRI DEC 1 2017

...................................

...THE PHOENIX AZ CLIMATE SUMMARY FOR THE MONTH OF NOVEMBER 2017...

CLIMATE NORMAL PERIOD 1981 TO 2010
CLIMATE RECORD PERIOD 1895 TO 2017

WEATHER         OBSERVED          NORMAL  DEPART
                 VALUE   DATE(S)  VALUE   FROM
                                          NORMAL
................................................
TEMPERATURE (F)
RECORD
 HIGH              96   11/03/2009
                        11/02/1924
                        11/01/1924
 LOW               27   11/23/1931
HIGHEST            89   11/26        88       1
LOWEST             52   11/19        41      11
AVG. MAXIMUM     82.9R             75.5     7.4
AVG. MINIMUM     59.5R             52.7     6.8
MEAN             71.2R             64.1     7.1
DAYS MAX >= 90      0               0.9    -0.9
DAYS MAX <= 32      0               0.0     0.0
DAYS MIN <= 32      0               0.0     0.0
DAYS MIN <= 0       0               0.0     0.0

PRECIPITATION (INCHES)
RECORD
 MAXIMUM         3.61   1905
 MINIMUM         0.00   2014
                        2005
                        1999
TOTALS              T              0.65   -0.65
DAYS >= .01         0               2.6    -2.6
DAYS >= .10         0               1.4    -1.4
DAYS >= .50         0               0.4    -0.4
DAYS >= 1.00        0               0.1    -0.1
GREATEST
 24 HR. TOTAL       T   11/04 TO 11/04

DEGREE_DAYS
HEATING TOTAL       1                97     -96
 SINCE 7/1          1               103    -102
COOLING TOTAL     192                70     122
 SINCE 1/1       5193              4606     587
.................................................

WIND (MPH)
AVERAGE WIND SPEED              4.3
HIGHEST GUST SPEED/DIRECTION    24/320    DATE  11/01

AVERAGE RH (PERCENT)     34

WEATHER CONDITIONS. NUMBER OF DAYS WITH
THUNDERSTORM              0     HEAVY RAIN                 0
RAIN                      0     LIGHT RAIN                 1
FOG W/VIS <= 1/4 MILE     0

-  INDICATES NEGATIVE NUMBERS.
R  INDICATES RECORD WAS SET OR TIED.
MM INDICATES DATA IS MISSING.
T  INDICATES TRACE AMOUNT.

$$
