000
CXUS55 KPIH 011633
CLMPIH

CLIMATE REPORT
NATIONAL WEATHER SERVICE POCATELLO ID
1028 AM MDT MON SEP 1 2014

...................................

...THE POCATELLO CLIMATE SUMMARY FOR THE MONTH OF AUGUST 2014...

CLIMATE NORMAL PERIOD 1981 TO 2010
CLIMATE RECORD PERIOD 1939 TO 2014

WEATHER         OBSERVED          NORMAL  DEPART  LAST YEAR`S
                 VALUE   DATE(S)  VALUE   FROM    VALUE  DATE(S)
                                          NORMAL
................................................................
TEMPERATURE (F)
RECORD
 HIGH             104   08/08/1990
                        08/02/1969
 LOW               30   08/25/1992
HIGHEST            97   08/03       104      -7       99  08/15
LOWEST             46   08/26        30      16       45  08/14
AVG. MAXIMUM     82.5              87.1    -4.6     91.8
AVG. MINIMUM     52.4              50.7     1.7     52.7
MEAN             67.5              68.9    -1.4     72.2
DAYS MAX >= 90      8              11.9    -3.9       23
DAYS MAX <= 32      0               0.0     0.0        0
DAYS MIN <= 32      0               0.1    -0.1        0
DAYS MIN <= 0       0               0.0     0.0        0

PRECIPITATION (INCHES)
RECORD
 MAXIMUM         3.98   1968
 MINIMUM         0.00   2002
                        1998
                        1958
TOTALS           2.18              0.61    1.57     0.21
DAILY AVG.       0.07              0.02    0.05     0.01
DAYS >= .01        14               4.5     9.5        7
DAYS >= .10         8               1.9     6.1        1
DAYS >= .50         0               0.4    -0.4        0
DAYS >= 1.00        0               0.0     0.0        0
GREATEST
 24 HR. TOTAL    0.41   08/22 TO 08/22              0.12

SNOWFALL (INCHES)
RECORDS
 TOTAL            0.0   2010
                        2009
                        2008
TOTALS            0.0               0.0     0.0      0.0
SINCE 7/1         0.0               0.0     0.0      0.0
SNOWDEPTH AVG.      0                MM      MM        0
DAYS >= 1.0         0               0.0     0.0        0
GREATEST
 SNOW DEPTH         0   MM                             0  MM
 24 HR TOTAL      0.0   08/31 TO 08/31               0.0

DEGREE_DAYS
HEATING TOTAL      33                26       7        0
 SINCE 7/1         35                46     -11        0
COOLING TOTAL     119               147     -28      233
 SINCE 1/1        386               370      16      627
.................................................................

WIND (MPH)
AVERAGE WIND SPEED              7.4
HIGHEST WIND SPEED/DIRECTION    37/310    DATE  08/08
HIGHEST GUST SPEED/DIRECTION    45/260    DATE  08/12

SKY COVER
POSSIBLE SUNSHINE (PERCENT)   MM
AVERAGE SKY COVER           0.30
NUMBER OF DAYS FAIR           19
NUMBER OF DAYS PC              9
NUMBER OF DAYS CLOUDY          3

AVERAGE RH (PERCENT)     62

WEATHER CONDITIONS. NUMBER OF DAYS WITH
THUNDERSTORM             12     MIXED PRECIP               0
HEAVY RAIN                1     RAIN                       6
LIGHT RAIN               16     FREEZING RAIN              0
LT FREEZING RAIN          0     HAIL                       0
HEAVY SNOW                0     SNOW                       0
LIGHT SNOW                0     SLEET                      0
FOG                       9     FOG W/VIS <= 1/4 MILE      0
HAZE                      5

-  INDICATES NEGATIVE NUMBERS.
R  INDICATES RECORD WAS SET OR TIED.
MM INDICATES DATA IS MISSING.
T  INDICATES TRACE AMOUNT.

4TH: 0.30" OF RAINFALL BREAKS PREVIOUS RECORD 0.13" SET IN 1948.
6TH: 0.24" RAINFALL BREAKS PREVIOUS RECORD 0.11 SET IN 1943.

$$
