000
CXUS54 KMOB 010817
CLMPNS


CLIMATE REPORT
NATIONAL WEATHER SERVICE MOBILE AL
300 AM CDT FRI JUL 1 2016

...................................

...THE PENSACOLA CLIMATE SUMMARY FOR THE MONTH OF JUNE 2016...

CLIMATE NORMAL PERIOD 1981 TO 2010
CLIMATE RECORD PERIOD 1879 TO 2016

WEATHER         OBSERVED          NORMAL  DEPART  LAST YEAR`S
                 VALUE   DATE(S)  VALUE   FROM    VALUE  DATE(S)
                                          NORMAL
................................................................
TEMPERATURE (F)
RECORD
 HIGH             102   06/04/2011
                        06/23/2009
 LOW               55   06/11/1913
                        06/01/1889
HIGHEST            95   06/17                         94  06/22
                        06/13
                        06/08
LOWEST             70   06/21                         69  06/03
                                                          06/02
AVG. MAXIMUM     90.0              88.5     1.5     88.2
AVG. MINIMUM     74.2              72.5     1.7     73.4
MEAN             82.1              80.5     1.6     80.8
DAYS MAX >= 90     15              10.3     4.7       11
DAYS MAX <= 32      0               0.0     0.0        0
DAYS MIN <= 32      0               0.0     0.0        0
DAYS MIN <= 0       0               0.0     0.0        0

PRECIPITATION (INCHES)
RECORD
 MAXIMUM        13.13   2012
TOTALS           7.65              6.60    1.05     4.10
DAILY AVG.       0.26              0.22    0.04     0.14
DAYS >= .01        13              11.1     1.9       12
DAYS >= .10        10               8.1     1.9        9
DAYS >= .50         3               3.8    -0.8        3
DAYS >= 1.00        2               1.9     0.1        1
GREATEST
 24 HR. TOTAL    2.98   06/04 TO 06/04

DEGREE_DAYS
COOLING TOTAL     521               465      56      483
 SINCE 1/1       1117               913     204     1136
.................................................................

WIND (MPH)
AVERAGE WIND SPEED              6.6
HIGHEST WIND SPEED/DIRECTION    30/010    DATE  06/17
HIGHEST GUST SPEED/DIRECTION    42/010    DATE  06/17

SKY COVER
POSSIBLE SUNSHINE (PERCENT)
AVERAGE SKY COVER           0.20
NUMBER OF DAYS FAIR           27
NUMBER OF DAYS PC              3
NUMBER OF DAYS CLOUDY          0

AVERAGE RH (PERCENT)     70

WEATHER CONDITIONS. NUMBER OF DAYS WITH
THUNDERSTORM             14     MIXED PRECIP               0
HEAVY RAIN                8     RAIN                       8
LIGHT RAIN               14     FREEZING RAIN              0
LT FREEZING RAIN          0     HAIL                       0
HEAVY SNOW                0     SNOW                       0
LIGHT SNOW                0     SLEET                      0
FOG                      13     FOG W/VIS <= 1/4 MILE      0
HAZE                      1

-  INDICATES NEGATIVE NUMBERS.
R  INDICATES RECORD WAS SET OR TIED.
MM INDICATES DATA IS MISSING.
T  INDICATES TRACE AMOUNT.

$$
