000
CXUS54 KMOB 010754
CLMPNS


CLIMATE REPORT
NATIONAL WEATHER SERVICE MOBILE AL
244 AM CDT TUE JUL 1 2014

...................................

...THE PENSACOLA CLIMATE SUMMARY FOR THE MONTH OF JUNE 2014...

CLIMATE NORMAL PERIOD 1981 TO 2010
CLIMATE RECORD PERIOD 1879 TO 2014

WEATHER         OBSERVED          NORMAL  DEPART  LAST YEAR`S
                 VALUE   DATE(S)  VALUE   FROM    VALUE  DATE(S)
                                          NORMAL
................................................................
TEMPERATURE (F)
RECORD
 HIGH             102   06/04/2011
                        06/23/2009

 LOW               55   06/11/1913
                        06/01/1889
HIGHEST            94   06/08                         96  06/28
LOWEST             68   06/14                         68  06/06
AVG. MAXIMUM     88.6              88.5     0.1     89.1
AVG. MINIMUM     73.0              72.5     0.5     74.6
MEAN             80.8              80.5     0.3     81.9
DAYS MAX >= 90     14              10.3     3.7       13
DAYS MAX <= 32      0               0.0     0.0        0
DAYS MIN <= 32      0               0.0     0.0        0
DAYS MIN <= 0       0               0.0     0.0        0

PRECIPITATION (INCHES)

TOTALS           3.26              6.60   -3.34     8.35
DAILY AVG.       0.11              0.22   -0.11     0.28
DAYS >= .01        12              11.1     0.9       15
DAYS >= .10         9               8.1     0.9       10
DAYS >= .50         1               3.8    -2.8        5
DAYS >= 1.00        0               1.9    -1.9        2
GREATEST
 24 HR. TOTAL    1.27   06/10 TO 06/11

DEGREE_DAYS
COOLING TOTAL     479               465      14      514
 SINCE 1/1        930               913      17      956
.................................................................

WIND (MPH)
AVERAGE WIND SPEED              7.2
HIGHEST WIND SPEED/DIRECTION    25/340    DATE  06/20
HIGHEST GUST SPEED/DIRECTION    38/250    DATE  06/10

SKY COVER
POSSIBLE SUNSHINE (PERCENT)   MM
AVERAGE SKY COVER           0.20
NUMBER OF DAYS FAIR           25
NUMBER OF DAYS PC              4
NUMBER OF DAYS CLOUDY          1

AVERAGE RH (PERCENT)     75

WEATHER CONDITIONS. NUMBER OF DAYS WITH
THUNDERSTORM             13     MIXED PRECIP               0
HEAVY RAIN                8     RAIN                       6
LIGHT RAIN               15     FREEZING RAIN              0
LT FREEZING RAIN          0     HAIL                       0
HEAVY SNOW                0     SNOW                       0
LIGHT SNOW                0     SLEET                      0
FOG                       9     FOG W/VIS <= 1/4 MILE      0
HAZE                      4

-  INDICATES NEGATIVE NUMBERS.
R  INDICATES RECORD WAS SET OR TIED.
MM INDICATES DATA IS MISSING.
T  INDICATES TRACE AMOUNT.

$$
