000
CXUS46 KLOX 072339
CLMPRB


CLIMATE REPORT
NATIONAL WEATHER SERVICE LOS ANGELES/OXNARD CA
339 PM PST WED FEB 7 2018

...................................

...THE PASO ROBLES AIRPORT CA CLIMATE SUMMARY FOR THE MONTH OF JANUARY 2018...

CLIMATE NORMAL PERIOD 1981 TO 2010
CLIMATE RECORD PERIOD 1948 TO 2018

WEATHER         OBSERVED          NORMAL  DEPART  LAST YEAR`S
                 VALUE   DATE(S)  VALUE   FROM    VALUE
                                          NORMAL
.............................................................
TEMPERATURE (F)
HIGHEST            79   01/29
LOWEST             28   01/21
AVG. MAXIMUM     65.9              59.5     6.4
AVG. MINIMUM     39.2              34.9     4.3
MEAN             52.6              47.2     5.4
DAYS MAX >= 90      0
DAYS MAX <= 32      0
DAYS MIN <= 32      7
DAYS MIN <= 0       0

PRECIPITATION (INCHES)
TOTALS           2.03              2.75   -0.72
DAILY AVG.       0.07
DAYS >= .01         7
DAYS >= .10         3
DAYS >= .50         2
DAYS >= 1.00        1
GREATEST
 24 HR. TOTAL    1.12   01/09 TO 01/09
 STORM TOTAL       MM
 (MM/DD(HH))

DEGREE_DAYS
HEATING TOTAL     376               552    -176      522
 SINCE 7/1       1280              1676    -396     1435
COOLING TOTAL       0                 0       0        0
 SINCE 1/1          0                 0       0        0
..............................................................

WIND (MPH)
AVERAGE WIND SPEED              4.4
HIGHEST WIND SPEED/DIRECTION    58/210    DATE  01/06
HIGHEST GUST SPEED/DIRECTION    29/190    DATE  01/08

SKY COVER
POSSIBLE SUNSHINE (PERCENT)   MM
AVERAGE SKY COVER           0.30
NUMBER OF DAYS FAIR           16
NUMBER OF DAYS PC              5
NUMBER OF DAYS CLOUDY          5

AVERAGE RH (PERCENT)     72

WEATHER CONDITIONS. NUMBER OF DAYS WITH
THUNDERSTORM              0     MIXED PRECIP               0
HEAVY RAIN                2     RAIN                       3
LIGHT RAIN                7     FREEZING RAIN              0
LT FREEZING RAIN          0     HAIL                       0
HEAVY SNOW                0     SNOW                       0
LIGHT SNOW                0     SLEET                      0
FOG                      15     FOG W/VIS <= 1/4 MILE      8
HAZE                      5

-  INDICATES NEGATIVE NUMBERS.
R  INDICATES RECORD WAS SET OR TIED.
MM INDICATES DATA IS MISSING.
T  INDICATES TRACE AMOUNT.

$$
